CREATE TABLE IF NOT EXISTS `contenance_bornage` (
  `id` int NOT NULL AUTO_INCREMENT,
  `oui` tinyint(1) DEFAULT NULL,
  `non` tinyint(1) DEFAULT NULL,
  `bornage_en_cour` tinyint(1) DEFAULT NULL,
  `ne_sais_pas` tinyint(1) DEFAULT NULL,
  `terrain_id` int DEFAULT NULL,
  `name` varchar(255) CHARACTER SET utf8mb4 COLLATE utf8mb4_unicode_ci DEFAULT NULL,
  PRIMARY KEY (`id`),
  KEY `IDX_44DF503A8A2D8B41` (`terrain_id`)
) ENGINE=InnoDB AUTO_INCREMENT=11 DEFAULT CHARSET=utf8mb4 COLLATE=utf8mb4_unicode_ci;

-- --------------------------------------------------------

--
-- Structure de la table `contenance_cadastrale`
--

CREATE TABLE IF NOT EXISTS `contenance_cadastrale` (
  `id` int NOT NULL AUTO_INCREMENT,
  `terrain_id` int DEFAULT NULL,
  `content` longtext CHARACTER SET utf8mb4 COLLATE utf8mb4_unicode_ci,
  PRIMARY KEY (`id`),
  KEY `IDX_8E3E2678A2D8B41` (`terrain_id`)
) ENGINE=InnoDB AUTO_INCREMENT=22 DEFAULT CHARSET=utf8mb4 COLLATE=utf8mb4_unicode_ci;

-- --------------------------------------------------------

--
-- Structure de la table `cours_eau_terrain`
--

CREATE TABLE IF NOT EXISTS `cours_eau_terrain` (
  `id` int NOT NULL AUTO_INCREMENT,
  `terrain_id` int DEFAULT NULL,
  `cours_deau` tinyint(1) DEFAULT NULL,
  PRIMARY KEY (`id`),
  KEY `IDX_55BE6F798A2D8B41` (`terrain_id`)
) ENGINE=InnoDB AUTO_INCREMENT=5 DEFAULT CHARSET=utf8mb4 COLLATE=utf8mb4_unicode_ci;

-- --------------------------------------------------------

--
-- Structure de la table `cour_eau_limite_terrain`
--

CREATE TABLE IF NOT EXISTS `cour_eau_limite_terrain` (
  `id` int NOT NULL AUTO_INCREMENT,
  `terrain_id` int DEFAULT NULL,
  `oui` tinyint(1) DEFAULT NULL,
  `metres` longtext CHARACTER SET utf8mb4 COLLATE utf8mb4_unicode_ci,
  PRIMARY KEY (`id`),
  KEY `IDX_2A2ACB328A2D8B41` (`terrain_id`)
) ENGINE=InnoDB AUTO_INCREMENT=5 DEFAULT CHARSET=utf8mb4 COLLATE=utf8mb4_unicode_ci;

-- --------------------------------------------------------

--
-- Structure de la table `demenbrement_prop`
--

CREATE TABLE IF NOT EXISTS `demenbrement_prop` (
  `id` int NOT NULL AUTO_INCREMENT,
  `terrain_id` int DEFAULT NULL,
  `oui` tinyint(1) DEFAULT NULL,
  PRIMARY KEY (`id`),
  KEY `IDX_D7DCF5968A2D8B41` (`terrain_id`)
) ENGINE=InnoDB AUTO_INCREMENT=12 DEFAULT CHARSET=utf8mb4 COLLATE=utf8mb4_unicode_ci;

-- --------------------------------------------------------

--
-- Structure de la table `densite`
--

CREATE TABLE IF NOT EXISTS `densite` (
  `id` int NOT NULL AUTO_INCREMENT,
  `name` varchar(255) CHARACTER SET utf8mb4 COLLATE utf8mb4_unicode_ci DEFAULT NULL,
  PRIMARY KEY (`id`)
) ENGINE=InnoDB AUTO_INCREMENT=4 DEFAULT CHARSET=utf8mb4 COLLATE=utf8mb4_unicode_ci;

--
-- Déchargement des données de la table `densite`
--

INSERT INTO `densite` (`id`, `name`) VALUES
(1, 'Dense'),
(2, 'Peu dense'),
(3, 'Peu dense');

-- --------------------------------------------------------

--
-- Structure de la table `deplacement`
--

CREATE TABLE IF NOT EXISTS `deplacement` (
  `id` int NOT NULL AUTO_INCREMENT,
  `tache_id` int DEFAULT NULL,
  `statut_id` int DEFAULT NULL,
  `lieu` longtext CHARACTER SET utf8mb4 COLLATE utf8mb4_unicode_ci,
  `date` datetime DEFAULT NULL,
  `duree` time DEFAULT NULL,
  `cout` decimal(10,2) DEFAULT NULL,
  `cout_peage` decimal(10,2) DEFAULT NULL,
  `cout_carburant` decimal(10,2) DEFAULT NULL,
  `observation` longtext CHARACTER SET utf8mb4 COLLATE utf8mb4_unicode_ci,
  `payer` tinyint(1) NOT NULL,
  `kilometrage_depart` decimal(10,0) DEFAULT NULL,
  `kilometrage_arrive` decimal(10,0) DEFAULT NULL,
  PRIMARY KEY (`id`),
  KEY `IDX_1296FAC2D2235D39` (`tache_id`),
  KEY `IDX_1296FAC2F6203804` (`statut_id`)
) ENGINE=InnoDB DEFAULT CHARSET=utf8mb4 COLLATE=utf8mb4_unicode_ci;

-- --------------------------------------------------------

--
-- Structure de la table `devis`
--

CREATE TABLE IF NOT EXISTS `devis` (
  `id` int NOT NULL AUTO_INCREMENT,
  `name` varchar(255) CHARACTER SET utf8mb4 COLLATE utf8mb4_unicode_ci NOT NULL,
  `date` datetime DEFAULT NULL,
  `projet_id` int DEFAULT NULL,
  PRIMARY KEY (`id`),
  KEY `IDX_8B27C52BC18272` (`projet_id`)
) ENGINE=InnoDB AUTO_INCREMENT=5 DEFAULT CHARSET=utf8mb4 COLLATE=utf8mb4_unicode_ci;

-- --------------------------------------------------------

--
-- Structure de la table `doctrine_migration_versions`
--

CREATE TABLE IF NOT EXISTS `doctrine_migration_versions` (
  `version` varchar(191) CHARACTER SET utf8mb3 COLLATE utf8mb3_unicode_ci NOT NULL,
  `executed_at` datetime DEFAULT NULL,
  `execution_time` int DEFAULT NULL,
  PRIMARY KEY (`version`)
) ENGINE=InnoDB DEFAULT CHARSET=utf8mb3 COLLATE=utf8mb3_unicode_ci;

--
-- Déchargement des données de la table `doctrine_migration_versions`
--

INSERT INTO `doctrine_migration_versions` (`version`, `executed_at`, `execution_time`) VALUES
('DoctrineMigrations\\Version20240814141300', '2024-08-14 14:13:10', 185),
('DoctrineMigrations\\Version20240814141656', '2024-08-14 14:17:02', 128),
('DoctrineMigrations\\Version20240816134359', '2024-08-16 13:44:07', 123),
('DoctrineMigrations\\Version20240819085828', '2024-08-19 08:58:39', 121),
('DoctrineMigrations\\Version20240819090836', '2024-08-19 09:08:44', 140),
('DoctrineMigrations\\Version20240819091112', '2024-08-19 09:11:19', 22),
('DoctrineMigrations\\Version20240819131558', '2024-08-19 13:16:09', 309),
('DoctrineMigrations\\Version20240819150345', '2024-08-19 15:03:57', 203),
('DoctrineMigrations\\Version20240820092633', '2024-08-20 09:26:40', 194),
('DoctrineMigrations\\Version20240923091655', '2024-09-23 09:17:07', 121),
('DoctrineMigrations\\Version20240923123551', '2024-09-23 12:35:58', 54),
('DoctrineMigrations\\Version20240923132559', '2024-09-23 13:26:11', 75),
('DoctrineMigrations\\Version20240925145155', '2024-09-25 14:52:05', 128);

-- --------------------------------------------------------

--
-- Structure de la table `document`
--

CREATE TABLE IF NOT EXISTS `document` (
  `id` int NOT NULL AUTO_INCREMENT,
  `tache_id` int DEFAULT NULL,
  `name` varchar(500) CHARACTER SET utf8mb4 COLLATE utf8mb4_unicode_ci NOT NULL,
  `cout_achat_document` decimal(10,2) DEFAULT NULL,
  `cout_document_commande` decimal(10,2) DEFAULT NULL,
  `cout_document_produit` decimal(10,2) DEFAULT NULL,
  `date` datetime DEFAULT NULL,
  `payer` tinyint(1) NOT NULL,
  PRIMARY KEY (`id`),
  KEY `IDX_D8698A76D2235D39` (`tache_id`)
) ENGINE=InnoDB DEFAULT CHARSET=utf8mb4 COLLATE=utf8mb4_unicode_ci;

-- --------------------------------------------------------

--
-- Structure de la table `doc_local_urbanisme`
--

CREATE TABLE IF NOT EXISTS `doc_local_urbanisme` (
  `id` int NOT NULL AUTO_INCREMENT,
  `terrain_id` int DEFAULT NULL,
  `type_id` int DEFAULT NULL,
  `date_approbation` datetime DEFAULT NULL COMMENT '(DC2Type:datetime_immutable)',
  `version_consulte` varchar(255) CHARACTER SET utf8mb4 COLLATE utf8mb4_unicode_ci DEFAULT NULL,
  `date_consultation` datetime DEFAULT NULL COMMENT '(DC2Type:datetime_immutable)',
  `remarques` longtext CHARACTER SET utf8mb4 COLLATE utf8mb4_unicode_ci,
  PRIMARY KEY (`id`),
  KEY `IDX_B0D9BF9D8A2D8B41` (`terrain_id`),
  KEY `IDX_B0D9BF9DC54C8C93` (`type_id`)
) ENGINE=InnoDB AUTO_INCREMENT=3 DEFAULT CHARSET=utf8mb4 COLLATE=utf8mb4_unicode_ci;

-- --------------------------------------------------------

--
-- Structure de la table `email`
--

CREATE TABLE IF NOT EXISTS `email` (
  `id` int NOT NULL AUTO_INCREMENT,
  `contact_id` int DEFAULT NULL,
  `email` varchar(255) CHARACTER SET utf8mb4 COLLATE utf8mb4_unicode_ci NOT NULL,
  `statut_id` int DEFAULT NULL,
  PRIMARY KEY (`id`),
  KEY `IDX_E7927C74E7A1254A` (`contact_id`),
  KEY `IDX_E7927C74F6203804` (`statut_id`)
) ENGINE=InnoDB AUTO_INCREMENT=10 DEFAULT CHARSET=utf8mb4 COLLATE=utf8mb4_unicode_ci;

--
-- Déchargement des données de la table `email`
--

INSERT INTO `email` (`id`, `contact_id`, `email`, `statut_id`) VALUES
(5, 1, '109archi@gmail.com', 1),
(9, 201, 'joris@live.fr', 1);

-- --------------------------------------------------------

--
-- Structure de la table `entreprise`
--

CREATE TABLE IF NOT EXISTS `entreprise` (
  `id` int NOT NULL AUTO_INCREMENT,
  `statut_id` int NOT NULL,
  `raison_sociale` longtext CHARACTER SET utf8mb4 COLLATE utf8mb4_unicode_ci NOT NULL,
  `siret` varchar(500) CHARACTER SET utf8mb4 COLLATE utf8mb4_unicode_ci DEFAULT NULL,
  `naf` varchar(255) CHARACTER SET utf8mb4 COLLATE utf8mb4_unicode_ci DEFAULT NULL,
  PRIMARY KEY (`id`),
  KEY `IDX_D19FA60F6203804` (`statut_id`)
) ENGINE=InnoDB DEFAULT CHARSET=utf8mb4 COLLATE=utf8mb4_unicode_ci;

-- --------------------------------------------------------

--
-- Structure de la table `environement`
--

CREATE TABLE IF NOT EXISTS `environement` (
  `id` int NOT NULL AUTO_INCREMENT,
  `env_de_type_id` int DEFAULT NULL,
  `bati_environant_id` int DEFAULT NULL,
  `env_perimetre_id` int DEFAULT NULL,
  `env_nuisances_sonores_id` int DEFAULT NULL,
  `env_reseaux_transport_id` int DEFAULT NULL,
  `env_com_serv_id` int DEFAULT NULL,
  `env_equipement_public_id` int DEFAULT NULL,
  `observation` longtext CHARACTER SET utf8mb4 COLLATE utf8mb4_unicode_ci,
  `autres_nuisances` longtext CHARACTER SET utf8mb4 COLLATE utf8mb4_unicode_ci,
  PRIMARY KEY (`id`),
  KEY `IDX_19F04B86173F91FD` (`env_de_type_id`),
  KEY `IDX_19F04B8642F9133D` (`bati_environant_id`),
  KEY `IDX_19F04B862F35B472` (`env_perimetre_id`),
  KEY `IDX_19F04B86F932F33C` (`env_nuisances_sonores_id`),
  KEY `IDX_19F04B86503E9859` (`env_reseaux_transport_id`),
  KEY `IDX_19F04B86ACDD68CD` (`env_com_serv_id`),
  KEY `IDX_19F04B86950E4556` (`env_equipement_public_id`)
) ENGINE=InnoDB DEFAULT CHARSET=utf8mb4 COLLATE=utf8mb4_unicode_ci;

-- --------------------------------------------------------

--
-- Structure de la table `env_autre_nuisances`
--

CREATE TABLE IF NOT EXISTS `env_autre_nuisances` (
  `id` int NOT NULL AUTO_INCREMENT,
  `content` longtext CHARACTER SET utf8mb4 COLLATE utf8mb4_unicode_ci,
  `terrain_id` int DEFAULT NULL,
  PRIMARY KEY (`id`),
  KEY `IDX_BD47D8BB8A2D8B41` (`terrain_id`)
) ENGINE=InnoDB AUTO_INCREMENT=5 DEFAULT CHARSET=utf8mb4 COLLATE=utf8mb4_unicode_ci;

-- --------------------------------------------------------

--
-- Structure de la table `env_commerces`
--

CREATE TABLE IF NOT EXISTS `env_commerces` (
  `id` int NOT NULL AUTO_INCREMENT,
  `terrain_id` int DEFAULT NULL,
  `rayon` varchar(255) CHARACTER SET utf8mb4 COLLATE utf8mb4_unicode_ci DEFAULT NULL,
  `commerceproximite` tinyint(1) DEFAULT NULL,
  `epicerie_supermarche_marche` tinyint(1) DEFAULT NULL,
  `cafe_restau_bar` tinyint(1) DEFAULT NULL,
  `banque_dab` tinyint(1) DEFAULT NULL,
  `station_service` tinyint(1) DEFAULT NULL,
  `poste` tinyint(1) DEFAULT NULL,
  `pharmacie` tinyint(1) DEFAULT NULL,
  `medecin_maison_medicaleprofessions` tinyint(1) DEFAULT NULL,
  PRIMARY KEY (`id`),
  KEY `IDX_BA9EB14C8A2D8B41` (`terrain_id`)
) ENGINE=InnoDB AUTO_INCREMENT=6 DEFAULT CHARSET=utf8mb4 COLLATE=utf8mb4_unicode_ci;

-- --------------------------------------------------------

--
-- Structure de la table `env_com_serv`
--

CREATE TABLE IF NOT EXISTS `env_com_serv` (
  `id` int NOT NULL AUTO_INCREMENT,
  `statut` longtext CHARACTER SET utf8mb4 COLLATE utf8mb4_unicode_ci,
  `rayon` decimal(10,0) DEFAULT NULL,
  PRIMARY KEY (`id`)
) ENGINE=InnoDB AUTO_INCREMENT=8 DEFAULT CHARSET=utf8mb4 COLLATE=utf8mb4_unicode_ci;

--
-- Déchargement des données de la table `env_com_serv`
--

INSERT INTO `env_com_serv` (`id`, `statut`, `rayon`) VALUES
(1, 'Commerces de proximité', NULL),
(2, 'Epicerie/supermarché/marché Hebdomadaire', NULL),
(3, 'Café / Restaurant / bar', NULL),
(4, 'Banque / DAB', NULL),
(5, 'Poste', NULL),
(6, 'Pharmacie', NULL),
(7, 'Médecin / maison médicale /professions médicales et parapharmacies', NULL);

-- --------------------------------------------------------

--
-- Structure de la table `env_de_type`
--

CREATE TABLE IF NOT EXISTS `env_de_type` (
  `id` int NOT NULL AUTO_INCREMENT,
  `terrain_id` int DEFAULT NULL,
  `urbain` tinyint(1) DEFAULT NULL,
  `peri_urbain` tinyint(1) DEFAULT NULL,
  `rural` tinyint(1) DEFAULT NULL,
  PRIMARY KEY (`id`),
  KEY `IDX_BA8CC2508A2D8B41` (`terrain_id`)
) ENGINE=InnoDB AUTO_INCREMENT=9 DEFAULT CHARSET=utf8mb4 COLLATE=utf8mb4_unicode_ci;

-- --------------------------------------------------------

--
-- Structure de la table `env_equipement_public`
--

CREATE TABLE IF NOT EXISTS `env_equipement_public` (
  `id` int NOT NULL AUTO_INCREMENT,
  `statut` longtext CHARACTER SET utf8mb4 COLLATE utf8mb4_unicode_ci,
  `rayon` longtext CHARACTER SET utf8mb4 COLLATE utf8mb4_unicode_ci,
  `terrain_id` int DEFAULT NULL,
  `creche_ecole_collegue_lycee` tinyint(1) DEFAULT NULL,
  `bibliotheque` tinyint(1) DEFAULT NULL,
  `maisondes_associations` tinyint(1) DEFAULT NULL,
  `equipement_sportifs` tinyint(1) DEFAULT NULL,
  PRIMARY KEY (`id`),
  KEY `IDX_BA7F9EA78A2D8B41` (`terrain_id`)
) ENGINE=InnoDB AUTO_INCREMENT=11 DEFAULT CHARSET=utf8mb4 COLLATE=utf8mb4_unicode_ci;

-- --------------------------------------------------------

--
-- Structure de la table `env_nuisances_sonores`
--

CREATE TABLE IF NOT EXISTS `env_nuisances_sonores` (
  `id` int NOT NULL AUTO_INCREMENT,
  `terrain_id` int DEFAULT NULL,
  `chemin_de_fer` tinyint(1) DEFAULT NULL,
  `metre_chemain_de_fer` varchar(255) CHARACTER SET utf8mb4 COLLATE utf8mb4_unicode_ci DEFAULT NULL,
  `autoroute` tinyint(1) DEFAULT NULL,
  `metre_autoroute` varchar(255) CHARACTER SET utf8mb4 COLLATE utf8mb4_unicode_ci DEFAULT NULL,
  `aeroport` tinyint(1) DEFAULT NULL,
  `metre_aeroport` varchar(255) CHARACTER SET utf8mb4 COLLATE utf8mb4_unicode_ci DEFAULT NULL,
  `activite_industrielle` tinyint(1) DEFAULT NULL,
  `metre_actind` varchar(255) CHARACTER SET utf8mb4 COLLATE utf8mb4_unicode_ci DEFAULT NULL,
  PRIMARY KEY (`id`),
  KEY `IDX_654D71ED8A2D8B41` (`terrain_id`)
) ENGINE=InnoDB AUTO_INCREMENT=9 DEFAULT CHARSET=utf8mb4 COLLATE=utf8mb4_unicode_ci;

-- --------------------------------------------------------

--
-- Structure de la table `env_observation`
--

CREATE TABLE IF NOT EXISTS `env_observation` (
  `id` int NOT NULL AUTO_INCREMENT,
  `terrain_id` int DEFAULT NULL,
  `content` longtext CHARACTER SET utf8mb4 COLLATE utf8mb4_unicode_ci,
  PRIMARY KEY (`id`),
  KEY `IDX_1B232E0E8A2D8B41` (`terrain_id`)
) ENGINE=InnoDB DEFAULT CHARSET=utf8mb4 COLLATE=utf8mb4_unicode_ci;

-- --------------------------------------------------------

--
-- Structure de la table `env_perimetre`
--

CREATE TABLE IF NOT EXISTS `env_perimetre` (
  `id` int NOT NULL AUTO_INCREMENT,
  `terrain_id` int DEFAULT NULL,
  `de_lotissement` tinyint(1) DEFAULT NULL,
  `de_zac` tinyint(1) DEFAULT NULL,
  `zone_parc_activite` tinyint(1) DEFAULT NULL,
  `ne_sait_pas` tinyint(1) DEFAULT NULL,
  PRIMARY KEY (`id`),
  KEY `IDX_A194DDD48A2D8B41` (`terrain_id`)
) ENGINE=InnoDB AUTO_INCREMENT=12 DEFAULT CHARSET=utf8mb4 COLLATE=utf8mb4_unicode_ci;

-- --------------------------------------------------------

--
-- Structure de la table `env_reseaux_transport`
--

CREATE TABLE IF NOT EXISTS `env_reseaux_transport` (
  `id` int NOT NULL AUTO_INCREMENT,
  `terrain_id` int DEFAULT NULL,
  `reseau_tranport_en_commun` tinyint(1) DEFAULT NULL,
  `metre_transport_commun` varchar(255) CHARACTER SET utf8mb4 COLLATE utf8mb4_unicode_ci DEFAULT NULL,
  `piste_cyclable` tinyint(1) DEFAULT NULL,
  `metre_cyclable` varchar(255) CHARACTER SET utf8mb4 COLLATE utf8mb4_unicode_ci DEFAULT NULL,
  `princ_axes_routiers` tinyint(1) DEFAULT NULL,
  `metre_axe_routier` varchar(255) CHARACTER SET utf8mb4 COLLATE utf8mb4_unicode_ci DEFAULT NULL,
  `gare` tinyint(1) DEFAULT NULL,
  `metre_gare` varchar(255) CHARACTER SET utf8mb4 COLLATE utf8mb4_unicode_ci DEFAULT NULL,
  `aeroport` tinyint(1) DEFAULT NULL,
  `metre_aeroport` varchar(255) CHARACTER SET utf8mb4 COLLATE utf8mb4_unicode_ci DEFAULT NULL,
  PRIMARY KEY (`id`),
  KEY `IDX_11AE42B08A2D8B41` (`terrain_id`)
) ENGINE=InnoDB AUTO_INCREMENT=14 DEFAULT CHARSET=utf8mb4 COLLATE=utf8mb4_unicode_ci;

-- --------------------------------------------------------

--
-- Structure de la table `espace_libre`
--

CREATE TABLE IF NOT EXISTS `espace_libre` (
  `id` int NOT NULL AUTO_INCREMENT,
  `terrain_id` int DEFAULT NULL,
  `content` longtext CHARACTER SET utf8mb4 COLLATE utf8mb4_unicode_ci,
  PRIMARY KEY (`id`),
  KEY `IDX_1AE934EA8A2D8B41` (`terrain_id`)
) ENGINE=InnoDB AUTO_INCREMENT=3 DEFAULT CHARSET=utf8mb4 COLLATE=utf8mb4_unicode_ci;

-- --------------------------------------------------------

--
-- Structure de la table `etat`
--

CREATE TABLE IF NOT EXISTS `etat` (
  `id` int NOT NULL AUTO_INCREMENT,
  `etat` varchar(255) CHARACTER SET utf8mb4 COLLATE utf8mb4_unicode_ci NOT NULL,
  PRIMARY KEY (`id`)
) ENGINE=InnoDB AUTO_INCREMENT=7 DEFAULT CHARSET=utf8mb4 COLLATE=utf8mb4_unicode_ci;

--
-- Déchargement des données de la table `etat`
--

INSERT INTO `etat` (`id`, `etat`) VALUES
(1, 'à construire'),
(2, 'à rénover'),
(3, 'à détruire'),
(4, 'à trouver'),
(5, 'à acheter'),
(6, 'à vendre');

-- --------------------------------------------------------

--
-- Structure de la table `etat_des_lieux`
--

CREATE TABLE IF NOT EXISTS `etat_des_lieux` (
  `id` int NOT NULL AUTO_INCREMENT,
  `statut_id` int NOT NULL,
  `created_at` datetime NOT NULL COMMENT '(DC2Type:datetime_immutable)',
  `observation` longtext CHARACTER SET utf8mb4 COLLATE utf8mb4_unicode_ci,
  PRIMARY KEY (`id`),
  KEY `IDX_F7210312F6203804` (`statut_id`)
) ENGINE=InnoDB DEFAULT CHARSET=utf8mb4 COLLATE=utf8mb4_unicode_ci;

-- --------------------------------------------------------

--
-- Structure de la table `forfait`
--

CREATE TABLE IF NOT EXISTS `forfait` (
  `id` int NOT NULL AUTO_INCREMENT,
  `tache_id` int NOT NULL,
  `description` longtext CHARACTER SET utf8mb4 COLLATE utf8mb4_unicode_ci,
  `prix` decimal(10,2) NOT NULL,
  `date` datetime NOT NULL,
  `payer` tinyint(1) NOT NULL,
  `date_reglement` date DEFAULT NULL,
  PRIMARY KEY (`id`),
  KEY `IDX_BBB5C482D2235D39` (`tache_id`)
) ENGINE=InnoDB DEFAULT CHARSET=utf8mb4 COLLATE=utf8mb4_unicode_ci;

-- --------------------------------------------------------

--
-- Structure de la table `haut_max_const`
--

CREATE TABLE IF NOT EXISTS `haut_max_const` (
  `id` int NOT NULL AUTO_INCREMENT,
  `terrain_id` int DEFAULT NULL,
  `gabarit_max` tinyint(1) DEFAULT NULL,
  `hauteur_max` tinyint(1) DEFAULT NULL,
  `r` decimal(10,0) DEFAULT NULL,
  `h_max` decimal(10,0) DEFAULT NULL,
  `a_legout` tinyint(1) DEFAULT NULL,
  `faitage` tinyint(1) DEFAULT NULL,
  PRIMARY KEY (`id`),
  KEY `IDX_388190198A2D8B41` (`terrain_id`)
) ENGINE=InnoDB AUTO_INCREMENT=4 DEFAULT CHARSET=utf8mb4 COLLATE=utf8mb4_unicode_ci;

-- --------------------------------------------------------

--
-- Structure de la table `hebergement`
--

CREATE TABLE IF NOT EXISTS `hebergement` (
  `id` int NOT NULL AUTO_INCREMENT,
  `tache_id` int DEFAULT NULL,
  `nuit` int NOT NULL,
  `cout_nuit_unitaire` decimal(5,2) NOT NULL,
  `lieu` longtext CHARACTER SET utf8mb4 COLLATE utf8mb4_unicode_ci,
  `date` date NOT NULL,
  `payer` tinyint(1) NOT NULL,
  PRIMARY KEY (`id`),
  KEY `IDX_4852DD9CD2235D39` (`tache_id`)
) ENGINE=InnoDB DEFAULT CHARSET=utf8mb4 COLLATE=utf8mb4_unicode_ci;

-- --------------------------------------------------------

--
-- Structure de la table `historique`
--

CREATE TABLE IF NOT EXISTS `historique` (
  `id` int NOT NULL AUTO_INCREMENT,
  `contact_id` int DEFAULT NULL,
  `entreprise_id` int DEFAULT NULL,
  `historique` longtext CHARACTER SET utf8mb4 COLLATE utf8mb4_unicode_ci,
  `title` varchar(500) CHARACTER SET utf8mb4 COLLATE utf8mb4_unicode_ci NOT NULL,
  `created_at` datetime NOT NULL COMMENT '(DC2Type:datetime_immutable)',
  `projet_id` int DEFAULT NULL,
  PRIMARY KEY (`id`),
  KEY `IDX_EDBFD5ECE7A1254A` (`contact_id`),
  KEY `IDX_EDBFD5ECA4AEAFEA` (`entreprise_id`),
  KEY `IDX_EDBFD5ECC18272` (`projet_id`)
) ENGINE=InnoDB AUTO_INCREMENT=8 DEFAULT CHARSET=utf8mb4 COLLATE=utf8mb4_unicode_ci;

-- --------------------------------------------------------

--
-- Structure de la table `identification`
--

CREATE TABLE IF NOT EXISTS `identification` (
  `id` int NOT NULL AUTO_INCREMENT,
  `identification` varchar(255) CHARACTER SET utf8mb4 COLLATE utf8mb4_unicode_ci NOT NULL,
  PRIMARY KEY (`id`)
) ENGINE=InnoDB AUTO_INCREMENT=6 DEFAULT CHARSET=utf8mb4 COLLATE=utf8mb4_unicode_ci;

--
-- Déchargement des données de la table `identification`
--

INSERT INTO `identification` (`id`, `identification`) VALUES
(1, 'Foncier'),
(2, 'Immeuble'),
(3, 'Foncier + Immeuble'),
(4, 'Infrastructure'),
(5, 'Autre');

-- --------------------------------------------------------

--
-- Structure de la table `ident_coord_props`
--

CREATE TABLE IF NOT EXISTS `ident_coord_props` (
  `id` int NOT NULL AUTO_INCREMENT,
  `contact_id` int DEFAULT NULL,
  `proprietaire` tinyint(1) DEFAULT NULL,
  `usufruitier` tinyint(1) DEFAULT NULL,
  `terrain_id` int DEFAULT NULL,
  PRIMARY KEY (`id`),
  KEY `IDX_AF99E9FDE7A1254A` (`contact_id`),
  KEY `IDX_AF99E9FD8A2D8B41` (`terrain_id`)
) ENGINE=InnoDB AUTO_INCREMENT=6 DEFAULT CHARSET=utf8mb4 COLLATE=utf8mb4_unicode_ci;

-- --------------------------------------------------------

--
-- Structure de la table `implantation_domaine_public`
--

CREATE TABLE IF NOT EXISTS `implantation_domaine_public` (
  `id` int NOT NULL AUTO_INCREMENT,
  `terrain_id` int DEFAULT NULL,
  `implantation_limite` tinyint(1) DEFAULT NULL,
  `implantation_retrait` tinyint(1) DEFAULT NULL,
  `recul_min` decimal(10,0) DEFAULT NULL,
  `exeptions` longtext CHARACTER SET utf8mb4 COLLATE utf8mb4_unicode_ci,
  PRIMARY KEY (`id`),
  KEY `IDX_33D1D9DD8A2D8B41` (`terrain_id`)
) ENGINE=InnoDB AUTO_INCREMENT=5 DEFAULT CHARSET=utf8mb4 COLLATE=utf8mb4_unicode_ci;

-- --------------------------------------------------------

--
-- Structure de la table `implantation_lim_separatives`
--

CREATE TABLE IF NOT EXISTS `implantation_lim_separatives` (
  `id` int NOT NULL AUTO_INCREMENT,
  `implantation_limite` tinyint(1) DEFAULT NULL,
  `implantation_retrait` tinyint(1) DEFAULT NULL,
  `recul` decimal(10,0) DEFAULT NULL,
  `exeption` longtext CHARACTER SET utf8mb4 COLLATE utf8mb4_unicode_ci,
  `terrain_id` int DEFAULT NULL,
  PRIMARY KEY (`id`),
  KEY `IDX_7D2373268A2D8B41` (`terrain_id`)
) ENGINE=InnoDB AUTO_INCREMENT=6 DEFAULT CHARSET=utf8mb4 COLLATE=utf8mb4_unicode_ci;

-- --------------------------------------------------------

--
-- Structure de la table `implantation_propriete`
--

CREATE TABLE IF NOT EXISTS `implantation_propriete` (
  `id` int NOT NULL AUTO_INCREMENT,
  `non_reg` tinyint(1) DEFAULT NULL,
  `reglemente` tinyint(1) DEFAULT NULL,
  `precisez` longtext CHARACTER SET utf8mb4 COLLATE utf8mb4_unicode_ci,
  `terrain_id` int DEFAULT NULL,
  PRIMARY KEY (`id`),
  KEY `IDX_FE59F5D68A2D8B41` (`terrain_id`)
) ENGINE=InnoDB AUTO_INCREMENT=4 DEFAULT CHARSET=utf8mb4 COLLATE=utf8mb4_unicode_ci;

-- --------------------------------------------------------

--
-- Structure de la table `intervenant`
--

CREATE TABLE IF NOT EXISTS `intervenant` (
  `id` int NOT NULL AUTO_INCREMENT,
  `tache_id` int DEFAULT NULL,
  `statut_id` int NOT NULL,
  `entreprise_id` int DEFAULT NULL,
  `contact_id` int DEFAULT NULL,
  `observation` longtext CHARACTER SET utf8mb4 COLLATE utf8mb4_unicode_ci,
  `cout` decimal(10,2) DEFAULT NULL,
  `date` datetime DEFAULT NULL,
  `realisations` longtext CHARACTER SET utf8mb4 COLLATE utf8mb4_unicode_ci,
  `duree` time DEFAULT NULL,
  `payer` tinyint(1) NOT NULL,
  PRIMARY KEY (`id`),
  KEY `IDX_73D0145CD2235D39` (`tache_id`),
  KEY `IDX_73D0145CF6203804` (`statut_id`),
  KEY `IDX_73D0145CA4AEAFEA` (`entreprise_id`),
  KEY `IDX_73D0145CE7A1254A` (`contact_id`)
) ENGINE=InnoDB DEFAULT CHARSET=utf8mb4 COLLATE=utf8mb4_unicode_ci;

-- --------------------------------------------------------

--
-- Structure de la table `liste_annexes_consulte`
--

CREATE TABLE IF NOT EXISTS `liste_annexes_consulte` (
  `id` int NOT NULL AUTO_INCREMENT,
  `doc_local_urbanisme_id` int DEFAULT NULL,
  `content` longtext CHARACTER SET utf8mb4 COLLATE utf8mb4_unicode_ci,
  PRIMARY KEY (`id`),
  KEY `IDX_B36D206EFD83624` (`doc_local_urbanisme_id`)
) ENGINE=InnoDB DEFAULT CHARSET=utf8mb4 COLLATE=utf8mb4_unicode_ci;

-- --------------------------------------------------------

--
-- Structure de la table `mail`
--

CREATE TABLE IF NOT EXISTS `mail` (
  `id` int NOT NULL AUTO_INCREMENT,
  `statut_id` int NOT NULL,
  `contact_id` int NOT NULL,
  `entreprise_id` int DEFAULT NULL,
  `email` varchar(255) CHARACTER SET utf8mb4 COLLATE utf8mb4_unicode_ci NOT NULL,
  `objet` varchar(500) CHARACTER SET utf8mb4 COLLATE utf8mb4_unicode_ci DEFAULT NULL,
  `content` longtext CHARACTER SET utf8mb4 COLLATE utf8mb4_unicode_ci,
  `created_at` datetime DEFAULT NULL COMMENT '(DC2Type:datetime_immutable)',
  PRIMARY KEY (`id`),
  KEY `IDX_5126AC48F6203804` (`statut_id`),
  KEY `IDX_5126AC48E7A1254A` (`contact_id`),
  KEY `IDX_5126AC48A4AEAFEA` (`entreprise_id`)
) ENGINE=InnoDB DEFAULT CHARSET=utf8mb4 COLLATE=utf8mb4_unicode_ci;

-- --------------------------------------------------------

--
-- Structure de la table `messenger_messages`
--

CREATE TABLE IF NOT EXISTS `messenger_messages` (
  `id` bigint NOT NULL AUTO_INCREMENT,
  `body` longtext CHARACTER SET utf8mb4 COLLATE utf8mb4_unicode_ci NOT NULL,
  `headers` longtext CHARACTER SET utf8mb4 COLLATE utf8mb4_unicode_ci NOT NULL,
  `queue_name` varchar(190) CHARACTER SET utf8mb4 COLLATE utf8mb4_unicode_ci NOT NULL,
  `created_at` datetime NOT NULL,
  `available_at` datetime NOT NULL,
  `delivered_at` datetime DEFAULT NULL,
  PRIMARY KEY (`id`),
  KEY `IDX_75EA56E0FB7336F0` (`queue_name`),
  KEY `IDX_75EA56E0E3BD61CE` (`available_at`),
  KEY `IDX_75EA56E016BA31DB` (`delivered_at`)
) ENGINE=InnoDB DEFAULT CHARSET=utf8mb4 COLLATE=utf8mb4_unicode_ci;

-- --------------------------------------------------------

--
-- Structure de la table `mission`
--

CREATE TABLE IF NOT EXISTS `mission` (
  `id` int NOT NULL AUTO_INCREMENT,
  `projet_id` int DEFAULT NULL,
  `name` varchar(255) CHARACTER SET utf8mb4 COLLATE utf8mb4_unicode_ci DEFAULT NULL,
  `detail` longtext CHARACTER SET utf8mb4 COLLATE utf8mb4_unicode_ci,
  `type_id` int DEFAULT NULL,
  `autre_type` varchar(500) CHARACTER SET utf8mb4 COLLATE utf8mb4_unicode_ci DEFAULT NULL,
  PRIMARY KEY (`id`),
  KEY `IDX_9067F23CC18272` (`projet_id`),
  KEY `IDX_9067F23CC54C8C93` (`type_id`)
) ENGINE=InnoDB AUTO_INCREMENT=10 DEFAULT CHARSET=utf8mb4 COLLATE=utf8mb4_unicode_ci;

--
-- Déchargement des données de la table `mission`
--

INSERT INTO `mission` (`id`, `projet_id`, `name`, `detail`, `type_id`, `autre_type`) VALUES
(1, 4, 'mission Larra', 'Hello', 1, NULL),
(5, 3, 'Mondonville N°1', 'Hello', 3, NULL),
(7, 9, 'larra 2', NULL, 2, NULL),
(8, 4, 'mission 1.2', NULL, 1, NULL),
(9, 10, 'Antibes 1.0', NULL, 3, NULL);

-- --------------------------------------------------------

--
-- Structure de la table `moyen`
--

CREATE TABLE IF NOT EXISTS `moyen` (
  `id` int NOT NULL AUTO_INCREMENT,
  `tache_id` int NOT NULL,
  PRIMARY KEY (`id`),
  KEY `IDX_2D6523D6D2235D39` (`tache_id`)
) ENGINE=InnoDB DEFAULT CHARSET=utf8mb4 COLLATE=utf8mb4_unicode_ci;

-- --------------------------------------------------------

--
-- Structure de la table `note`
--

CREATE TABLE IF NOT EXISTS `note` (
  `id` int NOT NULL AUTO_INCREMENT,
  `contact_id` int DEFAULT NULL,
  `entreprise_id` int DEFAULT NULL,
  `note` longtext CHARACTER SET utf8mb4 COLLATE utf8mb4_unicode_ci,
  PRIMARY KEY (`id`),
  KEY `IDX_CFBDFA14E7A1254A` (`contact_id`),
  KEY `IDX_CFBDFA14A4AEAFEA` (`entreprise_id`)
) ENGINE=InnoDB AUTO_INCREMENT=6 DEFAULT CHARSET=utf8mb4 COLLATE=utf8mb4_unicode_ci;

-- --------------------------------------------------------

--
-- Structure de la table `observation_eau_terrain`
--

CREATE TABLE IF NOT EXISTS `observation_eau_terrain` (
  `id` int NOT NULL AUTO_INCREMENT,
  `terrain_id` int DEFAULT NULL,
  `observation` longtext CHARACTER SET utf8mb4 COLLATE utf8mb4_unicode_ci,
  PRIMARY KEY (`id`),
  KEY `IDX_245862D68A2D8B41` (`terrain_id`)
) ENGINE=InnoDB AUTO_INCREMENT=6 DEFAULT CHARSET=utf8mb4 COLLATE=utf8mb4_unicode_ci;

-- --------------------------------------------------------

--
-- Structure de la table `observation_vegetation_terrain`
--

CREATE TABLE IF NOT EXISTS `observation_vegetation_terrain` (
  `id` int NOT NULL AUTO_INCREMENT,
  `terrain_id` int DEFAULT NULL,
  `observation` longtext CHARACTER SET utf8mb4 COLLATE utf8mb4_unicode_ci,
  PRIMARY KEY (`id`),
  KEY `IDX_8EF494138A2D8B41` (`terrain_id`)
) ENGINE=InnoDB DEFAULT CHARSET=utf8mb4 COLLATE=utf8mb4_unicode_ci;

-- --------------------------------------------------------

--
-- Structure de la table `occupation_terrain`
--

CREATE TABLE IF NOT EXISTS `occupation_terrain` (
  `id` int NOT NULL AUTO_INCREMENT,
  `terrain_id` int DEFAULT NULL,
  `terrain_bati` tinyint(1) DEFAULT NULL,
  `nombre_nature_const` longtext CHARACTER SET utf8mb4 COLLATE utf8mb4_unicode_ci,
  `construction_plan_cadastrale` tinyint(1) DEFAULT NULL,
  PRIMARY KEY (`id`),
  KEY `IDX_2B0C386B8A2D8B41` (`terrain_id`)
) ENGINE=InnoDB AUTO_INCREMENT=7 DEFAULT CHARSET=utf8mb4 COLLATE=utf8mb4_unicode_ci;

-- --------------------------------------------------------

--
-- Structure de la table `ouverture_dossier`
--

CREATE TABLE IF NOT EXISTS `ouverture_dossier` (
  `id` int NOT NULL AUTO_INCREMENT,
  `devis_id` int NOT NULL,
  `quantite` int NOT NULL,
  `prix` decimal(10,2) NOT NULL,
  `payer` tinyint(1) NOT NULL,
  PRIMARY KEY (`id`),
  KEY `IDX_4F94D6EB41DEFADA` (`devis_id`)
) ENGINE=InnoDB DEFAULT CHARSET=utf8mb4 COLLATE=utf8mb4_unicode_ci;

-- --------------------------------------------------------

--
-- Structure de la table `pente5`
--

CREATE TABLE IF NOT EXISTS `pente5` (
  `id` int NOT NULL AUTO_INCREMENT,
  `oui` tinyint(1) DEFAULT NULL,
  `non` tinyint(1) DEFAULT NULL,
  `ne_sait_pas` tinyint(1) DEFAULT NULL,
  `terrain_id` int DEFAULT NULL,
  PRIMARY KEY (`id`),
  KEY `IDX_2D0A4F228A2D8B41` (`terrain_id`)
) ENGINE=InnoDB AUTO_INCREMENT=6 DEFAULT CHARSET=utf8mb4 COLLATE=utf8mb4_unicode_ci;

-- --------------------------------------------------------

--
-- Structure de la table `pieces_jointes_relief`
--

CREATE TABLE IF NOT EXISTS `pieces_jointes_relief` (
  `id` int NOT NULL AUTO_INCREMENT,
  `terrain_id` int DEFAULT NULL,
  `plan_topographique` tinyint(1) DEFAULT NULL,
  `releve_almetrique` tinyint(1) DEFAULT NULL,
  `carte_ign` tinyint(1) DEFAULT NULL,
  `plan_cadastre` tinyint(1) DEFAULT NULL,
  PRIMARY KEY (`id`),
  KEY `IDX_E7FD3E38A2D8B41` (`terrain_id`)
) ENGINE=InnoDB AUTO_INCREMENT=7 DEFAULT CHARSET=utf8mb4 COLLATE=utf8mb4_unicode_ci;

-- --------------------------------------------------------

--
-- Structure de la table `piece_consulte`
--

CREATE TABLE IF NOT EXISTS `piece_consulte` (
  `id` int NOT NULL AUTO_INCREMENT,
  `terrain_id` int DEFAULT NULL,
  `rapport_presentation` tinyint(1) DEFAULT NULL,
  `padd` tinyint(1) DEFAULT NULL,
  `oap` tinyint(1) DEFAULT NULL,
  `plan_zonage` tinyint(1) DEFAULT NULL,
  `reg_ecrit` tinyint(1) DEFAULT NULL,
  `liste` longtext CHARACTER SET utf8mb4 COLLATE utf8mb4_unicode_ci,
  PRIMARY KEY (`id`),
  KEY `IDX_95E194288A2D8B41` (`terrain_id`)
) ENGINE=InnoDB AUTO_INCREMENT=12 DEFAULT CHARSET=utf8mb4 COLLATE=utf8mb4_unicode_ci;

-- --------------------------------------------------------

--
-- Structure de la table `piece_jointe_serv_prive`
--

CREATE TABLE IF NOT EXISTS `piece_jointe_serv_prive` (
  `id` int NOT NULL AUTO_INCREMENT,
  `terrain_id` int DEFAULT NULL,
  `etat_des_servitudes` tinyint(1) DEFAULT NULL,
  `plan_serv_existantes` tinyint(1) DEFAULT NULL,
  `autre` tinyint(1) DEFAULT NULL,
  `autre_content` longtext CHARACTER SET utf8mb4 COLLATE utf8mb4_unicode_ci,
  PRIMARY KEY (`id`),
  KEY `IDX_C9E547708A2D8B41` (`terrain_id`)
) ENGINE=InnoDB AUTO_INCREMENT=3 DEFAULT CHARSET=utf8mb4 COLLATE=utf8mb4_unicode_ci;

-- --------------------------------------------------------

--
-- Structure de la table `plan_bornage_joint`
--

CREATE TABLE IF NOT EXISTS `plan_bornage_joint` (
  `id` int NOT NULL AUTO_INCREMENT,
  `terrain_id` int DEFAULT NULL,
  `statut` tinyint(1) DEFAULT NULL,
  PRIMARY KEY (`id`),
  KEY `IDX_B2CB77138A2D8B41` (`terrain_id`)
) ENGINE=InnoDB AUTO_INCREMENT=7 DEFAULT CHARSET=utf8mb4 COLLATE=utf8mb4_unicode_ci;

-- --------------------------------------------------------

--
-- Structure de la table `plan_cadastre`
--

CREATE TABLE IF NOT EXISTS `plan_cadastre` (
  `id` int NOT NULL AUTO_INCREMENT,
  `statut` tinyint(1) DEFAULT NULL,
  `terrain_id` int DEFAULT NULL,
  PRIMARY KEY (`id`),
  KEY `IDX_25765AF68A2D8B41` (`terrain_id`)
) ENGINE=InnoDB AUTO_INCREMENT=6 DEFAULT CHARSET=utf8mb4 COLLATE=utf8mb4_unicode_ci;

-- --------------------------------------------------------

--
-- Structure de la table `priorite`
--

CREATE TABLE IF NOT EXISTS `priorite` (
  `id` int NOT NULL AUTO_INCREMENT,
  `name` varchar(255) CHARACTER SET utf8mb4 COLLATE utf8mb4_unicode_ci DEFAULT NULL,
  PRIMARY KEY (`id`)
) ENGINE=InnoDB AUTO_INCREMENT=5 DEFAULT CHARSET=utf8mb4 COLLATE=utf8mb4_unicode_ci;

--
-- Déchargement des données de la table `priorite`
--

INSERT INTO `priorite` (`id`, `name`) VALUES
(1, 'Très elevé'),
(2, 'Elevé'),
(3, 'Moyen'),
(4, 'Faible');

-- --------------------------------------------------------

--
-- Structure de la table `profession`
--

CREATE TABLE IF NOT EXISTS `profession` (
  `id` int NOT NULL AUTO_INCREMENT,
  `entreprise_id` int DEFAULT NULL,
  `contact_id` int DEFAULT NULL,
  `profession` varchar(500) CHARACTER SET utf8mb4 COLLATE utf8mb4_unicode_ci DEFAULT NULL,
  `employeur` varchar(255) CHARACTER SET utf8mb4 COLLATE utf8mb4_unicode_ci DEFAULT NULL,
  PRIMARY KEY (`id`),
  KEY `IDX_BA930D69A4AEAFEA` (`entreprise_id`),
  KEY `IDX_BA930D69E7A1254A` (`contact_id`)
) ENGINE=InnoDB AUTO_INCREMENT=9 DEFAULT CHARSET=utf8mb4 COLLATE=utf8mb4_unicode_ci;

-- --------------------------------------------------------

--
-- Structure de la table `projet`
--

CREATE TABLE IF NOT EXISTS `projet` (
  `id` int NOT NULL AUTO_INCREMENT,
  `name` varchar(500) CHARACTER SET utf8mb4 COLLATE utf8mb4_unicode_ci DEFAULT NULL,
  `type_id` int DEFAULT NULL,
  `priorite_id` int DEFAULT NULL,
  `terrain_id` int DEFAULT NULL,
  `origine_id` int DEFAULT NULL,
  PRIMARY KEY (`id`),
  KEY `IDX_50159CA9C54C8C93` (`type_id`),
  KEY `IDX_50159CA953B4F1DE` (`priorite_id`),
  KEY `IDX_50159CA98A2D8B41` (`terrain_id`),
  KEY `IDX_50159CA987998E` (`origine_id`)
) ENGINE=InnoDB AUTO_INCREMENT=11 DEFAULT CHARSET=utf8mb4 COLLATE=utf8mb4_unicode_ci;

--
-- Déchargement des données de la table `projet`
--

INSERT INTO `projet` (`id`, `name`, `type_id`, `priorite_id`, `terrain_id`, `origine_id`) VALUES
(3, 'mondonville 125', 3, 4, 8, NULL),
(4, 'larra - 1', 5, 2, 7, NULL),
(8, 'Paris 1.0', 2, 4, 9, NULL),
(9, 'larra 2', 3, 1, 10, NULL),
(10, 'Antibes', 3, 2, 12, NULL);

-- --------------------------------------------------------

--
-- Structure de la table `raccordement_evacuation_eaux_usees`
--

CREATE TABLE IF NOT EXISTS `raccordement_evacuation_eaux_usees` (
  `id` int NOT NULL AUTO_INCREMENT,
  `distance` varchar(255) CHARACTER SET utf8mb4 COLLATE utf8mb4_unicode_ci DEFAULT NULL,
  `oui` tinyint(1) DEFAULT NULL,
  `ne_sait_pas` tinyint(1) DEFAULT NULL,
  `terrain_id` int DEFAULT NULL,
  PRIMARY KEY (`id`),
  KEY `IDX_6CFC4E4B8A2D8B41` (`terrain_id`)
) ENGINE=InnoDB AUTO_INCREMENT=7 DEFAULT CHARSET=utf8mb4 COLLATE=utf8mb4_unicode_ci;

-- --------------------------------------------------------

--
-- Structure de la table `raccordement_reseaux_eau`
--

CREATE TABLE IF NOT EXISTS `raccordement_reseaux_eau` (
  `id` int NOT NULL AUTO_INCREMENT,
  `distance` varchar(255) CHARACTER SET utf8mb4 COLLATE utf8mb4_unicode_ci DEFAULT NULL,
  `terrain_id` int DEFAULT NULL,
  `oui` tinyint(1) DEFAULT NULL,
  `ne_sait_pas` tinyint(1) DEFAULT NULL,
  PRIMARY KEY (`id`),
  KEY `IDX_DA1406FE8A2D8B41` (`terrain_id`)
) ENGINE=InnoDB AUTO_INCREMENT=9 DEFAULT CHARSET=utf8mb4 COLLATE=utf8mb4_unicode_ci;

-- --------------------------------------------------------

--
-- Structure de la table `raccordement_reseau_electrique`
--

CREATE TABLE IF NOT EXISTS `raccordement_reseau_electrique` (
  `id` int NOT NULL AUTO_INCREMENT,
  `distance` varchar(255) CHARACTER SET utf8mb4 COLLATE utf8mb4_unicode_ci DEFAULT NULL,
  `oui` tinyint(1) DEFAULT NULL,
  `ne_sais_pas` tinyint(1) DEFAULT NULL,
  `terrain_id` int DEFAULT NULL,
  PRIMARY KEY (`id`),
  KEY `IDX_DDC29B468A2D8B41` (`terrain_id`)
) ENGINE=InnoDB AUTO_INCREMENT=8 DEFAULT CHARSET=utf8mb4 COLLATE=utf8mb4_unicode_ci;

-- --------------------------------------------------------

--
-- Structure de la table `raccordement_reseau_gaz`
--

CREATE TABLE IF NOT EXISTS `raccordement_reseau_gaz` (
  `id` int NOT NULL AUTO_INCREMENT,
  `distance` varchar(255) CHARACTER SET utf8mb4 COLLATE utf8mb4_unicode_ci DEFAULT NULL,
  `terrain_id` int DEFAULT NULL,
  `oui` tinyint(1) DEFAULT NULL,
  `ne_sait_pas` tinyint(1) DEFAULT NULL,
  PRIMARY KEY (`id`),
  KEY `IDX_8240717F8A2D8B41` (`terrain_id`)
) ENGINE=InnoDB AUTO_INCREMENT=7 DEFAULT CHARSET=utf8mb4 COLLATE=utf8mb4_unicode_ci;

-- --------------------------------------------------------

--
-- Structure de la table `raccordement_tel`
--

CREATE TABLE IF NOT EXISTS `raccordement_tel` (
  `id` int NOT NULL AUTO_INCREMENT,
  `statut` varchar(255) CHARACTER SET utf8mb4 COLLATE utf8mb4_unicode_ci DEFAULT NULL,
  PRIMARY KEY (`id`)
) ENGINE=InnoDB AUTO_INCREMENT=4 DEFAULT CHARSET=utf8mb4 COLLATE=utf8mb4_unicode_ci;

--
-- Déchargement des données de la table `raccordement_tel`
--

INSERT INTO `raccordement_tel` (`id`, `statut`) VALUES
(1, 'Oui'),
(2, 'Non'),
(3, 'Ne sais pas');

-- --------------------------------------------------------

--
-- Structure de la table `reference_cadastrale`
--

CREATE TABLE IF NOT EXISTS `reference_cadastrale` (
  `id` int NOT NULL AUTO_INCREMENT,
  `terrain_id` int DEFAULT NULL,
  `prefixe` varchar(255) CHARACTER SET utf8mb4 COLLATE utf8mb4_unicode_ci DEFAULT NULL,
  `section` varchar(300) CHARACTER SET utf8mb4 COLLATE utf8mb4_unicode_ci DEFAULT NULL,
  `numero` int DEFAULT NULL,
  PRIMARY KEY (`id`),
  KEY `IDX_426BDFA18A2D8B41` (`terrain_id`)
) ENGINE=InnoDB AUTO_INCREMENT=6 DEFAULT CHARSET=utf8mb4 COLLATE=utf8mb4_unicode_ci;

--
-- Déchargement des données de la table `reference_cadastrale`
--

INSERT INTO `reference_cadastrale` (`id`, `terrain_id`, `prefixe`, `section`, `numero`) VALUES
(5, 7, 'aze', 'aze', 2);

-- --------------------------------------------------------

--
-- Structure de la table `reglement_zone_joint`
--

CREATE TABLE IF NOT EXISTS `reglement_zone_joint` (
  `id` int NOT NULL AUTO_INCREMENT,
  `oui` tinyint(1) DEFAULT NULL,
  `terrain_id` int DEFAULT NULL,
  PRIMARY KEY (`id`),
  KEY `IDX_AADF24BE8A2D8B41` (`terrain_id`)
) ENGINE=InnoDB AUTO_INCREMENT=3 DEFAULT CHARSET=utf8mb4 COLLATE=utf8mb4_unicode_ci;

-- --------------------------------------------------------

--
-- Structure de la table `relief_terrain`
--

CREATE TABLE IF NOT EXISTS `relief_terrain` (
  `id` int NOT NULL AUTO_INCREMENT,
  `terrain_id` int DEFAULT NULL,
  `terrain_en_pente` tinyint(1) DEFAULT NULL,
  `pente_reguliere` tinyint(1) DEFAULT NULL,
  `plateau` tinyint(1) DEFAULT NULL,
  `talus` tinyint(1) DEFAULT NULL,
  `observation` longtext CHARACTER SET utf8mb4 COLLATE utf8mb4_unicode_ci,
  PRIMARY KEY (`id`),
  KEY `IDX_E0CB4E98A2D8B41` (`terrain_id`)
) ENGINE=InnoDB AUTO_INCREMENT=10 DEFAULT CHARSET=utf8mb4 COLLATE=utf8mb4_unicode_ci;

-- --------------------------------------------------------

--
-- Structure de la table `rendez_vous_architecte`
--

CREATE TABLE IF NOT EXISTS `rendez_vous_architecte` (
  `id` int NOT NULL AUTO_INCREMENT,
  `terrain_id` int DEFAULT NULL,
  `oui` tinyint(1) DEFAULT NULL,
  `non` tinyint(1) DEFAULT NULL,
  `motif` longtext CHARACTER SET utf8mb4 COLLATE utf8mb4_unicode_ci,
  PRIMARY KEY (`id`),
  KEY `IDX_D0F7B5898A2D8B41` (`terrain_id`)
) ENGINE=InnoDB DEFAULT CHARSET=utf8mb4 COLLATE=utf8mb4_unicode_ci;

-- --------------------------------------------------------

--
-- Structure de la table `rendez_vous_hypotheque`
--

CREATE TABLE IF NOT EXISTS `rendez_vous_hypotheque` (
  `id` int NOT NULL AUTO_INCREMENT,
  `terrain_id` int DEFAULT NULL,
  `oui` tinyint(1) DEFAULT NULL,
  `motif` longtext CHARACTER SET utf8mb4 COLLATE utf8mb4_unicode_ci,
  `non` tinyint(1) DEFAULT NULL,
  PRIMARY KEY (`id`),
  KEY `IDX_85C525418A2D8B41` (`terrain_id`)
) ENGINE=InnoDB AUTO_INCREMENT=4 DEFAULT CHARSET=utf8mb4 COLLATE=utf8mb4_unicode_ci;

-- --------------------------------------------------------

--
-- Structure de la table `rendez_vous_serv_urb`
--

CREATE TABLE IF NOT EXISTS `rendez_vous_serv_urb` (
  `id` int NOT NULL AUTO_INCREMENT,
  `terrain_id` int DEFAULT NULL,
  `oui` tinyint(1) DEFAULT NULL,
  `motif` longtext CHARACTER SET utf8mb4 COLLATE utf8mb4_unicode_ci,
  PRIMARY KEY (`id`),
  KEY `IDX_39FF7F918A2D8B41` (`terrain_id`)
) ENGINE=InnoDB AUTO_INCREMENT=4 DEFAULT CHARSET=utf8mb4 COLLATE=utf8mb4_unicode_ci;

-- --------------------------------------------------------

--
-- Structure de la table `reseau_observation`
--

CREATE TABLE IF NOT EXISTS `reseau_observation` (
  `id` int NOT NULL AUTO_INCREMENT,
  `terrain_id` int DEFAULT NULL,
  `content` longtext CHARACTER SET utf8mb4 COLLATE utf8mb4_unicode_ci,
  PRIMARY KEY (`id`),
  KEY `IDX_FDEC793E8A2D8B41` (`terrain_id`)
) ENGINE=InnoDB DEFAULT CHARSET=utf8mb4 COLLATE=utf8mb4_unicode_ci;

-- --------------------------------------------------------

--
-- Structure de la table `reseau_telephone_fibre`
--

CREATE TABLE IF NOT EXISTS `reseau_telephone_fibre` (
  `id` int NOT NULL AUTO_INCREMENT,
  `terrain_id` int DEFAULT NULL,
  `oui` tinyint(1) DEFAULT NULL,
  `ne_saitpas` tinyint(1) DEFAULT NULL,
  `distance` varchar(255) CHARACTER SET utf8mb4 COLLATE utf8mb4_unicode_ci DEFAULT NULL,
  PRIMARY KEY (`id`),
  KEY `IDX_ADCF20198A2D8B41` (`terrain_id`)
) ENGINE=InnoDB AUTO_INCREMENT=4 DEFAULT CHARSET=utf8mb4 COLLATE=utf8mb4_unicode_ci;

-- --------------------------------------------------------

--
-- Structure de la table `restauration`
--

CREATE TABLE IF NOT EXISTS `restauration` (
  `id` int NOT NULL AUTO_INCREMENT,
  `tache_id` int DEFAULT NULL,
  `cout_repas_personnel` decimal(10,0) DEFAULT NULL,
  `cout_repas_clients` decimal(10,2) DEFAULT NULL,
  `duree` time DEFAULT NULL,
  `forfait` decimal(10,2) DEFAULT NULL,
  `date` date DEFAULT NULL,
  `etablissement` varchar(500) CHARACTER SET utf8mb4 COLLATE utf8mb4_unicode_ci DEFAULT NULL,
  `payer` tinyint(1) NOT NULL,
  PRIMARY KEY (`id`),
  KEY `IDX_898B1EF1D2235D39` (`tache_id`)
) ENGINE=InnoDB DEFAULT CHARSET=utf8mb4 COLLATE=utf8mb4_unicode_ci;

-- --------------------------------------------------------

--
-- Structure de la table `reunion`
--

CREATE TABLE IF NOT EXISTS `reunion` (
  `id` int NOT NULL AUTO_INCREMENT,
  `tache_id` int NOT NULL,
  `objet` varchar(255) CHARACTER SET utf8mb4 COLLATE utf8mb4_unicode_ci DEFAULT NULL,
  `date` date DEFAULT NULL,
  `content` varchar(255) CHARACTER SET utf8mb4 COLLATE utf8mb4_unicode_ci DEFAULT NULL,
  `cout_location_salle` decimal(10,2) DEFAULT NULL,
  `cout_location_materiel` decimal(10,2) DEFAULT NULL,
  `cout_restauration` decimal(10,2) DEFAULT NULL,
  `cout_collation` decimal(10,2) DEFAULT NULL,
  `duree` time DEFAULT NULL,
  `forfait_horaire` decimal(10,2) DEFAULT NULL,
  `payer` tinyint(1) NOT NULL,
  PRIMARY KEY (`id`),
  KEY `IDX_5B00A482D2235D39` (`tache_id`)
) ENGINE=InnoDB DEFAULT CHARSET=utf8mb4 COLLATE=utf8mb4_unicode_ci;

-- --------------------------------------------------------

--
-- Structure de la table `servitude_pieces_jointe`
--

CREATE TABLE IF NOT EXISTS `servitude_pieces_jointe` (
  `id` int NOT NULL AUTO_INCREMENT,
  `terrain_id` int DEFAULT NULL,
  `servitude_publique` tinyint(1) DEFAULT NULL,
  `emplacement_reserve` tinyint(1) DEFAULT NULL,
  `autre` tinyint(1) DEFAULT NULL,
  `autre_content` longtext CHARACTER SET utf8mb4 COLLATE utf8mb4_unicode_ci,
  PRIMARY KEY (`id`),
  KEY `IDX_B3E089AB8A2D8B41` (`terrain_id`)
) ENGINE=InnoDB AUTO_INCREMENT=4 DEFAULT CHARSET=utf8mb4 COLLATE=utf8mb4_unicode_ci;

-- --------------------------------------------------------

--
-- Structure de la table `servitude_prive`
--

CREATE TABLE IF NOT EXISTS `servitude_prive` (
  `id` int NOT NULL AUTO_INCREMENT,
  `terrain_id` int DEFAULT NULL,
  `content` longtext CHARACTER SET utf8mb4 COLLATE utf8mb4_unicode_ci,
  PRIMARY KEY (`id`),
  KEY `IDX_FCF4F0998A2D8B41` (`terrain_id`)
) ENGINE=InnoDB AUTO_INCREMENT=4 DEFAULT CHARSET=utf8mb4 COLLATE=utf8mb4_unicode_ci;

-- --------------------------------------------------------

--
-- Structure de la table `servitude_prive_creer`
--

CREATE TABLE IF NOT EXISTS `servitude_prive_creer` (
  `id` int NOT NULL AUTO_INCREMENT,
  `oui` tinyint(1) DEFAULT NULL,
  `oui_content` longtext CHARACTER SET utf8mb4 COLLATE utf8mb4_unicode_ci,
  `non` tinyint(1) DEFAULT NULL,
  `ne_sais_pas` tinyint(1) DEFAULT NULL,
  `terrain_id` int DEFAULT NULL,
  PRIMARY KEY (`id`),
  KEY `IDX_7CA4E4A08A2D8B41` (`terrain_id`)
) ENGINE=InnoDB AUTO_INCREMENT=4 DEFAULT CHARSET=utf8mb4 COLLATE=utf8mb4_unicode_ci;

-- --------------------------------------------------------

--
-- Structure de la table `servitude_publique`
--

CREATE TABLE IF NOT EXISTS `servitude_publique` (
  `id` int NOT NULL AUTO_INCREMENT,
  `terrain_id` int DEFAULT NULL,
  `alignement` tinyint(1) DEFAULT NULL,
  `servitude_eau_gaz` tinyint(1) DEFAULT NULL,
  `servitude_degagement` tinyint(1) DEFAULT NULL,
  `servitude_monument_historique` tinyint(1) DEFAULT NULL,
  `servitude_marche_pied` tinyint(1) DEFAULT NULL,
  `autre` longtext CHARACTER SET utf8mb4 COLLATE utf8mb4_unicode_ci,
  PRIMARY KEY (`id`),
  KEY `IDX_56AA69FC8A2D8B41` (`terrain_id`)
) ENGINE=InnoDB AUTO_INCREMENT=6 DEFAULT CHARSET=utf8mb4 COLLATE=utf8mb4_unicode_ci;

-- --------------------------------------------------------

--
-- Structure de la table `servitude_urbanisme`
--

CREATE TABLE IF NOT EXISTS `servitude_urbanisme` (
  `id` int NOT NULL AUTO_INCREMENT,
  `terrain_id` int DEFAULT NULL,
  `marge_de_recul` tinyint(1) DEFAULT NULL,
  `recul_content` longtext CHARACTER SET utf8mb4 COLLATE utf8mb4_unicode_ci,
  `emplacement_reserve` tinyint(1) DEFAULT NULL,
  `emplacement_content` longtext CHARACTER SET utf8mb4 COLLATE utf8mb4_unicode_ci,
  `autre` tinyint(1) DEFAULT NULL,
  `autre_content` longtext CHARACTER SET utf8mb4 COLLATE utf8mb4_unicode_ci,
  PRIMARY KEY (`id`),
  KEY `IDX_4C9264568A2D8B41` (`terrain_id`)
) ENGINE=InnoDB AUTO_INCREMENT=4 DEFAULT CHARSET=utf8mb4 COLLATE=utf8mb4_unicode_ci;

-- --------------------------------------------------------

--
-- Structure de la table `sta2_roues`
--

CREATE TABLE IF NOT EXISTS `sta2_roues` (
  `id` int NOT NULL AUTO_INCREMENT,
  `terrain_id` int DEFAULT NULL,
  `content` longtext CHARACTER SET utf8mb4 COLLATE utf8mb4_unicode_ci,
  PRIMARY KEY (`id`),
  KEY `IDX_EE352B6D8A2D8B41` (`terrain_id`)
) ENGINE=InnoDB AUTO_INCREMENT=4 DEFAULT CHARSET=utf8mb4 COLLATE=utf8mb4_unicode_ci;

-- --------------------------------------------------------

--
-- Structure de la table `stade_terrain`
--

CREATE TABLE IF NOT EXISTS `stade_terrain` (
  `id` int NOT NULL AUTO_INCREMENT,
  `name` varchar(255) CHARACTER SET utf8mb4 COLLATE utf8mb4_unicode_ci DEFAULT NULL,
  PRIMARY KEY (`id`)
) ENGINE=InnoDB AUTO_INCREMENT=5 DEFAULT CHARSET=utf8mb4 COLLATE=utf8mb4_unicode_ci;

--
-- Déchargement des données de la table `stade_terrain`
--

INSERT INTO `stade_terrain` (`id`, `name`) VALUES
(1, 'Devis'),
(2, 'Recommandation '),
(3, 'Autre'),
(4, 'Contact');

-- --------------------------------------------------------

--
-- Structure de la table `statut_adresse`
--

CREATE TABLE IF NOT EXISTS `statut_adresse` (
  `id` int NOT NULL AUTO_INCREMENT,
  `statut` varchar(255) CHARACTER SET utf8mb4 COLLATE utf8mb4_unicode_ci NOT NULL,
  PRIMARY KEY (`id`)
) ENGINE=InnoDB AUTO_INCREMENT=4 DEFAULT CHARSET=utf8mb4 COLLATE=utf8mb4_unicode_ci;

--
-- Déchargement des données de la table `statut_adresse`
--

INSERT INTO `statut_adresse` (`id`, `statut`) VALUES
(1, 'Bureau'),
(2, 'Domicile'),
(3, 'Autre');

-- --------------------------------------------------------

--
-- Structure de la table `statut_communication`
--

CREATE TABLE IF NOT EXISTS `statut_communication` (
  `id` int NOT NULL AUTO_INCREMENT,
  `statut` varchar(255) CHARACTER SET utf8mb4 COLLATE utf8mb4_unicode_ci NOT NULL,
  PRIMARY KEY (`id`)
) ENGINE=InnoDB AUTO_INCREMENT=4 DEFAULT CHARSET=utf8mb4 COLLATE=utf8mb4_unicode_ci;

--
-- Déchargement des données de la table `statut_communication`
--

INSERT INTO `statut_communication` (`id`, `statut`) VALUES
(1, 'Téléphone'),
(2, 'Mail'),
(3, 'Courrier');

-- --------------------------------------------------------

--
-- Structure de la table `statut_contact`
--

CREATE TABLE IF NOT EXISTS `statut_contact` (
  `id` int NOT NULL AUTO_INCREMENT,
  `statut` varchar(255) CHARACTER SET utf8mb4 COLLATE utf8mb4_unicode_ci NOT NULL,
  PRIMARY KEY (`id`)
) ENGINE=InnoDB AUTO_INCREMENT=9 DEFAULT CHARSET=utf8mb4 COLLATE=utf8mb4_unicode_ci;

--
-- Déchargement des données de la table `statut_contact`
--

INSERT INTO `statut_contact` (`id`, `statut`) VALUES
(1, 'Contact'),
(2, 'Intervenant'),
(3, 'Mandant'),
(4, 'Prescripteur'),
(5, 'Proprietaire'),
(6, 'Prospect'),
(7, 'Usufruitier'),
(8, '...');

-- --------------------------------------------------------

--
-- Structure de la table `statut_deplacement`
--

CREATE TABLE IF NOT EXISTS `statut_deplacement` (
  `id` int NOT NULL AUTO_INCREMENT,
  `statut` varchar(255) CHARACTER SET utf8mb4 COLLATE utf8mb4_unicode_ci NOT NULL,
  PRIMARY KEY (`id`)
) ENGINE=InnoDB AUTO_INCREMENT=7 DEFAULT CHARSET=utf8mb4 COLLATE=utf8mb4_unicode_ci;

--
-- Déchargement des données de la table `statut_deplacement`
--

INSERT INTO `statut_deplacement` (`id`, `statut`) VALUES
(1, 'Voiture perso'),
(2, 'Taxi'),
(3, 'Train'),
(4, 'Tram'),
(5, 'Métro'),
(6, 'Avion');

-- --------------------------------------------------------

--
-- Structure de la table `statut_email`
--

CREATE TABLE IF NOT EXISTS `statut_email` (
  `id` int NOT NULL AUTO_INCREMENT,
  `name` varchar(255) CHARACTER SET utf8mb4 COLLATE utf8mb4_unicode_ci NOT NULL,
  PRIMARY KEY (`id`)
) ENGINE=InnoDB AUTO_INCREMENT=3 DEFAULT CHARSET=utf8mb4 COLLATE=utf8mb4_unicode_ci;

--
-- Déchargement des données de la table `statut_email`
--

INSERT INTO `statut_email` (`id`, `name`) VALUES
(1, 'Bureau'),
(2, 'Personnel');

-- --------------------------------------------------------

--
-- Structure de la table `statut_entreprise`
--

CREATE TABLE IF NOT EXISTS `statut_entreprise` (
  `id` int NOT NULL AUTO_INCREMENT,
  `statut` varchar(255) CHARACTER SET utf8mb4 COLLATE utf8mb4_unicode_ci NOT NULL,
  PRIMARY KEY (`id`)
) ENGINE=InnoDB DEFAULT CHARSET=utf8mb4 COLLATE=utf8mb4_unicode_ci;

-- --------------------------------------------------------

--
-- Structure de la table `statut_etat_des_lieux`
--

CREATE TABLE IF NOT EXISTS `statut_etat_des_lieux` (
  `id` int NOT NULL AUTO_INCREMENT,
  `statut` varchar(500) CHARACTER SET utf8mb4 COLLATE utf8mb4_unicode_ci NOT NULL,
  PRIMARY KEY (`id`)
) ENGINE=InnoDB AUTO_INCREMENT=26 DEFAULT CHARSET=utf8mb4 COLLATE=utf8mb4_unicode_ci;

--
-- Déchargement des données de la table `statut_etat_des_lieux`
--

INSERT INTO `statut_etat_des_lieux` (`id`, `statut`) VALUES
(1, 'Borne'),
(2, 'Electricité'),
(3, 'Eau potable'),
(4, 'Servitudes de passage'),
(5, 'Servitudes de reseaux'),
(6, 'Nuissances sonores'),
(7, 'Nuissances olfactives'),
(8, 'Clôtures'),
(9, 'composition et état des bâtiments'),
(10, 'composition et état des bâtiments'),
(11, 'accès et praticabilité'),
(12, 'Inondations'),
(13, 'problèmes de voisinage'),
(14, 'couloir aérien'),
(15, 'emplacement réservé'),
(16, 'projet à proximité'),
(17, 'risque incendie'),
(18, 'abf'),
(19, 'diagnostic archéologique'),
(20, 'contact des voisins'),
(21, 'contacts adm'),
(22, 'stationnement et parking nb'),
(23, 'Histoire du secteur et du site'),
(24, 'indices de valorisation du site'),
(25, 'autres');

-- --------------------------------------------------------

--
-- Structure de la table `statut_intervenant`
--

CREATE TABLE IF NOT EXISTS `statut_intervenant` (
  `id` int NOT NULL AUTO_INCREMENT,
  `statut` varchar(255) CHARACTER SET utf8mb4 COLLATE utf8mb4_unicode_ci NOT NULL,
  PRIMARY KEY (`id`)
) ENGINE=InnoDB AUTO_INCREMENT=8 DEFAULT CHARSET=utf8mb4 COLLATE=utf8mb4_unicode_ci;

--
-- Déchargement des données de la table `statut_intervenant`
--

INSERT INTO `statut_intervenant` (`id`, `statut`) VALUES
(1, 'Client'),
(2, 'Mandant'),
(3, 'Intervenant'),
(4, 'Prescripteur'),
(5, 'Contact'),
(6, 'Prospect'),
(7, 'Autre');

-- --------------------------------------------------------

--
-- Structure de la table `statut_mail`
--

CREATE TABLE IF NOT EXISTS `statut_mail` (
  `id` int NOT NULL AUTO_INCREMENT,
  `statut` varchar(255) CHARACTER SET utf8mb4 COLLATE utf8mb4_unicode_ci NOT NULL,
  PRIMARY KEY (`id`)
) ENGINE=InnoDB AUTO_INCREMENT=4 DEFAULT CHARSET=utf8mb4 COLLATE=utf8mb4_unicode_ci;

--
-- Déchargement des données de la table `statut_mail`
--

INSERT INTO `statut_mail` (`id`, `statut`) VALUES
(1, 'Personnel'),
(2, 'Personnel'),
(3, 'Autre');

-- --------------------------------------------------------

--
-- Structure de la table `statut_tache`
--

CREATE TABLE IF NOT EXISTS `statut_tache` (
  `id` int NOT NULL AUTO_INCREMENT,
  `name` varchar(255) CHARACTER SET utf8mb4 COLLATE utf8mb4_unicode_ci NOT NULL,
  PRIMARY KEY (`id`)
) ENGINE=InnoDB AUTO_INCREMENT=4 DEFAULT CHARSET=utf8mb4 COLLATE=utf8mb4_unicode_ci;

--
-- Déchargement des données de la table `statut_tache`
--

INSERT INTO `statut_tache` (`id`, `name`) VALUES
(1, 'A faire'),
(2, 'En cours'),
(3, 'ok');

-- --------------------------------------------------------

--
-- Structure de la table `statut_telephone`
--

CREATE TABLE IF NOT EXISTS `statut_telephone` (
  `id` int NOT NULL AUTO_INCREMENT,
  `statut` varchar(255) CHARACTER SET utf8mb4 COLLATE utf8mb4_unicode_ci NOT NULL,
  PRIMARY KEY (`id`)
) ENGINE=InnoDB AUTO_INCREMENT=4 DEFAULT CHARSET=utf8mb4 COLLATE=utf8mb4_unicode_ci;

--
-- Déchargement des données de la table `statut_telephone`
--

INSERT INTO `statut_telephone` (`id`, `statut`) VALUES
(1, 'Bureau'),
(2, 'Domicile'),
(3, 'Portable');

-- --------------------------------------------------------

--
-- Structure de la table `sta_automobile`
--

CREATE TABLE IF NOT EXISTS `sta_automobile` (
  `id` int NOT NULL AUTO_INCREMENT,
  `terrain_id` int DEFAULT NULL,
  `content` longtext CHARACTER SET utf8mb4 COLLATE utf8mb4_unicode_ci,
  PRIMARY KEY (`id`),
  KEY `IDX_390D383F8A2D8B41` (`terrain_id`)
) ENGINE=InnoDB AUTO_INCREMENT=4 DEFAULT CHARSET=utf8mb4 COLLATE=utf8mb4_unicode_ci;

-- --------------------------------------------------------

--
-- Structure de la table `tache`
--

CREATE TABLE IF NOT EXISTS `tache` (
  `id` int NOT NULL AUTO_INCREMENT,
  `statut_id` int NOT NULL,
  `owner_id` int DEFAULT NULL,
  `description` longtext CHARACTER SET utf8mb4 COLLATE utf8mb4_unicode_ci,
  `date` datetime NOT NULL,
  `mission_id` int DEFAULT NULL,
  PRIMARY KEY (`id`),
  KEY `IDX_93872075F6203804` (`statut_id`),
  KEY `IDX_938720757E3C61F9` (`owner_id`),
  KEY `IDX_93872075BE6CAE90` (`mission_id`)
) ENGINE=InnoDB DEFAULT CHARSET=utf8mb4 COLLATE=utf8mb4_unicode_ci;

-- --------------------------------------------------------

--
-- Structure de la table `telephone`
--

CREATE TABLE IF NOT EXISTS `telephone` (
  `id` int NOT NULL AUTO_INCREMENT,
  `statut_id` int NOT NULL,
  `entreprise_id` int DEFAULT NULL,
  `contact_id` int DEFAULT NULL,
  `number` varchar(255) CHARACTER SET utf8mb4 COLLATE utf8mb4_unicode_ci NOT NULL,
  `observation` longtext CHARACTER SET utf8mb4 COLLATE utf8mb4_unicode_ci,
  PRIMARY KEY (`id`),
  KEY `IDX_450FF010F6203804` (`statut_id`),
  KEY `IDX_450FF010A4AEAFEA` (`entreprise_id`),
  KEY `IDX_450FF010E7A1254A` (`contact_id`)
) ENGINE=InnoDB AUTO_INCREMENT=2957 DEFAULT CHARSET=utf8mb4 COLLATE=utf8mb4_unicode_ci;

--
-- Déchargement des données de la table `telephone`
--

INSERT INTO `telephone` (`id`, `statut_id`, `entreprise_id`, `contact_id`, `number`, `observation`) VALUES
(7, 1, 0, 1, '05 34 42 92 89', '16 boulevard Strasbourg'),
(8, 1, 0, 2, '05 61 27 99 30 ', '11 Bis route Faubourg du Sers'),
(9, 1, 0, 3, '05 62 73 74 60 ', '26 rue 10 Avril'),
(10, 1, 0, 4, ' 06 43 30 82 83 ', '514 route St Barthelemy'),
(11, 1, 0, 5, '05 62 26 35 72 ', '34 rue Languedoc'),
(12, 1, 0, 6, '05 62 26 35 37 ', '34 rue Languedoc'),
(13, 1, 0, 7, '05 63 54 99 43 ', '39 rue Négrouillère'),
(14, 1, 0, 8, '05 34 50 86 30 ', '25 boulevard Victor Hugo'),
(15, 1, 0, 9, '05 61 13 12 12 ', '61 rue Pierre Cazeneuve'),
(16, 1, 0, 10, '05 61 13 15 36 ', '61 rue Pierre Cazeneuve'),
(17, 1, 0, 11, '05 61 80 99 28 ', '1 imp Pontils'),
(18, 1, 0, 12, '05 61 27 66 18 ', '5 rue EquipementZone de Vic'),
(19, 1, 0, 13, '05 61 44 80 23 ', '34 avenue De Lattre de Tassigny'),
(20, 1, 0, 14, '05 62 32 02 17 ', '13 rue Plaine'),
(21, 1, 0, 15, '05 63 63 81 67 ', '77 fbg Lacapelle'),
(22, 1, 0, 16, '05 61 87 94 30 ', 'Village'),
(23, 1, 0, 17, '05 61 87 36 33 ', '7 grand rue'),
(24, 1, 0, 18, '05 65 98 03 04 ', '49 boulevard Emile Borel'),
(25, 1, 0, 19, '05 62 47 86 66 ', '16 avenue Castres'),
(26, 1, 0, 20, '05 61 42 59 41 ', '25 rue de Bourrassol'),
(27, 1, 0, 21, ' 06 62 38 68 13 ', '10 rue Embarthe'),
(28, 1, 0, 22, '05 61 25 75 92 ', '9 rue Ninau'),
(29, 1, 0, 23, '09 51 66 66 62 ', '9 rue Louis Fouré Labrot'),
(30, 1, 0, 24, ' 06 32 52 05 76 ', '11 B rue Deodora'),
(31, 1, 0, 25, '05 61 13 60 79 ', 'Zac De Grande Borde Innopole rue Découverte'),
(32, 1, 0, 26, '05 62 93 33 82 ', '5 avenue Pyrénées'),
(33, 1, 0, 27, '05 65 22 11 22 ', '56 Bis boulevard Léon Gambetta'),
(34, 1, 0, 28, '05 62 05 01 01 ', '4 rue Bazillac'),
(35, 1, 0, 29, '05 62 67 86 50 ', 'Magenta'),
(36, 1, 0, 30, '05 61 11 99 21 ', '7 chem Maurice'),
(37, 1, 0, 31, '05 82 95 10 06 ', 'Château de Larlenque'),
(38, 1, 0, 32, ' 05 63 39 54 37 ', '67 allée 4 Septembre'),
(39, 1, 0, 33, '05 63 39 08 23 ', '67 allée 4 Septembre'),
(40, 1, 0, 34, '05 61 48 84 07 ', '7 chem Maurice'),
(41, 1, 0, 35, '05 34 01 56 19 ', 'rte Mirepoix'),
(42, 1, 0, 36, '05 62 28 89 54 ', '89 rue Nationale'),
(43, 1, 0, 37, ' 05 61 99 14 18 ', '37 rue Pierre Paul Riquet'),
(44, 1, 0, 38, '05 63 34 10 20 ', '8 place République'),
(45, 1, 0, 39, ' 06 99 05 56 02 ', '9 rue Ancienne Gare'),
(46, 1, 0, 40, '05 65 37 84 59 ', '90 avenue Toulouse'),
(47, 1, 0, 41, '05 63 50 33 86 ', '2 place Promenades'),
(48, 1, 0, 42, '-', '2 rue Dordogne'),
(49, 1, 0, 43, '05 61 42 36 10 ', 'Malafosse Pierre6 allée Charles de Fitte'),
(50, 1, 0, 44, '-', '26 rue Dupont'),
(51, 1, 0, 45, '09 54 67 70 06 ', '65 allée Bellefontaine'),
(52, 1, 0, 46, '09 54 67 70 06 ', '65 allée Bellefontaine'),
(53, 1, 0, 47, '05 34 66 14 34 ', '7 chem Pouzic'),
(54, 1, 0, 48, '05 61 12 37 81 ', '2 rue Chambéry'),
(55, 1, 0, 49, '05 62 40 03 58 ', 'Village'),
(56, 1, 0, 50, '05 62 37 59 72 ', '41 rue Anatole France'),
(57, 1, 0, 51, '05 34 25 39 18 ', '87 route Albi'),
(58, 1, 0, 52, '05 63 34 77 82 ', '51 chem Duchesse'),
(59, 1, 0, 53, '09 54 45 97 35 ', 'Les Triades Bât B 130 rue Galilée'),
(60, 1, 0, 54, '05 34 41 18 09 ', '8 rue St Orens'),
(61, 1, 0, 55, '05 34 41 18 09 ', '11 boulevard Récollets'),
(62, 1, 0, 56, ' 06 15 02 96 87 ', '126 chem Bourdettes'),
(63, 1, 0, 57, '-', '126 chem des Bourdettes'),
(64, 1, 0, 58, '05 63 54 05 56 ', '27 place Edmond Canet'),
(65, 1, 0, 59, '05 34 46 50 65 ', '7 avenue Jacques Douzans'),
(66, 1, 0, 60, '05 62 26 91 60 ', 'secrétariat11 rue Darquié'),
(67, 1, 0, 61, ' 05 63 34 10 21 ', '8 place République'),
(68, 1, 0, 62, '05 63 34 10 20 ', '8 place République'),
(69, 1, 0, 63, '05 34 33 78 21 ', '47 allée Brienne'),
(70, 1, 0, 64, '05 34 25 29 90 ', '28 avenue Léon Blum'),
(71, 1, 0, 65, '05 63 47 16 17 ', '129 avenue François Verdier'),
(72, 1, 0, 66, '05 63 56 19 61 ', 'pl St Félix'),
(73, 1, 0, 67, '05 63 59 76 86 ', '27 avenue Lucien Coudert'),
(74, 1, 0, 68, '05 34 60 28 10 ', '61 avenue Gén de Croutte'),
(75, 1, 0, 69, '09 79 55 98 09 ', '61 avenue Gén de Croutte'),
(76, 1, 0, 70, '05 61 89 69 55 ', '7 place Armand Marrast'),
(77, 1, 0, 71, '05 62 09 71 16 ', 'cabinet2 rue Rabelais'),
(78, 1, 0, 72, '05 61 54 01 44 ', '2 route Toulouse'),
(79, 1, 0, 73, '05 62 57 79 80 ', '5 rue Mercure'),
(80, 1, 0, 74, ' 05 62 95 09 02 ', '8 place Vignaux'),
(81, 1, 0, 75, '05 61 86 84 10 ', '83 rue Gaston Doumergue'),
(82, 1, 0, 76, ' 06 76 32 89 31 ', '8 rue Jean Monnet'),
(83, 1, 0, 77, '05 63 58 16 11 ', 'En Tabat'),
(84, 1, 0, 78, '05 34 25 02 30 ', '21 rue Oeillets'),
(85, 1, 0, 79, '05 61 41 75 90 ', '10 imp Salinié'),
(86, 1, 0, 80, '05 61 06 82 31 ', '557 A chem Moulin'),
(87, 1, 0, 81, '05 34 14 34 80 ', 'bureau19 chem Pujole'),
(88, 1, 0, 82, '-', '7 rue Arts'),
(89, 1, 0, 83, '05 61 45 72 37 ', '55 avenue Louis Bréguet'),
(90, 1, 0, 84, '05 65 34 45 94 ', '32 chem Narbonnet'),
(91, 1, 0, 85, '05 61 55 59 13 ', '9 place Carmes'),
(92, 1, 0, 86, ' 06 09 82 81 77 ', '4 avenue Charles Pillat'),
(93, 1, 0, 87, '05 61 52 10 00 ', '32 chem Butte'),
(94, 1, 0, 88, ' 06 38 39 17 77 ', 'Maison Bolton route Lapanouse'),
(95, 1, 0, 89, '05 62 47 64 90 ', '19 rue Drouet'),
(96, 1, 0, 90, '05 63 33 09 89 ', 'Lapeyrière'),
(97, 1, 0, 91, '05 34 41 39 60 ', 'standard25 rue Claire Pauilhac'),
(98, 1, 0, 92, '05 61 90 18 00 ', 'Couartet'),
(99, 1, 0, 93, '05 61 90 18 00 ', 'chem Couartet'),
(100, 1, 0, 94, '05 62 48 34 34 ', '227 avenue de Muret'),
(101, 1, 0, 95, '09 75 61 18 84 ', '19 chem Pujole'),
(102, 1, 0, 96, '05 61 59 57 52 ', '25 rue Bourrassol'),
(103, 1, 0, 97, '05 61 59 57 52 ', '25 rue Bourrassol'),
(104, 1, 0, 98, '05 62 71 90 92 ', '4 rue Stade'),
(105, 1, 0, 99, '05 34 51 48 70 ', '28 rue République'),
(106, 1, 0, 100, '-', '78 allée Jean Jaurès'),
(107, 1, 0, 101, '05 61 44 28 18 ', '5 route Espagne'),
(108, 1, 0, 102, '05 61 85 48 45 ', '5 avenue Save'),
(109, 1, 0, 103, '05 61 44 28 18 ', '5 route d\'Espagne'),
(110, 1, 0, 104, '05 61 26 12 89 ', '23 Bis rue Ecoles'),
(111, 1, 0, 105, '05 61 21 31 26 ', '15 rue Negreneys'),
(112, 1, 0, 106, '05 61 52 06 68 ', '4 rue Frênes'),
(113, 1, 0, 107, '05 31 54 33 91 ', '17 rue Amélie'),
(114, 1, 0, 108, ' 06 09 69 94 84 ', 'lieu-dit La Briguerie'),
(115, 1, 0, 109, '05 65 21 15 31 ', 'lieu-dit La Briguerie'),
(116, 1, 0, 110, '05 61 80 61 95 ', '6 rue Ringaud'),
(117, 1, 0, 111, '05 62 36 22 30 ', '48 rue Huit Mai Mille Neuf Ce'),
(118, 1, 0, 112, '05 61 95 11 39 ', '54 avenue Isle'),
(119, 1, 0, 113, ' 05 63 41 89 14 ', '65 rue Loubatière'),
(120, 1, 0, 114, '05 61 53 16 16 ', '44 rue Languedoc'),
(121, 1, 0, 115, '05 61 95 11 39 ', '5 rue Indépedance'),
(122, 1, 0, 116, '05 62 40 03 58 ', 'Village'),
(123, 1, 0, 117, '-', '21 rue de l\'Allier'),
(124, 1, 0, 118, '05 61 57 44 43 ', '16 boulevard Strasbourg'),
(125, 1, 0, 119, '05 61 20 30 88 ', '227 Bis chem Gabardie'),
(126, 1, 0, 120, '05 34 25 06 94 ', '2 imp Louis Sire'),
(127, 1, 0, 121, '05 61 49 10 77 ', '34 rue Louis Lumière'),
(128, 1, 0, 122, ' 05 63 63 58 36 ', '39 grand rue Villenouvelle'),
(129, 1, 0, 123, '05 62 34 67 84 ', '15 rue Haras'),
(130, 1, 0, 124, '05 61 85 98 83 ', '2253 route GUINOT'),
(131, 1, 0, 125, '05 34 44 10 50 ', '353 route Seysses'),
(132, 1, 0, 126, '05 65 36 05 65 ', 'Lieu dit Gagnoulat'),
(133, 1, 0, 127, '05 61 05 87 50 ', 'village Bédeilhac'),
(134, 1, 0, 128, '05 34 09 30 94 ', '36 rue Delcassé'),
(135, 1, 0, 129, ' 05 63 47 15 49 ', '2 rue Poudrière'),
(136, 1, 0, 130, '05 61 89 04 65 ', '3 rue Pouech'),
(137, 1, 0, 131, '05 61 08 50 89 ', '4 imp Autan'),
(138, 1, 0, 132, '05 63 66 07 07 ', '8 place Bicentenaire'),
(139, 1, 0, 133, '05 63 47 90 94 ', '2 avenue René Cassin'),
(140, 1, 0, 134, '05 63 33 72 91 ', 'lieu-dit Beaudinencq'),
(141, 1, 0, 135, '05 34 27 44 18 ', '125 chem Castor'),
(142, 1, 0, 136, '05 61 03 52 61 ', '63 rue Jean Jaurès'),
(143, 1, 0, 137, '05 65 37 80 56 ', '4 place Doussot'),
(144, 1, 0, 138, '05 62 42 25 98 ', '4 rue Vincent Scotto'),
(145, 1, 0, 139, '05 61 01 91 89 ', '8 quai Ariège'),
(146, 1, 0, 140, '05 63 61 15 88 ', '4 rue Méjanel'),
(147, 1, 0, 141, '05 62 47 51 47 ', '18 rue Cosmonautes'),
(148, 1, 0, 142, '05 61 21 94 57 ', '63 boulevard Lazare Carnot'),
(149, 1, 0, 143, '05 61 52 96 15 ', '6 place St Etienne'),
(150, 1, 0, 144, '05 62 41 89 26 ', '33 avenue Gén Leclerc'),
(151, 1, 0, 145, '05 81 27 60 03 ', '10 rue des Fleurs'),
(152, 1, 0, 146, '05 61 53 36 45 ', '22 rue Croix Baragnon'),
(153, 1, 0, 147, '09 51 21 70 12 ', '12 chem Bramevaques'),
(154, 1, 0, 148, ' 06 83 29 61 41 ', '150 rue Fort'),
(155, 1, 0, 149, '05 63 91 43 08 ', '3 place Libération'),
(156, 1, 0, 150, '05 65 22 54 96 ', '247 rue Eglise'),
(157, 1, 0, 151, '05 61 52 73 35 ', '7 allée Paul Feuga'),
(158, 1, 0, 152, '05 62 64 32 46 ', 'A Casteljaloux'),
(159, 1, 0, 153, '05 61 29 04 05 ', '8 boulevard Marcel Paul'),
(160, 1, 0, 154, '05 63 77 67 22 ', '12 rue Gabriel Pech'),
(161, 1, 0, 155, '05 63 77 67 22 ', '12 rue Gabriel Pech'),
(162, 1, 0, 156, '05 63 58 54 78 ', 'La Revelle'),
(163, 1, 0, 157, ' 06 25 80 86 61 ', 'Roumégouse'),
(164, 1, 0, 158, ' 06 25 80 86 61 ', '95 rue Bastide'),
(165, 1, 0, 159, '05 65 67 02 12 ', 'St Cyrice Etoile Le Serial 8 rue Faubourg Lo Barri'),
(166, 1, 0, 160, '05 61 52 14 73 ', '215 route Narbonne'),
(167, 1, 0, 161, '05 34 14 66 39 ', '3 avenue Victor Pilhes'),
(168, 1, 0, 162, '05 62 06 00 28 ', 'Balas Arnaudlieu-dit a vignaux'),
(169, 1, 0, 163, '05 61 73 84 70 ', '39 rue Baudelaire'),
(170, 1, 0, 164, ' 05 61 83 90 26 ', 'St Anatoly'),
(171, 1, 0, 165, '05 62 93 36 47 ', '2 rue Petite de l\'Hôpital'),
(172, 1, 0, 166, '05 61 59 43 28 ', '28 allée Charles de Fitte'),
(173, 1, 0, 167, '05 61 25 82 06 ', '6 rue Tolosane'),
(174, 1, 0, 168, ' 05 63 58 42 30 ', '36 place Griffoul'),
(175, 1, 0, 169, '05 63 03 39 67 ', '114 rue Louis Lépine Albasud'),
(176, 1, 0, 170, '05 63 57 48 01 ', '28 avenue Saint Exupéry'),
(177, 1, 0, 171, '05 62 79 71 00 ', '3 chem Labastidole'),
(178, 1, 0, 172, '05 34 27 43 44 ', '9 place Mairie'),
(179, 1, 0, 173, '-', '100 avenue Jean Rieux'),
(180, 1, 0, 174, '05 62 10 87 30 ', '8 imp Oliviers'),
(181, 1, 0, 175, '05 31 98 97 53 ', '20 quai Lucien Lombard'),
(182, 1, 0, 176, '05 61 55 01 66 ', '28 rue Gorp Le Busca'),
(183, 1, 0, 177, '05 65 34 25 76 ', '2 esc Calvaire'),
(184, 1, 0, 178, '05 62 68 32 59 ', '24 route Agen'),
(185, 1, 0, 179, '05 62 61 83 53 ', '6 rue Eugene Sue'),
(186, 1, 0, 180, '05 62 05 34 56 ', '41 ch de Landon'),
(187, 1, 0, 181, '05 62 93 78 08 ', '13 rue Château d\'Eau'),
(188, 1, 0, 182, '05 61 63 93 00 ', '3 Bis rue Esquile'),
(189, 1, 0, 183, '05 63 40 00 00 ', '65 rue Loubatière'),
(190, 1, 0, 184, '05 65 65 60 08 ', '42 rue Hom'),
(191, 1, 0, 185, '05 62 47 00 69 ', '15 rue Mercure'),
(192, 1, 0, 186, '05 61 21 05 97 ', '8 rue Arnaud de Molles'),
(193, 1, 0, 187, '05 34 45 41 41 ', '10 port St Sauveur'),
(194, 1, 0, 188, '05 81 33 12 12 ', '8 rue republique'),
(195, 1, 0, 189, '05 62 34 38 44 ', '4 place Ste Anne'),
(196, 1, 0, 190, '05 61 53 76 02 ', '38 rue Alfred Dumeril'),
(197, 1, 0, 191, '05 34 48 07 91 ', '80 route Gaillard du Port'),
(198, 1, 0, 192, '05 62 72 06 05 ', '26 rue Chaussas'),
(199, 1, 0, 193, '05 62 98 84 58 ', '5 rue bourg'),
(200, 1, 0, 194, '05 61 16 69 40 ', '10 cheminement Le Tintoret'),
(201, 1, 0, 195, '05 65 67 02 12 ', 'bureauSt Cyrice Etoile Le Serial 8 rue Faubourg Lo Barri'),
(202, 1, 0, 196, '05 65 50 02 41 ', 'bureau15 rue Champ de St Barthélémy'),
(203, 1, 0, 197, '05 63 65 15 87 ', 'lieu-dit Taneria route Dieupentale'),
(204, 1, 0, 198, '-', 'lieu-dit Taneria route Dieupentale'),
(205, 1, 0, 199, '05 63 36 68 47 ', 'pl Mairie'),
(206, 1, 0, 200, '05 63 36 68 47 ', 'pl Mairie'),
(207, 1, 0, 201, '', '9 place VerdunB'),
(208, 1, 0, 202, '-', '14 Bis rue Lalanne'),
(209, 1, 0, 203, '05 62 79 63 46 ', '18 rue Paillas'),
(210, 1, 0, 204, '05 62 48 34 34 ', '227 avenue Muret'),
(211, 1, 0, 205, '-', '45 rue Vieux Moulin'),
(212, 1, 0, 206, '09 75 82 13 27 ', '6 route Cepet'),
(213, 1, 0, 207, '05 61 40 89 73 ', '19 avenue Winston Churchill'),
(214, 1, 0, 208, '05 62 44 01 40 ', '3 rue Georges Magnoac'),
(215, 1, 0, 209, ' 05 34 30 11 88 ', '7 chem Rivière Longue'),
(216, 1, 0, 210, ' 05 65 43 00 85 ', '39 rue Cayrade'),
(217, 1, 0, 211, '05 62 09 55 68 ', 'Lourie'),
(218, 1, 0, 212, ' 06 63 52 37 86 ', '31 rue Henriette Achiary'),
(219, 1, 0, 213, '05 62 94 55 55 ', '5 rue Hôtel de Ville'),
(220, 1, 0, 214, '05 61 62 00 76 ', '24 rue Ingres'),
(221, 1, 0, 215, '05 61 52 22 58 ', '13 rue Boulbonne'),
(222, 1, 0, 216, '09 81 37 12 26 ', '78 rue Egalité'),
(223, 1, 0, 217, '05 61 22 99 00 ', '34 avenue Maignan'),
(224, 1, 0, 218, '05 63 48 82 00 ', '7 boulevard Carnot'),
(225, 1, 0, 219, '05 34 36 12 88 ', '14 rue Briquetiers'),
(226, 1, 0, 220, '05 62 61 67 67 ', '2 rue Fermat'),
(227, 1, 0, 221, ' 06 52 36 33 51 ', '19 rue St Honoré'),
(228, 1, 0, 222, '09 51 70 37 11 ', '1 rue Libre Echange'),
(229, 1, 0, 223, '-', 'Gwénaëlle Coatanroc\'h62 chem St Antoine'),
(230, 1, 0, 224, ' 05 31 98 42 38 ', 'Mourchid Abdellatif20 quai Lucien Lombard'),
(231, 1, 0, 225, '09 52 15 29 15 ', '32 rue Desaix'),
(232, 1, 0, 226, ' 05 61 12 06 82 ', 'Les Fontaines Larrey 4 place Bologne'),
(233, 1, 0, 227, '09 66 91 34 25 ', 'Bât E 12 rue Tananarive'),
(234, 1, 0, 228, '05 61 44 01 90 ', 'Bât E 12 rue Tananarive'),
(235, 1, 0, 229, '05 62 27 00 70 ', '4 rue Georges Courteline'),
(236, 1, 0, 230, '09 50 16 09 30 ', 'imp Cendresses'),
(237, 1, 0, 231, '09 61 28 18 60 ', 'bureau16 avenue Vallées'),
(238, 1, 0, 232, '05 65 63 61 30 ', '9 rue Emile Nègre'),
(239, 1, 0, 233, ' 07 86 11 09 64 ', '35 avenue Danemark'),
(240, 1, 0, 234, '05 61 09 12 95 ', '1 Quater chem Lamarque'),
(241, 1, 0, 235, '09 71 47 32 02 ', '16 rue Lespes'),
(242, 1, 0, 236, '05 61 26 80 63 ', '15 boulevard Monplaisir'),
(243, 1, 0, 237, ' 05 61 32 84 43 ', '23 rue Prof Martin'),
(244, 1, 0, 238, '05 63 65 78 47 ', '1 imp Braille'),
(245, 1, 0, 239, '05 61 25 10 37 ', '7 rue Bertrand Gril'),
(246, 1, 0, 240, ' 06 72 38 00 07 ', '132 rue Achille Viadieu'),
(247, 1, 0, 241, '05 62 07 44 90 ', '52 rue Metz'),
(248, 1, 0, 242, '05 65 70 46 89 ', '10 rue Raynal'),
(249, 1, 0, 243, '05 61 47 51 97 ', '3 rue Guillaume Ibos'),
(250, 1, 0, 244, '05 61 22 18 46 ', '2 avenue de Lombez'),
(251, 1, 0, 245, '05 65 69 08 87 ', '23 rue Neuve'),
(252, 1, 0, 246, '05 65 69 08 87 ', '23 rue Neuve'),
(253, 1, 0, 247, ' 05 62 07 26 77 ', '1 rue Ste Clothilde'),
(254, 1, 0, 248, '05 63 46 23 55 ', '33 35 gde rue Barbacane'),
(255, 1, 0, 249, '05 61 71 34 23 ', '52 vieux chemin Grenade'),
(256, 1, 0, 250, ' 06 28 32 64 48 ', '9 rue Rives'),
(257, 1, 0, 251, ' 06 13 15 29 11 ', '7 rue Rivals'),
(258, 1, 0, 252, '05 61 95 66 12 ', '12 place La Fayette'),
(259, 1, 0, 253, '05 61 78 58 70 ', '37 rue Viguerie'),
(260, 1, 0, 254, '05 62 16 38 75 ', '14 rue Libiet'),
(261, 1, 0, 255, '05 62 69 98 64 ', 'Village'),
(262, 1, 0, 256, '05 63 74 82 80 ', '30 place Jean Jaurès'),
(263, 1, 0, 257, '09 66 12 74 21 ', '62 chem St Antoine'),
(264, 1, 0, 258, '05 65 50 08 98 ', '22 rue Emile Zola'),
(265, 1, 0, 259, '05 62 05 61 11 ', 'bureaux9 rue Lorraine'),
(266, 1, 0, 260, '05 62 08 52 68 ', 'A Seignebon'),
(267, 1, 0, 261, '05 62 93 99 26 ', 'cabinet71 avenue Régiment de Bigorre'),
(268, 1, 0, 262, '05 62 48 34 34 ', '227 avenue Muret'),
(269, 1, 0, 263, '05 62 16 15 28 ', '35 avenue Castres'),
(270, 1, 0, 264, '05 65 68 34 88 ', 'rte Conques Puech Baurez'),
(271, 1, 0, 265, '05 65 40 95 80 ', '5 avenue Gén de Gaulle'),
(272, 1, 0, 266, '05 65 24 78 96 ', 'lieu-dit Bourg'),
(273, 1, 0, 267, '05 65 30 15 71 ', '70 rue Georges Clemenceau'),
(274, 1, 0, 268, '05 65 48 64 19 ', '14 rue Château'),
(275, 1, 0, 269, ' 06 80 99 18 16 ', 'Foures'),
(276, 1, 0, 270, '05 61 53 93 23 ', '3 Ter avenue URSS'),
(277, 1, 0, 271, '05 61 87 06 73 ', 'Bousquet'),
(278, 1, 0, 272, '05 61 87 06 73 ', 'Bousquet'),
(279, 1, 0, 273, '05 61 03 19 33 ', 'village Bedeilhac'),
(280, 1, 0, 274, '05 34 46 52 17 ', '33 rue Paul Gauguin'),
(281, 1, 0, 275, ' 05 61 47 23 64 ', '77 allée Brienne'),
(282, 1, 0, 276, ' 06 82 43 75 24 ', '24 rue Montesquieu'),
(283, 1, 0, 277, '05 61 12 44 00 ', '2 rue Temponières'),
(284, 1, 0, 278, ' 05 61 22 92 93 ', '12 rue Prieuré'),
(285, 1, 0, 279, '05 63 59 07 02 ', '18 rue Marcel Briguiboul'),
(286, 1, 0, 280, '05 65 34 30 93 ', '12 rue Colomb'),
(287, 1, 0, 281, ' 05 65 34 54 14 ', '12 rue Colomb'),
(288, 1, 0, 282, '09 60 45 54 13 ', 'Le Planol'),
(289, 1, 0, 283, '05 61 98 69 65 ', 'bd Nord'),
(290, 1, 0, 284, ' 04 67 98 62 15 ', '5 rue Dalmatie'),
(291, 1, 0, 285, '05 62 34 38 44 ', '4 place st Anne'),
(292, 1, 0, 286, '05 63 34 81 96 ', 'Le Bat Bat'),
(293, 1, 0, 287, '05 81 04 16 43 ', 'Standard54 fbg Moustier'),
(294, 1, 0, 288, '05 65 49 03 90 ', 'Mezaillade de Lapeyre'),
(295, 1, 0, 289, '05 65 37 10 30 ', '1 boulevard Louis Jean Malvy'),
(296, 1, 0, 290, '05 63 75 19 83 ', 'La Bouriette'),
(297, 1, 0, 291, '05 62 59 88 93 ', 'Pte 1 12 place Marché'),
(298, 1, 0, 292, '05 63 58 36 70 ', 'Pillié'),
(299, 1, 0, 293, '05 61 80 87 02 ', '10 chem Carrosse'),
(300, 1, 0, 294, '-', '14 rue Carnot'),
(301, 1, 0, 295, '05 62 51 10 10 ', '80 avenue Azereix'),
(302, 1, 0, 296, '05 65 68 64 00 ', '37 rue Béteille'),
(303, 1, 0, 297, '-', '5 allée Riou Maury'),
(304, 1, 0, 298, '05 61 54 72 11 ', '10 rue Gabriel Péri'),
(305, 1, 0, 299, '-', '47 avenue Marcel Lacassagne'),
(306, 1, 0, 300, '05 63 31 22 10 ', '47 avenue Marcel Lacassagne'),
(307, 1, 0, 301, '05 61 52 61 43 ', '15 rue Fonderie'),
(308, 1, 0, 302, ' 05 62 26 27 08 ', '6 allée Paul Sabatier'),
(309, 1, 0, 303, '05 61 33 16 01 ', '32 avenue Balansa'),
(310, 1, 0, 304, '05 63 04 45 45 ', '14 prom Sancert'),
(311, 1, 0, 305, '05 65 73 31 15 ', '46 rue Paraire'),
(312, 1, 0, 306, '05 65 73 12 76 ', 'Europa 18 avenue Jean Monnet'),
(313, 1, 0, 307, '05 61 62 96 70 ', '37 rue Pierre Paul Riquet'),
(314, 1, 0, 308, '05 65 29 95 46 ', 'Bannes'),
(315, 1, 0, 309, '05 61 63 04 66 ', '37 rue Pierre Paul Riquet'),
(316, 1, 0, 310, '05 61 83 01 65 ', '4 rue Epeautre'),
(317, 1, 0, 311, '05 65 73 31 15 ', 'bureau46 rue Paraire'),
(318, 1, 0, 312, ' 06 85 05 09 25 ', '13 rue St Blaise'),
(319, 1, 0, 313, '05 61 34 92 51 ', '10 chem Carrosse'),
(320, 1, 0, 314, '-', '40 Ter rue Printemps'),
(321, 1, 0, 315, '05 61 53 69 58 ', '51 rue Paradoux'),
(322, 1, 0, 316, ' 05 65 43 00 85 ', '48 rue Clémenceau'),
(323, 1, 0, 317, '09 61 59 44 60 ', '48 rue Clémenceau'),
(324, 1, 0, 318, '05 65 22 26 33 ', '74 rue Denis Forestier'),
(325, 1, 0, 319, '05 62 34 36 16 ', 'résid Albion 14 rue Joseph Moulès'),
(326, 1, 0, 320, '05 62 35 44 08 ', '7 Bis rue Monts de Bigorre'),
(327, 1, 0, 321, '05 62 65 56 16 ', '36 chem Enlejeau'),
(328, 1, 0, 322, '05 65 35 09 05 ', 'Dablanc'),
(329, 1, 0, 323, ' 05 61 82 15 25 ', '10 imp Fougeres'),
(330, 1, 0, 324, '05 63 35 60 38 ', '16 rue Mérigonde'),
(331, 1, 0, 325, '05 61 50 75 57 ', '2 avenue Nailloux'),
(332, 1, 0, 326, '05 63 97 96 08 ', '1 lot Carrières'),
(333, 1, 0, 327, '05 61 13 78 56 ', '70 rue Jacques Babinet'),
(334, 1, 0, 328, '05 61 91 19 05 ', 'Crabille'),
(335, 1, 0, 329, '05 61 97 46 94 ', 'Motis'),
(336, 1, 0, 330, '05 63 66 46 29 ', '20 Bis rue Henri Marre'),
(337, 1, 0, 331, ' 05 63 66 71 87 ', '20 Bis rue Henri Marre'),
(338, 1, 0, 332, ' 06 64 83 90 49 ', '53 petite route Lezat'),
(339, 1, 0, 333, '09 53 63 11 73 ', '83 rue Alsace Lorraine'),
(340, 1, 0, 334, '05 62 20 51 54 ', '12 allée Soupirs'),
(341, 1, 0, 335, '05 61 53 25 15 ', '4 rue Saules'),
(342, 1, 0, 336, '05 61 70 40 98 ', '23 rue Languedoc'),
(343, 1, 0, 337, '05 63 32 44 49 ', '12 rue Egalité'),
(344, 1, 0, 338, '05 63 32 44 49 ', '12 rue Egalité'),
(345, 1, 0, 339, '05 65 59 43 98 ', '4 rue Planard'),
(346, 1, 0, 340, '05 62 26 13 07 ', '44 rue Languedoc'),
(347, 1, 0, 341, '05 61 69 59 31 ', '1 rue Vigne'),
(348, 1, 0, 342, '05 63 49 49 39 ', 'STANDARD2 rue Poudrière'),
(349, 1, 0, 343, '05 63 49 49 39 ', '2 rue Poudrière'),
(350, 1, 0, 344, '05 34 66 30 26 ', 'Les Pierrous Le Bois Grand'),
(351, 1, 0, 345, '05 61 62 57 79 ', '7 chem Vignalis'),
(352, 1, 0, 346, ' 06 81 83 10 29 ', '54 rue St July'),
(353, 1, 0, 347, '-', 'le village'),
(354, 1, 0, 348, ' 06 84 35 55 86 ', '1 rue Rotonde'),
(355, 1, 0, 349, '05 61 69 62 86 ', 'Santarossa Frédéricferme Rape'),
(356, 1, 0, 350, '05 65 60 94 38 ', 'Boscus Rond Point de la Roque'),
(357, 1, 0, 351, '05 65 21 09 55 ', 'lieu-dit Garric'),
(358, 1, 0, 352, '05 62 05 75 34 ', '29 chem Baron'),
(359, 1, 0, 353, '05 61 52 84 94 ', '8 chem Terrasse'),
(360, 1, 0, 354, '05 61 72 59 80 ', 'Candarchitectes116 route Espagnebat 2 helios'),
(361, 1, 0, 355, '05 61 72 59 80 ', 'Candarchitectes116 route Espagnebat 2 helios'),
(362, 1, 0, 356, '05 63 35 85 98 ', '40 chem Pique Basse'),
(363, 1, 0, 357, '05 62 79 00 39 ', '38 rue Jean Jaurès'),
(364, 1, 0, 358, '05 61 62 61 71 ', '4 rue Orient'),
(365, 1, 0, 359, ' 05 61 87 97 30 ', 'Terre'),
(366, 1, 0, 360, '05 61 67 00 65 ', '4 avenue du Couserans'),
(367, 1, 0, 361, '05 34 60 46 90 ', 'Technoclub 4 rue Jean FarmanBât D'),
(368, 1, 0, 362, '05 61 63 77 34 ', '15 rue Raymond IV'),
(369, 1, 0, 363, '05 63 71 49 71 ', '41 Bis rue Am Galiber'),
(370, 1, 0, 364, '09 67 03 14 91 ', '30 rue Mairie'),
(371, 1, 0, 365, '05 65 62 37 47 ', '6 avenue du Pré de Vabres'),
(372, 1, 0, 366, '05 65 62 37 47 ', '6 avenue Pré de Vabre'),
(373, 1, 0, 367, '05 62 65 76 01 ', 'Le Bout de la Côte'),
(374, 1, 0, 368, '05 65 31 00 41 ', 'pl Mairie'),
(375, 1, 0, 369, '05 65 30 62 06 ', 'bureauLe Bourg'),
(376, 1, 0, 370, ' 06 83 35 62 68 ', '21 rue Palaprat'),
(377, 1, 0, 371, '05 34 46 31 50 ', '99 route Espagne'),
(378, 1, 0, 372, '05 63 54 80 13 ', '60 boulevard Soult'),
(379, 1, 0, 373, '05 62 79 55 36 ', '5 Bis place Castelet'),
(380, 1, 0, 374, ' 06 66 49 95 84 ', '21 rue Palaprat'),
(381, 1, 0, 375, '05 61 25 44 74 ', '1 rue Bouquières'),
(382, 1, 0, 376, '05 63 66 05 22 ', '5 rue Etampes'),
(383, 1, 0, 377, '05 63 30 81 98 ', '10 rue Marcelin Viguié'),
(384, 1, 0, 378, '05 34 25 39 18 ', '87 route Albi'),
(385, 1, 0, 379, '05 63 59 81 84 ', '88 rue Paul Gauguin'),
(386, 1, 0, 380, '05 34 01 33 55 ', '12 rue Charles de Gaulle'),
(387, 1, 0, 381, '05 34 09 38 27 ', '16 allée Villote'),
(388, 1, 0, 382, '05 63 55 57 02 ', '11 place République'),
(389, 1, 0, 383, '05 61 55 16 19 ', '6 rue Tolosane'),
(390, 1, 0, 384, '05 62 74 17 75 ', '15 rue Moulin'),
(391, 1, 0, 385, '05 61 21 00 37 ', '7 rue Auber'),
(392, 1, 0, 386, '05 63 95 09 60 ', '49 rue Egalité'),
(393, 1, 0, 387, '-', '14 prom Sancert'),
(394, 1, 0, 388, '05 62 95 87 87 ', '21 rue République'),
(395, 1, 0, 389, '05 65 34 58 16 ', '21 allée Victor Hugo'),
(396, 1, 0, 390, ' 05 65 80 88 41 ', '13 rue République'),
(397, 1, 0, 391, '05 65 65 13 40 ', '9 place Jean Jaurès'),
(398, 1, 0, 392, '05 61 15 79 93 ', '3 rue Charrons'),
(399, 1, 0, 393, '05 62 93 11 79 ', '37 rue Am Courbet'),
(400, 1, 0, 394, ' 05 62 73 15 15 ', 'FAX6 rue Moulin Bayard'),
(401, 1, 0, 395, ' 05 61 99 29 91 ', '6 rue Moulin Bayard'),
(402, 1, 0, 396, '05 61 92 06 11 ', '13 rue Tournebroche'),
(403, 1, 0, 397, '05 65 60 10 62 ', 'Vialatelle'),
(404, 1, 0, 398, '05 65 60 10 62 ', 'Vialatelle'),
(405, 1, 0, 399, '05 62 17 21 01 ', 'Parc St Agne 10 rue Eglise'),
(406, 1, 0, 400, ' 05 65 60 33 23 ', '57 avenue Jean Jaurès'),
(407, 1, 0, 401, '-', '21 rue Elie Augustin'),
(408, 1, 0, 402, ' 06 77 62 57 77 ', 'rte Pech CuretLa Coste'),
(409, 1, 0, 403, '05 65 30 95 96 ', 'chem Cammas'),
(410, 1, 0, 404, '05 65 62 56 80 ', 'le Bourg'),
(411, 1, 0, 405, ' 06 61 46 59 77 ', '2 rue Béteille'),
(412, 1, 0, 406, '05 62 21 33 11 ', '112 boulevard Deodat de Severac'),
(413, 1, 0, 407, '05 65 34 36 21 ', '16 avenue Emile Bouyssou'),
(414, 1, 0, 408, '05 61 55 44 11 ', '120 allée Barcelone'),
(415, 1, 0, 409, '05 63 63 63 31 ', '17 place Nationale'),
(416, 1, 0, 410, '05 63 63 63 31 ', '17 place Nationale'),
(417, 1, 0, 411, ' 06 12 75 95 56 ', '31 rue Cher'),
(418, 1, 0, 412, '05 65 22 02 78 ', 'Vayrols'),
(419, 1, 0, 413, '05 65 40 65 83 ', '10 place Eglise'),
(420, 1, 0, 414, '05 62 94 82 51 ', '4 rue Rochers'),
(421, 1, 0, 415, '-', '21 rue République'),
(422, 1, 0, 416, '05 61 25 22 64 ', '33 rue Croix Baragnon'),
(423, 1, 0, 417, '05 61 60 61 60 ', 'pl Europe'),
(424, 1, 0, 418, '05 61 02 61 02 ', '26 fbg Planissolles'),
(425, 1, 0, 419, '05 65 44 55 14 ', '2 place Eglise'),
(426, 1, 0, 420, '05 63 79 26 46 ', '17 place République'),
(427, 1, 0, 421, '05 65 65 60 08 ', '42 rue Hom'),
(428, 1, 0, 422, '05 65 67 02 12 ', 'St Cyrice Etoile Le Serial 8 rue Faubourg Lo Barri'),
(429, 1, 0, 423, '05 61 65 13 05 ', '16 rue Marchands'),
(430, 1, 0, 424, '05 62 73 39 83 ', '30 rue Chalets'),
(431, 1, 0, 425, '05 61 21 11 12 ', '10 rue Puits Creuses'),
(432, 1, 0, 426, '05 61 66 19 81 ', '5 Villefranche'),
(433, 1, 0, 427, '05 62 95 05 91 ', '36 rue Philadelphe de Gerde'),
(434, 1, 0, 428, '05 62 34 66 92 ', '66 avenue du Régiment de Bigorre'),
(435, 1, 0, 429, '05 62 66 71 55 ', '9 rue Laffiteau'),
(436, 1, 0, 430, '05 62 66 71 55 ', '9 rue LaffiteauBP 35'),
(437, 1, 0, 431, '-', 'Caillavel Grand'),
(438, 1, 0, 432, ' 06 28 32 12 27 ', '136 boulevard Pierre et Marie Curie'),
(439, 1, 0, 433, '05 81 28 94 62 ', '530 route Saint Martial'),
(440, 1, 0, 434, '05 81 28 94 62 ', 'Celadon Design530 route St Martial'),
(441, 1, 0, 435, '05 61 80 43 89 ', '6 rue Ringaud'),
(442, 1, 0, 436, '05 65 80 89 71 ', 'pl Foirail Haut'),
(443, 1, 0, 437, ' 05 61 52 10 05 ', '32 chem Butte'),
(444, 1, 0, 438, '05 61 52 10 00 ', '32 chem Butte'),
(445, 1, 0, 439, '05 65 44 32 99 ', 'Le Bourg'),
(446, 1, 0, 440, '05 63 77 67 22 ', '12 rue Gabriel Pech'),
(447, 1, 0, 441, '05 62 61 28 00 ', 'cabinet25 rue Victor Hugo'),
(448, 1, 0, 442, '09 77 79 81 60 ', '25 rue Victor Hugo'),
(449, 1, 0, 443, '05 61 80 57 79 ', '6 rue Ringaud'),
(450, 1, 0, 444, '09 71 45 23 64 ', '6 rue Ringaud'),
(451, 1, 0, 445, '05 62 94 41 84 ', '15 avenue Maransin'),
(452, 1, 0, 446, '05 65 34 65 07 ', 'pl Eglise'),
(453, 1, 0, 447, '05 65 80 21 20 ', '12 avenue Ségala'),
(454, 1, 0, 448, '05 65 34 36 21 ', '16 avenue Emile Bouyssou'),
(455, 1, 0, 449, '05 34 52 43 35 ', '5 avenue 8 Mai 1945'),
(456, 1, 0, 450, '05 61 53 49 54 ', '8 rue St Joseph'),
(457, 1, 0, 451, '05 63 33 24 90 ', 'Litré'),
(458, 1, 0, 452, '05 62 45 35 36 ', '3 rue Occitane'),
(459, 1, 0, 453, '05 61 21 31 26 ', '15 rue Negreneys'),
(460, 1, 0, 454, '05 62 97 22 46 ', '2 place Foirail'),
(461, 1, 0, 455, '05 61 81 97 33 ', '24 chem Graves'),
(462, 1, 0, 456, ' 06 13 56 62 42 ', '2 chem Saouret'),
(463, 1, 0, 457, ' 06 21 23 90 03 ', '26 boulevard Gustave Garrisson'),
(464, 1, 0, 458, '05 61 14 16 01 ', '11 rue Boulbonne'),
(465, 1, 0, 459, '05 34 31 50 00 ', '11 rue Joseph Vie'),
(466, 1, 0, 460, '05 63 34 61 79 ', '40 avenue Victor Hugo'),
(467, 1, 0, 461, '05 62 66 54 49 ', '12 rue Marrens'),
(468, 1, 0, 462, '09 75 54 58 92 ', '12 rue Marrens'),
(469, 1, 0, 463, '09 77 44 49 15 ', 'le Bourg'),
(470, 1, 0, 464, '05 61 55 36 06 ', '40 boulevard Récollets'),
(471, 1, 0, 465, '05 65 80 89 71 ', 'pl Foirail Haut'),
(472, 1, 0, 466, ' 05 65 64 79 11 ', '16 avenue Planhol'),
(473, 1, 0, 467, '05 62 79 64 39 ', '5 rue Cazalès'),
(474, 1, 0, 468, '05 61 01 12 90 ', '5 avenue 8 Mai 1945'),
(475, 1, 0, 469, '05 61 53 25 15 ', '4 rue Saules'),
(476, 1, 0, 470, ' 05 61 60 67 14 ', '21 rue Hôtel de Ville'),
(477, 1, 0, 471, '05 34 30 94 57 ', '29 rue Pharaon'),
(478, 1, 0, 472, '05 61 64 52 30 ', 'La Tour de Loup'),
(479, 1, 0, 473, '05 62 33 02 82 ', '1 rue Roland Garros'),
(480, 1, 0, 474, '05 62 34 94 18 ', '20 rue Industrie'),
(481, 1, 0, 475, '05 63 59 73 13 ', '4 rue Prévoyance'),
(482, 1, 0, 476, '05 63 48 44 55 ', '33 rue Croix Verte'),
(483, 1, 0, 477, '05 63 49 76 47 ', 'Zi 62 chem St Antoine'),
(484, 1, 0, 478, '-', 'Les Montels La ferme saint Michel'),
(485, 1, 0, 479, '09 69 80 57 29 ', '23 avenue Gare'),
(486, 1, 0, 480, '05 61 71 57 29 ', '23 avenue Gare'),
(487, 1, 0, 481, ' 06 83 76 42 56 ', '10 rue Jean Delzars'),
(488, 1, 0, 482, '05 65 98 03 03 ', '49 boulevard Emile Borel'),
(489, 1, 0, 483, '05 65 29 72 36 ', 'r Barriou'),
(490, 1, 0, 484, '05 34 27 44 47 ', 'pl Château'),
(491, 1, 0, 485, '05 34 27 44 47 ', 'pl Château'),
(492, 1, 0, 486, '05 61 52 83 44 ', '36 rue Géraniums'),
(493, 1, 0, 487, '05 61 56 55 73 ', '95 avenue Pyrénées'),
(494, 1, 0, 488, ' 06 71 26 53 01 ', 'lieu-dit Lamic'),
(495, 1, 0, 489, '05 65 44 15 67 ', '5 rue Antoine Fanguin'),
(496, 1, 0, 490, '05 61 52 35 80 ', '61 rue Bonnat'),
(497, 1, 0, 491, ' 05 61 16 67 88 ', '4 imp Berlioz'),
(498, 1, 0, 492, '05 65 50 02 41 ', '15 rue Champ de St Barthélémy'),
(499, 1, 0, 493, '05 63 56 81 46 ', 'lieu-dit Lamartine'),
(500, 1, 0, 494, '05 65 73 31 01 ', '3 Bis place Bonnaterre'),
(501, 1, 0, 495, '-', '3 rue de l\'Ouest'),
(502, 1, 0, 496, '-', '14 place Fréderic Bompaire'),
(503, 1, 0, 497, '05 61 75 91 03 ', '13 rue Mûriers'),
(504, 1, 0, 498, '05 65 31 07 03 ', 'Petitel'),
(505, 1, 0, 499, '05 65 34 54 92 ', 'le Rieu'),
(506, 1, 0, 500, '05 65 60 85 38 ', '105 avenue Calès'),
(507, 1, 0, 501, '-', 'r Cinéma'),
(508, 1, 0, 502, '05 61 33 18 61 ', '25 rue Ozenne'),
(509, 1, 0, 503, '05 65 49 20 04 ', 'Vispens'),
(510, 1, 0, 504, '05 61 89 54 46 ', '12 boulevard Azémar'),
(511, 1, 0, 505, '-', '2 rue Bonhore'),
(512, 1, 0, 506, '05 62 91 62 30 ', '4 passage Garnavie'),
(513, 1, 0, 507, '05 34 66 14 44 ', '32 chem Butte'),
(514, 1, 0, 508, ' 06 82 49 55 02 ', '30 rue Levant'),
(515, 1, 0, 509, '-', 'chem Lapujade'),
(516, 1, 0, 510, '05 34 51 24 67 ', 'CPBR ARCHITECTURE52 Bis avenue Jacques Douzans'),
(517, 1, 0, 511, '05 61 48 80 78 ', '62 rue Champs Elysées'),
(518, 1, 0, 512, '05 61 52 10 22 ', '7 rue Jacques Cartier'),
(519, 1, 0, 513, '05 61 67 01 84 ', '12 rue Gabriel Fauré'),
(520, 1, 0, 514, '05 61 99 30 24 ', '4 rue Guillemin Tarayre'),
(521, 1, 0, 515, '05 65 60 36 19 ', '15 boulevard De Bonald'),
(522, 1, 0, 516, '05 61 53 90 72 ', '18 rue Languedoc'),
(523, 1, 0, 517, '09 61 56 96 70 ', '9 Ter route Lourdes'),
(524, 1, 0, 518, '05 61 21 81 29 ', '9 place Parlement'),
(525, 1, 0, 519, '05 63 91 95 56 ', '879 boulevard Blaise Doumerc'),
(526, 1, 0, 520, '09 54 46 00 54 ', '13 rue Pic du Midi'),
(527, 1, 0, 521, '05 65 38 48 67 ', 'quai Promenade'),
(528, 1, 0, 522, '05 65 42 38 44 ', 'pl République'),
(529, 1, 0, 523, '05 65 42 38 44 ', 'pl République'),
(530, 1, 0, 524, ' 06 86 55 59 03 ', 'Tarras Tarras'),
(531, 1, 0, 525, '09 52 24 43 32 ', '11 rue Pargaminières'),
(532, 1, 0, 526, '09 54 60 23 69 ', '74 route Tournefeuille'),
(533, 1, 0, 527, '05 61 92 60 89 ', '72 route Tournefeuille'),
(534, 1, 0, 528, '05 61 27 24 10 ', '7 rue Verger'),
(535, 1, 0, 529, '05 61 32 82 86 ', '2 Bis rue Chairedon'),
(536, 1, 0, 530, '05 63 20 72 81 ', 'Darre le Barry Sud'),
(537, 1, 0, 531, '05 63 32 50 19 ', '38 boulevard 4 Septembre'),
(538, 1, 0, 532, '05 61 30 37 37 ', '45 rue Prat'),
(539, 1, 0, 533, '05 61 73 20 32 ', '1 rue Noyers'),
(540, 1, 0, 534, '05 63 30 19 57 ', '500 chem Callory'),
(541, 1, 0, 535, '05 61 45 11 62 ', 'Résid La Farguette 107 allée Victor Hugo'),
(542, 1, 0, 536, '05 65 73 65 65 ', '5 boulevard 122ème RI'),
(543, 1, 0, 537, '05 34 01 00 15 ', '5 rue Jacobins'),
(544, 1, 0, 538, '05 61 13 78 56 ', '70 rue Jacques Babinet'),
(545, 1, 0, 539, '05 61 13 78 56 ', '70 rue Jacques Babinet'),
(546, 1, 0, 540, '05 61 23 14 60 ', '7 rue Auber'),
(547, 1, 0, 541, '05 61 12 20 55 ', '37 boulevard Récollets'),
(548, 1, 0, 542, '05 61 30 41 28 ', '50 allée des Tricheries'),
(549, 1, 0, 543, '05 61 88 57 01 ', '174 rue Monetuc'),
(550, 1, 0, 544, '05 62 94 06 67 ', '2 avenue Mar Foch'),
(551, 1, 0, 545, '05 61 52 61 58 ', '24 allée Frédéric Mistral'),
(552, 1, 0, 546, '05 65 44 14 73 ', '4 avenue Laguiole'),
(553, 1, 0, 547, '05 65 35 65 24 ', '58 rue Louis Deloncle'),
(554, 1, 0, 548, '05 62 26 57 11 ', '6 rue Tolosane'),
(555, 1, 0, 549, '05 34 61 26 41 ', '10 rue Daniel Decour'),
(556, 1, 0, 550, '-', '1 rue Bertrand BarèreRésidence les Terrasses de Verdun'),
(557, 1, 0, 551, '05 61 22 45 00 ', '8 place Arnaud Bernard'),
(558, 1, 0, 552, '05 63 63 84 10 ', '32 rue République'),
(559, 1, 0, 553, '05 61 55 22 48 ', '45 rue Alfred Dumeril'),
(560, 1, 0, 554, '05 61 23 93 50 ', '87 rue Jean Micoud'),
(561, 1, 0, 555, '05 62 05 05 69 ', '3 rue D Artagnan'),
(562, 1, 0, 556, '05 65 44 85 67 ', 'Sangayrac'),
(563, 1, 0, 557, '05 61 22 72 88 ', '9 rue Antonin Mercie'),
(564, 1, 0, 558, '05 65 35 62 24 ', '38 rue Soubirous'),
(565, 1, 0, 559, '05 63 26 40 67 ', '3 rue Mary Lafon'),
(566, 1, 0, 560, '05 63 38 61 57 ', '30 chem Crêtes'),
(567, 1, 0, 561, ' 05 63 26 01 08 ', '20 avenue Edouard Herriot'),
(568, 1, 0, 562, '05 61 48 72 77 ', '39 rue Périole'),
(569, 1, 0, 563, '05 62 34 39 39 ', '30 avenue Marne'),
(570, 1, 0, 564, '05 61 42 52 54 ', '58 rue République'),
(571, 1, 0, 565, '05 61 83 47 03 ', '12 chem Lasserre'),
(572, 1, 0, 566, '05 65 42 23 85 ', '2 tour Ville'),
(573, 1, 0, 567, '05 61 80 82 31 ', '36 port St Sauveur'),
(574, 1, 0, 568, '05 65 38 45 41 ', '4 rue Pintre'),
(575, 1, 0, 569, '05 61 14 11 42 ', '306 route Seysses'),
(576, 1, 0, 570, '05 65 38 48 67 ', 'quai Promenade'),
(577, 1, 0, 571, '05 61 05 83 36 ', '42 avenue Léon Blum'),
(578, 1, 0, 572, '05 63 41 66 01 ', 'Notre Dame'),
(579, 1, 0, 573, '05 61 56 78 90 ', '8 avenue Pic du Ger'),
(580, 1, 0, 574, ' 05 62 21 02 99 ', '28 rue République'),
(581, 1, 0, 575, '05 65 35 09 05 ', 'rte Figeac'),
(582, 1, 0, 576, '05 65 35 09 05 ', 'rte Figeac'),
(583, 1, 0, 577, '05 34 66 30 21 ', '2 Bis chem Lastours'),
(584, 1, 0, 578, '05 61 87 61 64 ', '13 Bis rue Vielle'),
(585, 1, 0, 579, '05 65 78 15 11 ', '1 place Bonnaterre'),
(586, 1, 0, 580, '05 62 79 60 53 ', '219 chem La Mongiscarde'),
(587, 1, 0, 581, '05 65 50 06 87 ', '1 Bis rue Malleville'),
(588, 1, 0, 582, '09 61 24 69 97 ', '1 Bis rue Malleville'),
(589, 1, 0, 583, '-', 'r des Jardins Occitans'),
(590, 1, 0, 584, '05 62 08 10 35 ', 'lieu dit Larroudé'),
(591, 1, 0, 585, '-', '806 chem Remoulin'),
(592, 1, 0, 586, ' 06 70 17 45 85 ', '806 chem Remoulin'),
(593, 1, 0, 587, '05 65 21 08 79 ', 'Bigos'),
(594, 1, 0, 588, '-', 'Montiron Vatican'),
(595, 1, 0, 589, '05 62 51 00 47 ', '24 rue Corps Franc Pommiès'),
(596, 1, 0, 590, '05 61 25 67 23 ', '42 rue St Thomas d\'Aquin'),
(597, 1, 0, 591, '05 61 32 64 09 ', '18 place Dupuy'),
(598, 1, 0, 592, '05 63 04 08 06 ', '4 rue Brésidou'),
(599, 1, 0, 593, '05 62 05 34 68 ', '62 rue Somme'),
(600, 1, 0, 594, '05 65 32 41 13 ', 'r Duguesclin'),
(601, 1, 0, 595, '05 61 96 76 05 ', '8 avenue Noël Peyrevidal'),
(602, 1, 0, 596, '05 61 52 61 43 ', '15 rue Fonderie'),
(603, 1, 0, 597, '05 61 25 41 36 ', '15 rue Fonderie'),
(604, 1, 0, 598, '05 65 35 57 25 ', '313 rue Anatole France'),
(605, 1, 0, 599, '05 61 13 78 56 ', '70 rue Jacques Babinet'),
(606, 1, 0, 600, '05 61 25 04 91 ', '19 allée Demoiselles'),
(607, 1, 0, 601, '05 61 52 06 68 ', '4 rue Frênes'),
(608, 1, 0, 602, '05 62 08 93 85 ', 'Caillou route d\'Estang'),
(609, 1, 0, 603, '-', '152 rue Chaussas'),
(610, 1, 0, 604, '05 62 37 16 93 ', '1 rue Foirail'),
(611, 1, 0, 605, '05 61 62 42 23 ', '17 rue André Mercadier'),
(612, 1, 0, 606, '05 62 93 36 73 ', '2 rue Georges Lassalle'),
(613, 1, 0, 607, '05 61 59 00 85 ', '23 boulevard Riquet'),
(614, 1, 0, 608, '05 65 46 52 58 ', '24 avenue de la République'),
(615, 1, 0, 609, '05 65 49 03 90 ', 'Les Mézaillades'),
(616, 1, 0, 610, '05 61 78 09 87 ', 'all Michel De Montaigne'),
(617, 1, 0, 611, '05 65 44 68 34 ', '2 avenue Arsène Ratier'),
(618, 1, 0, 612, '05 61 20 62 97 ', '52 rue Raspail'),
(619, 1, 0, 613, '09 50 55 35 19 ', '46 boulevard Minimes'),
(620, 1, 0, 614, '05 34 52 94 89 ', 'rte St Paul'),
(621, 1, 0, 615, '05 61 86 86 73 ', '3 avenue Comminges'),
(622, 1, 0, 616, '05 65 62 21 53 ', 'Bourg'),
(623, 1, 0, 617, '05 82 95 07 73 ', '19 rue Gén de Gaulle'),
(624, 1, 0, 618, '05 34 09 81 40 ', '6 rue Petite des Ruisseaux'),
(625, 1, 0, 619, '05 34 66 61 39 ', '7 place Soupetard'),
(626, 1, 0, 620, '05 62 51 95 76 ', '24 avenue Régiment de Bigorre'),
(627, 1, 0, 621, '05 62 34 97 22 ', '24 avenue Régiment de Bigorre'),
(628, 1, 0, 622, '05 63 49 99 45 ', '15 rue Roc'),
(629, 1, 0, 623, '05 65 46 11 35 ', 'bureauTayac'),
(630, 1, 0, 624, '05 34 46 19 48 ', '113 boulevard Lamasquère'),
(631, 1, 0, 625, '05 62 16 11 42 ', '1 rue Assalit'),
(632, 1, 0, 626, '05 63 54 52 33 ', '8 rue Engueysse'),
(633, 1, 0, 627, ' 06 29 21 69 39 ', '74 chem Tournefeuille'),
(634, 1, 0, 628, '-', '9 place Parlement'),
(635, 1, 0, 629, '05 61 23 79 23 ', 'bureau18 rue Tivoli'),
(636, 1, 0, 630, '05 61 20 36 68 ', '41 avenue Toulouse'),
(637, 1, 0, 631, '05 61 95 92 57 ', '43 avenue de Toulouse'),
(638, 1, 0, 632, '-', 'all Stade'),
(639, 1, 0, 633, ' 06 07 97 28 47 ', '23 rue Larrey'),
(640, 1, 0, 634, '05 62 44 86 19 ', 'Res Foch 23 rue Larrey'),
(641, 1, 0, 635, '05 34 51 24 25 ', '1 rue Teinturiers'),
(642, 1, 0, 636, '-', '4 rue Saint Blaise'),
(643, 1, 0, 637, '05 61 52 31 57 ', '2 imp Henri Tagnères'),
(644, 1, 0, 638, '05 61 52 02 96 ', '25 avenue Marcel Langer'),
(645, 1, 0, 639, '05 61 21 31 65 ', '6 rue Malbec'),
(646, 1, 0, 640, '05 63 59 90 55 ', '15 rue Anne Veaute'),
(647, 1, 0, 641, '05 34 25 39 18 ', '87 route Albi'),
(648, 1, 0, 642, '05 65 70 67 89 ', '117 avenue Rodez'),
(649, 1, 0, 643, '05 65 49 64 22 ', '50 avenue Alphonse Pezet'),
(650, 1, 0, 644, '05 61 22 73 11 ', '9 place Parlement'),
(651, 1, 0, 645, '05 61 21 65 32 ', '4 rue Ninau'),
(652, 1, 0, 646, '05 65 50 02 41 ', '15 rue Champ de St Barthélémy'),
(653, 1, 0, 647, '05 61 53 23 36 ', '2 rue François Coppée'),
(654, 1, 0, 648, '05 63 38 39 30 ', '10 rue Pierre Jamet'),
(655, 1, 0, 649, '05 61 82 66 76 ', 'zone artisanale Proxima rue Lanoux'),
(656, 1, 0, 650, '05 61 95 11 39 ', '54 avenue Isle'),
(657, 1, 0, 651, '05 61 80 98 52 ', '29 Bis boulevard Deltour'),
(658, 1, 0, 652, '05 63 91 85 52 ', '30 rue Comédie'),
(659, 1, 0, 653, '05 61 62 29 40 ', '5 rue François Mansard'),
(660, 1, 0, 654, '05 65 32 77 62 ', '21 rue Halle'),
(661, 1, 0, 655, '05 65 41 11 66 ', '35 boulevard Mainiol'),
(662, 1, 0, 656, '05 61 37 00 42 ', '4 imp Jean Jacques Rousseau'),
(663, 1, 0, 657, '05 61 80 41 05 ', 'cabinet13 rue Action Toulousaine'),
(664, 1, 0, 658, '05 62 69 12 69 ', 'bureaur En Bas'),
(665, 1, 0, 659, '05 61 50 89 02 ', '6 rue République'),
(666, 1, 0, 660, '05 61 95 99 47 ', '1 rue Mathé'),
(667, 1, 0, 661, '-', '10 rue Neuve'),
(668, 1, 0, 662, '-', '19 rue Raymond IV'),
(669, 1, 0, 663, ' 06 10 87 66 12 ', '13 rue Arros'),
(670, 1, 0, 664, '-', '46 rue Léon Gambetta'),
(671, 1, 0, 665, '-', '85 avenue Castres'),
(672, 1, 0, 666, ' 05 63 98 55 81 ', 'Rigautou 85 avenue Castres'),
(673, 1, 0, 667, '05 61 99 10 23 ', '37 rue Pierre Paul Riquet'),
(674, 1, 0, 668, '05 65 48 09 98 ', 'r Antoine Fanguin'),
(675, 1, 0, 669, '-', '7 rue Henry Jaudon'),
(676, 1, 0, 670, '05 65 42 44 20 ', '33 rue Grandet'),
(677, 1, 0, 671, '05 65 66 17 83 ', '39 Grand Rue'),
(678, 1, 0, 672, '05 62 34 69 42 ', 'cabinet12 Bis rue André Fourcade'),
(679, 1, 0, 673, '05 65 22 67 73 ', '265 rue Fondue Haute'),
(680, 1, 0, 674, '05 65 22 67 73 ', 'bureau265 rue Fondue Haute'),
(681, 1, 0, 675, '05 61 35 88 18 ', '21 Bis chem Ladoux'),
(682, 1, 0, 676, '05 65 38 28 27 ', '16 rue République'),
(683, 1, 0, 677, '05 61 06 58 59 ', '17 rue Albert Camus'),
(684, 1, 0, 678, '05 63 57 33 56 ', '43 rue Gaubil'),
(685, 1, 0, 679, '-', '9 place Parlement'),
(686, 1, 0, 680, '05 62 26 35 37 ', '8 rue Jules de Resseguier'),
(687, 1, 0, 681, '05 62 95 48 84 ', '12 rue République'),
(688, 1, 0, 682, '05 62 93 01 68 ', '32 place Marcadieu'),
(689, 1, 0, 683, ' 06 77 17 93 29 ', '28 boulevard Eugène Delacroix'),
(690, 1, 0, 684, '05 61 34 07 75 ', '70 chem Malepère'),
(691, 1, 0, 685, '09 77 72 46 05 ', '14 rue Printemps'),
(692, 1, 0, 686, '05 63 61 80 54 ', 'bureaux19 rue Henri Gardet'),
(693, 1, 0, 687, ' 06 33 33 36 21 ', '2 imp Goya'),
(694, 1, 0, 688, '05 61 62 80 05 ', '18 rue Jardins'),
(695, 1, 0, 689, '05 63 65 10 20 ', '8 avenue Gén Leclerc'),
(696, 1, 0, 690, '05 63 65 10 20 ', '8 avenue Gén Leclerc'),
(697, 1, 0, 691, '05 65 64 67 78 ', 'Remise'),
(698, 1, 0, 692, '05 65 45 13 86 ', '32 avenue Croates'),
(699, 1, 0, 693, '05 65 65 88 87 ', 'Le Py'),
(700, 1, 0, 694, '-', 'imp Seilhan'),
(701, 1, 0, 695, '05 61 57 97 78 ', '23 route Blagnac'),
(702, 1, 0, 696, '05 61 57 86 43 ', '23 route Blagnac'),
(703, 1, 0, 697, '05 61 48 72 02 ', '90 avenue Lavaur'),
(704, 1, 0, 698, '05 61 52 82 01 ', '30 rue Languedoc'),
(705, 1, 0, 699, '05 34 51 84 41 ', '4 rue Noisetiers'),
(706, 1, 0, 700, '05 61 57 86 43 ', '23 route Blagnac'),
(707, 1, 0, 701, '05 61 57 97 78 ', '23 route Blagnac'),
(708, 1, 0, 702, ' 06 22 32 55 78 ', '30 place Mage'),
(709, 1, 0, 703, '05 65 24 39 39 ', '8 rue Mascoutou'),
(710, 1, 0, 704, '05 65 51 67 37 ', 'lieu-dit Monastorg'),
(711, 1, 0, 705, '05 63 70 73 10 ', '3 chem Emboyer'),
(712, 1, 0, 706, '05 61 11 49 19 ', '28 avenue Léon Blum'),
(713, 1, 0, 707, '05 62 91 04 62 ', '1 rue des Thermes'),
(714, 1, 0, 708, '-', 'Repech'),
(715, 1, 0, 709, '05 61 98 32 93 ', 'Grassian'),
(716, 1, 0, 710, '05 65 67 11 04 ', '37 rue Béteille'),
(717, 1, 0, 711, ' 05 65 73 15 07 ', '8 boulevard 122ème RI'),
(718, 1, 0, 712, '05 61 09 57 25 ', '12 chem Barus'),
(719, 1, 0, 713, '05 61 53 56 00 ', '15 avenue Crampel'),
(720, 1, 0, 714, '05 61 35 64 19 ', 'Foulloubal'),
(721, 1, 0, 715, '05 65 71 69 52 ', 'Le Bourg le Bourg'),
(722, 1, 0, 716, '05 65 51 60 34 ', '33 boulevard Guizard'),
(723, 1, 0, 717, '05 34 51 39 18 ', '40 rue Docteur Bernardbeig'),
(724, 1, 0, 718, '05 63 61 24 03 ', '23 rue FerronnerieZI Bonnecombe'),
(725, 1, 0, 719, '05 61 71 59 97 ', '16 rue Carrière'),
(726, 1, 0, 720, '05 62 93 91 85 ', '12 cours Gambetta'),
(727, 1, 0, 721, '05 82 74 33 46 ', '5 avenue Marots'),
(728, 1, 0, 722, '05 61 98 67 21 ', 'Village'),
(729, 1, 0, 723, '05 65 41 40 65 ', 'lieu-dit Pouzols'),
(730, 1, 0, 724, '05 65 74 05 01 ', '72 avenue Millau'),
(731, 1, 0, 725, '05 62 73 15 15 ', '6 rue Moulin Bayard'),
(732, 1, 0, 726, '05 61 52 00 59 ', '8 rue Ste Anne'),
(733, 1, 0, 727, '-', '208 rue Thiers'),
(734, 1, 0, 728, '05 62 48 14 14 ', '31 rue Bégonias'),
(735, 1, 0, 729, '09 53 39 79 88 ', 'Les Mottes'),
(736, 1, 0, 730, '09 50 72 06 35 ', '8 rue Arnaud de Molles'),
(737, 1, 0, 731, '05 62 69 53 88 ', '2 boulevard Pyrénées'),
(738, 1, 0, 732, '05 62 34 42 36 ', '20 rue Victoire'),
(739, 1, 0, 733, '05 61 25 08 87 ', '38 allée Charles de Fitte'),
(740, 1, 0, 734, ' 05 62 56 13 73 ', '20 rue Victoire'),
(741, 1, 0, 735, '09 75 94 94 02 ', '12 rue Docteur Calmette'),
(742, 1, 0, 736, '05 61 59 30 15 ', '2 allée Rémy Raymond'),
(743, 1, 0, 737, '05 61 47 86 00 ', '83 boulevard Pierre et Marie Curie'),
(744, 1, 0, 738, '09 75 59 04 69 ', '24 route Agen'),
(745, 1, 0, 739, '05 65 50 31 76 ', '2 boulevard Georges Juskiewenski'),
(746, 1, 0, 740, '05 63 91 04 90 ', '93 fbg Lacapelle'),
(747, 1, 0, 741, '05 62 28 07 45 ', '2 place Lucien Lamarque'),
(748, 1, 0, 742, '05 67 16 68 53 ', '41 avenue de Toulouse'),
(749, 1, 0, 743, '05 61 25 74 18 ', '7 avenue Albert Bedouce'),
(750, 1, 0, 744, '05 62 67 83 74 ', '4 rue Collège'),
(751, 1, 0, 745, '05 65 30 05 66 ', 'Cavaniès'),
(752, 1, 0, 746, '05 63 40 40 55 ', '16 place Paul Saissac'),
(753, 1, 0, 747, '05 65 48 02 23 ', '1 boulevard Guizard'),
(754, 1, 0, 748, '05 61 21 17 86 ', '48 rue St Rome'),
(755, 1, 0, 749, '05 62 98 74 21 ', 'r Royale'),
(756, 1, 0, 750, '05 61 75 89 38 ', '17 avenue Pierre Mendès France'),
(757, 1, 0, 751, '05 65 50 07 57 ', 'bureau19 rue Orthabadial'),
(758, 1, 0, 752, '05 65 63 89 92 ', '11 Bis rue Maurice Lagarrigue'),
(759, 1, 0, 753, '05 62 29 52 52 ', 'zi la Couture'),
(760, 1, 0, 754, '05 61 87 52 09 ', '11 chem Hillaou'),
(761, 1, 0, 755, '05 62 08 88 62 ', '49 rue Nationale'),
(762, 1, 0, 756, '05 62 66 20 70 ', 'Le Château'),
(763, 1, 0, 757, '05 34 30 17 91 ', '2 imp Louis Sire'),
(764, 1, 0, 758, '05 34 30 17 91 ', '2 imp Louis Sire'),
(765, 1, 0, 759, ' 06 70 31 41 77 ', '5 place Charles de Gaulle'),
(766, 1, 0, 760, '05 61 31 84 34 ', '56 chem Flambère'),
(767, 1, 0, 761, '05 62 73 73 10 ', '16 rue Arnaud Vidal'),
(768, 1, 0, 762, '05 62 73 73 10 ', '16 rue Arnaud Vidal'),
(769, 1, 0, 763, '05 62 28 27 92 ', 'La Justice'),
(770, 1, 0, 764, '05 61 59 29 59 ', '25 rue Bourrassol'),
(771, 1, 0, 765, '05 65 65 89 35 ', '5 boulevard Haute Guyenne'),
(772, 1, 0, 766, '05 65 64 53 02 ', '10 avenue Villefranche'),
(773, 1, 0, 767, '05 81 66 10 68 ', '15 boulevard jean Bepmale'),
(774, 1, 0, 768, '05 62 73 73 10 ', '16 rue Arnaud Vidal'),
(775, 1, 0, 769, '05 62 93 04 06 ', '33 rue Brauhauban'),
(776, 1, 0, 770, '05 61 79 69 83 ', '3 rue Doct Huguet'),
(777, 1, 0, 771, '05 62 07 34 67 ', '77 rue République'),
(778, 1, 0, 772, '-', '12 rue Occitanie'),
(779, 1, 0, 773, '05 62 31 19 39 ', '3 quart Concazaux'),
(780, 1, 0, 774, '05 61 13 72 22 ', '10 rue Pierre Cazeneuve'),
(781, 1, 0, 775, '05 61 84 80 23 ', '33 chem Rabaudis'),
(782, 1, 0, 776, '05 63 60 88 46 ', '51 rue Escapadou'),
(783, 1, 0, 777, '05 63 02 00 46 ', 'Moulin de La Rouquette'),
(784, 1, 0, 778, '05 62 91 04 62 ', '1 rue Thermes'),
(785, 1, 0, 779, '05 62 93 04 06 ', '33 rue Brauhauban'),
(786, 1, 0, 780, '05 63 61 80 91 ', '40 boulevard Soult'),
(787, 1, 0, 781, '05 61 27 63 32 ', '48 rue Republique'),
(788, 1, 0, 782, '-', 'Le Village'),
(789, 1, 0, 783, ' 06 59 09 69 70 ', 'Village'),
(790, 1, 0, 784, '05 61 83 79 14 ', 'r Notre Dame'),
(791, 1, 0, 785, '05 61 52 98 25 ', '4 rue Orient'),
(792, 1, 0, 786, '05 61 15 40 31 ', '4 rue Orient'),
(793, 1, 0, 787, '05 65 68 64 00 ', '37 rue Béteille'),
(794, 1, 0, 788, '05 61 27 63 32 ', '48 rue de la République'),
(795, 1, 0, 789, '05 65 30 15 71 ', '70 rue Georges Clemenceau'),
(796, 1, 0, 790, '05 62 94 41 84 ', 'cabinet15 avenue Maransin'),
(797, 1, 0, 791, '05 62 94 41 84 ', 'cabinet15 avenue Maransin'),
(798, 1, 0, 792, '05 61 21 31 65 ', '6 rue Malbec'),
(799, 1, 0, 793, '05 63 47 54 75 ', '17 avenue Dembourg'),
(800, 1, 0, 794, '05 62 30 90 30 ', '1 boulevard Bonrepos'),
(801, 1, 0, 795, '05 62 79 40 62 ', 'rte Mondot'),
(802, 1, 0, 796, ' 06 20 49 02 36 ', '114 chem Larramet'),
(803, 1, 0, 797, '05 34 51 34 37 ', '11 rue Louis Courtois de Vicose'),
(804, 1, 0, 798, '05 61 67 13 35 ', '3 B avenue Jean Durroux'),
(805, 1, 0, 799, '05 65 68 64 00 ', '37 rue Béteille'),
(806, 1, 0, 800, ' 06 88 55 57 78 ', '5 rue Neouvielle'),
(807, 1, 0, 801, '05 62 67 73 76 ', '89 rue Nationale'),
(808, 1, 0, 802, '05 62 34 77 60 ', '1 rue Foirail'),
(809, 1, 0, 803, '05 65 33 48 88 ', 'chem Picarel'),
(810, 1, 0, 804, ' 06 07 51 76 68 ', '-'),
(811, 1, 0, 805, '05 63 37 02 38 ', 'lieu-dit Salessade'),
(812, 1, 0, 806, '05 61 68 96 36 ', '8 rue Boulbonne'),
(813, 1, 0, 807, ' 06 09 16 21 19 ', '77 rue Pyrénées'),
(814, 1, 0, 808, '09 52 60 71 34 ', '5 allée Lasplanes'),
(815, 1, 0, 809, '05 61 62 35 03 ', '8 rue Joseph Vie'),
(816, 1, 0, 810, '05 65 52 73 80 ', '17 rue Commerce'),
(817, 1, 0, 811, '05 62 89 12 31 ', '86 rue Amidonniers'),
(818, 1, 0, 812, '-', 'Village'),
(819, 1, 0, 813, '05 61 81 36 35 ', 'Le Village'),
(820, 1, 0, 814, '05 61 81 36 35 ', 'Le Village'),
(821, 1, 0, 815, '05 61 84 50 50 ', '5 route de Baougnac'),
(822, 1, 0, 816, ' 06 80 62 26 26 ', '21 avenue Jean Jaurès'),
(823, 1, 0, 817, '05 63 58 05 80 ', '13 avenue Victor Hugo'),
(824, 1, 0, 818, ' 05 65 22 68 55 ', '8 rue Claux Grands'),
(825, 1, 0, 819, '05 63 95 30 96 ', 'côte Vignalas'),
(826, 1, 0, 820, ' 06 62 01 45 06 ', '4 rue Dauphine'),
(827, 1, 0, 821, '05 65 38 13 02 ', 'bureau43 rue République'),
(828, 1, 0, 822, '05 61 55 02 77 ', '12 rue Tolosane'),
(829, 1, 0, 823, ' 06 14 60 67 60 ', '12 boulevard Joffrery'),
(830, 1, 0, 824, '05 65 68 35 60 ', '6 boulevard François Fabiérésid La Durenque'),
(831, 1, 0, 825, '05 65 37 74 12 ', 'lieu-dit Montignac'),
(832, 1, 0, 826, '05 65 68 35 60 ', '6 boulevard François Fabié'),
(833, 1, 0, 827, '05 63 49 49 39 ', '2 rue Poudrière'),
(834, 1, 0, 828, '05 61 80 42 17 ', 'résid Hauts De Limayrac 7 rue Raymond Boulogne'),
(835, 1, 0, 829, '05 61 51 23 10 ', '44 rue Principale'),
(836, 1, 0, 830, '05 61 52 83 16 ', '35 avenue Italie'),
(837, 1, 0, 831, '05 61 62 26 41 ', '18 rue Claire Pauilhac'),
(838, 1, 0, 832, '05 61 75 98 08 ', '8 rue Capit Dreyfus'),
(839, 1, 0, 833, '05 61 53 49 54 ', '8 rue St Joseph'),
(840, 1, 0, 834, '05 65 32 27 46 ', 'r Barry'),
(841, 1, 0, 835, ' 05 34 25 18 37 ', '16 rue St Hubert'),
(842, 1, 0, 836, '05 65 21 46 75 ', 'pl Oules'),
(843, 1, 0, 837, '05 65 45 13 86 ', '13 avenue Croates'),
(844, 1, 0, 838, '05 61 62 61 71 ', '4 rue Orient'),
(845, 1, 0, 839, ' 06 63 75 19 01 ', '20 rue Midi'),
(846, 1, 0, 840, '05 34 51 34 05 ', '116 boulevard Deodat de Severac'),
(847, 1, 0, 841, '05 63 58 27 52 ', '10 Grand Rue'),
(848, 1, 0, 842, '-', 'La Broquere Broquere'),
(849, 1, 0, 843, '05 61 52 35 80 ', '61 rue Bonnat'),
(850, 1, 0, 844, '05 63 36 48 22 ', '2 Quinquies rue Claude Bourgelat'),
(851, 1, 0, 845, '-', '35 avenue Jean Bérenguier'),
(852, 1, 0, 846, '09 62 12 52 43 ', '10 rue Philadelphe de Gerde'),
(853, 1, 0, 847, '05 65 45 16 29 ', 'Le Rouget'),
(854, 1, 0, 848, '-', '3 rue de Valmy'),
(855, 1, 0, 849, '09 52 85 34 68 ', '12 allée Chevaliers St Germain'),
(856, 1, 0, 850, ' 05 61 62 56 26 ', '16 rue Arnaud Vidal'),
(857, 1, 0, 851, ' 06 86 26 24 01 ', '16 rue Arnaud Vidal'),
(858, 1, 0, 852, ' 05 61 56 44 77 ', '2 Bis imp Tournesols'),
(859, 1, 0, 853, '05 61 56 44 66 ', '55 avenue Louis Bréguet'),
(860, 1, 0, 854, ' 06 08 66 61 79 ', '21 rue Père Colin'),
(861, 1, 0, 855, '05 61 25 42 87 ', '7 allée Paul Feuga'),
(862, 1, 0, 856, ' 06 35 20 40 62 ', '9 imp vercors'),
(863, 1, 0, 857, '05 61 99 65 13 ', 'Lagarde'),
(864, 1, 0, 858, '05 61 91 94 85 ', 'Lagarde'),
(865, 1, 0, 859, '05 61 25 75 92 ', '9 rue Ninau'),
(866, 1, 0, 860, '05 63 03 79 98 ', 'Zi Albasud 400 avenue Danemark'),
(867, 1, 0, 861, '05 61 22 15 95 ', '81 Bis chem Commdt Joël Le Goff'),
(868, 1, 0, 862, '05 61 22 15 95 ', '81 Bis chem Commdt Joël Le Goff'),
(869, 1, 0, 863, '05 65 75 27 61 ', '69 rue Carnus'),
(870, 1, 0, 864, '05 62 23 70 04 ', '7 rue Fustillan'),
(871, 1, 0, 865, '05 65 21 53 68 ', 'lieu-dit Bitou'),
(872, 1, 0, 866, '05 61 07 05 55 ', '45 chem Liffard'),
(873, 1, 0, 867, '05 61 35 41 22 ', '123 chem Roussel'),
(874, 1, 0, 868, '05 61 35 41 22 ', '123 chem Roussel'),
(875, 1, 0, 869, '05 61 59 61 61 ', '41 rue Sur'),
(876, 1, 0, 870, '-', 'zac Fabas'),
(877, 1, 0, 871, '05 65 39 76 21 ', 'lieu-dit Bourg'),
(878, 1, 0, 872, '05 62 47 28 67 ', 'L\'atelier T7 boulevard Gambetta'),
(879, 1, 0, 873, '05 61 27 02 04 ', '23 avenue Fontasse'),
(880, 1, 0, 874, '05 63 47 60 06 ', '39 rue Négrouillère'),
(881, 1, 0, 875, '05 62 69 47 72 ', 'sq souvenir'),
(882, 1, 0, 876, '05 62 45 35 23 ', '275 route Montaigu'),
(883, 1, 0, 877, '05 61 74 22 50 ', '15 rue Pierre Lys'),
(884, 1, 0, 878, '05 63 21 00 56 ', '26 rue Carmes'),
(885, 1, 0, 879, '05 63 21 00 56 ', '26 rue Carmes'),
(886, 1, 0, 880, ' 05 62 47 25 15 ', '98 avenue Jean Rieux'),
(887, 1, 0, 881, '05 62 47 65 00 ', '100 avenue Jean Rieux'),
(888, 1, 0, 882, '05 62 67 57 46 ', 'le Castex'),
(889, 1, 0, 883, '05 61 57 13 97 ', '27 rue Sainte Blanche'),
(890, 1, 0, 884, '05 65 80 89 71 ', 'pl Foirail Haut'),
(891, 1, 0, 885, '05 65 42 44 20 ', '33 rue Grandet'),
(892, 1, 0, 886, '05 61 99 18 15 ', '5 rue Charité'),
(893, 1, 0, 887, ' 05 65 78 15 32 ', '1 place Bonnaterre'),
(894, 1, 0, 888, '05 62 44 89 73 ', '90 avenue Régiment de Bigorre'),
(895, 1, 0, 889, '05 61 22 10 01 ', '12 rue Pouzonville'),
(896, 1, 0, 890, '05 65 35 26 28 ', '21 rue Rene Delpech'),
(897, 1, 0, 891, '05 62 06 71 20 ', 'St Roch');
INSERT INTO `telephone` (`id`, `statut_id`, `entreprise_id`, `contact_id`, `number`, `observation`) VALUES
(898, 1, 0, 892, '05 62 06 71 20 ', 'le Village'),
(899, 1, 0, 893, ' 06 08 33 37 95 ', 'r saint roch'),
(900, 1, 0, 894, '05 61 79 59 76 ', '14 place Mar Joffre'),
(901, 1, 0, 895, '05 65 67 02 12 ', 'St Cyrice Etoile Le Serial 8 rue Faubourg Lo Barri'),
(902, 1, 0, 896, '05 62 51 17 10 ', '13 rue Château d\'Eau'),
(903, 1, 0, 897, '05 61 20 83 28 ', '20 avenue Gloire'),
(904, 1, 0, 898, '05 61 98 53 68 ', 'Cabouillet'),
(905, 1, 0, 899, '05 61 07 63 77 ', '63 route St Simon'),
(906, 1, 0, 900, '05 61 63 48 70 ', '10 rue Alsace Lorraine'),
(907, 1, 0, 901, ' 05 61 63 77 46 ', '15 rue Raymond IV'),
(908, 1, 0, 902, '05 62 79 81 11 ', '1 chem Malbou'),
(909, 1, 0, 903, '05 34 30 17 91 ', '2 imp Louis Sire'),
(910, 1, 0, 904, '05 63 33 83 44 ', 'Condel'),
(911, 1, 0, 905, '05 63 42 72 01 ', '19 avenue Charles de Gaulle'),
(912, 1, 0, 906, '05 63 33 76 11 ', '7 avenue Rhin et Danube'),
(913, 1, 0, 907, '-', '18 imp Valvert'),
(914, 1, 0, 908, '05 62 08 22 42 ', 'bureau29 place Hôtel de Ville'),
(915, 1, 0, 909, '05 61 31 87 09 ', '65 chem Ramelet Moundi'),
(916, 1, 0, 910, ' 05 65 11 04 17 ', 'bureaulieu-dit Lasbourrines'),
(917, 1, 0, 911, '-', '1 rue Raymond Delmotte'),
(918, 1, 0, 912, ' 05 63 76 41 52 ', '2 avenue Rodez'),
(919, 1, 0, 913, '05 61 71 33 09 ', 'Larrouy et Sicre19 rue Libération'),
(920, 1, 0, 914, '05 62 34 66 92 ', '66 avenue Régiment de Bigorre'),
(921, 1, 0, 915, '05 61 71 33 09 ', '19 rue Libération'),
(922, 1, 0, 916, '05 62 94 93 35 ', '2 zi du Monge'),
(923, 1, 0, 917, '05 63 65 20 21 ', '20 place Gambetta'),
(924, 1, 0, 918, '05 61 60 28 15 ', '35 rue Jacobins'),
(925, 1, 0, 919, '05 63 43 44 18 ', '12 imp Ruisseau'),
(926, 1, 0, 920, '05 63 32 50 19 ', '38 boulevard 4 Septembre'),
(927, 1, 0, 921, '05 61 92 53 93 ', '55 boulevard Pyrénées'),
(928, 1, 0, 922, ' 06 32 42 03 19 ', 'Castelnau'),
(929, 1, 0, 923, '05 62 17 72 60 ', '23 avenue 14e Régiment d\'Infanterie'),
(930, 1, 0, 924, ' 05 63 37 29 45 ', 'Le Bourg'),
(931, 1, 0, 925, '04 68 94 16 16 ', '6 imp Pins Le Président'),
(932, 1, 0, 926, '05 65 36 93 41 ', 'Les Escalels'),
(933, 1, 0, 927, ' 06 14 99 43 98 ', '215 rue Mars'),
(934, 1, 0, 928, '-', '99 avenue Jean Rieux'),
(935, 1, 0, 929, '-', 'r Cacel'),
(936, 1, 0, 930, ' 06 75 05 01 51 ', 'r Cacel'),
(937, 1, 0, 931, '05 34 27 37 27 ', '75 rue St Jean'),
(938, 1, 0, 932, '05 34 32 69 60 ', '23 rue Laganne'),
(939, 1, 0, 933, '05 34 32 69 60 ', '23 rue Laganne'),
(940, 1, 0, 934, '05 62 69 20 00 ', 'Village'),
(941, 1, 0, 935, '05 62 69 20 00 ', 'Village'),
(942, 1, 0, 936, '05 61 92 61 09 ', '40 rue Pré Vicinal'),
(943, 1, 0, 937, '05 61 64 15 73 ', 'Rames'),
(944, 1, 0, 938, '05 61 65 51 99 ', '9 rue Grands Ducs'),
(945, 1, 0, 939, ' 05 65 73 31 16 ', '46 rue Paraire'),
(946, 1, 0, 940, '05 62 18 33 10 ', 'Lasseur'),
(947, 1, 0, 941, ' 06 48 71 68 69 ', '5 Cami deth Padouen'),
(948, 1, 0, 942, '09 77 54 50 65 ', '8 Grande Rue'),
(949, 1, 0, 943, '05 61 62 56 26 ', '16 rue Arnaud Vidal'),
(950, 1, 0, 944, '-', '56 rue Pierre Paul Riquet'),
(951, 1, 0, 945, '05 34 41 10 20 ', '43 rue Riquet'),
(952, 1, 0, 946, ' 05 65 78 15 32 ', '1 place Bonnaterre'),
(953, 1, 0, 947, '05 65 30 65 78 ', '18 rue République'),
(954, 1, 0, 948, ' 05 61 53 60 11 ', '1 place Saintes Scarbes'),
(955, 1, 0, 949, ' 06 99 18 73 83 ', '63 chem Flou de Rious'),
(956, 1, 0, 950, '05 62 47 70 65 ', '55 avenue Louis Bréguet'),
(957, 1, 0, 951, '-', 'lieu-dit Goussaroc'),
(958, 1, 0, 952, '05 65 52 73 39 ', 'Le Moulinet'),
(959, 1, 0, 953, '05 61 62 30 00 ', '16 rue Arnaud Vidal'),
(960, 1, 0, 954, '', '7 rue George SandB'),
(961, 1, 0, 955, '05 61 53 22 26 ', '80 avenue Lauragais'),
(962, 1, 0, 956, '05 62 71 03 21 ', '7 rue Industrie'),
(963, 1, 0, 957, '05 61 60 74 87 ', '3 avenue Touja'),
(964, 1, 0, 958, ' 06 71 45 16 42 ', '51 rue Gén de Gaulle'),
(965, 1, 0, 959, '05 61 84 50 50 ', 'lieu-dit Lagaye Neuve'),
(966, 1, 0, 960, '05 61 23 29 31 ', '19 avenue Debat Ponsan'),
(967, 1, 0, 961, '05 61 23 29 31 ', '19 avenue Debat Ponsan'),
(968, 1, 0, 962, '09 79 35 85 32 ', 'rte Puylaurens'),
(969, 1, 0, 963, '05 65 10 80 45 ', '2 imp Ste Sperie'),
(970, 1, 0, 964, '05 65 10 80 44 ', '2 imp Ste Sperie'),
(971, 1, 0, 965, '09 66 44 61 21 ', 'Albarine'),
(972, 1, 0, 966, '05 61 25 63 77 ', '2 rue Pharaon'),
(973, 1, 0, 967, '05 61 99 14 97 ', '35 rue Potiers'),
(974, 1, 0, 968, '05 61 50 04 00 ', '52 avenue Lombez'),
(975, 1, 0, 969, '05 61 03 39 31 ', '6 rue Petite des Ruisseaux'),
(976, 1, 0, 970, '05 34 45 17 17 ', '148 allée Barcelone'),
(977, 1, 0, 971, '05 63 91 04 90 ', '93 fbg Lacapelle'),
(978, 1, 0, 972, '-', '60 allée Lasplanes'),
(979, 1, 0, 973, '05 61 32 93 12 ', '2 rue François Coppée'),
(980, 1, 0, 974, '05 61 63 82 84 ', '72 boulevard Strasbourg'),
(981, 1, 0, 975, '05 61 62 02 39 ', '72 boulevard Strasbourg'),
(982, 1, 0, 976, '-', '3700 route St Vaast'),
(983, 1, 0, 977, '05 61 97 12 87 ', 'cabinet20 route St Martory'),
(984, 1, 0, 978, '09 65 18 43 87 ', '33 rue Gabriel Péri'),
(985, 1, 0, 979, '05 65 75 59 00 ', '2 villa hermés rue Athènes Bourran'),
(986, 1, 0, 980, '05 61 15 10 23 ', '27 allée Roussillon'),
(987, 1, 0, 981, ' 05 34 60 47 91 ', '72 boulevard Strasbourg'),
(988, 1, 0, 982, '05 62 96 43 44 ', 'bureaux61 rue Mar Joffre'),
(989, 1, 0, 983, '09 79 34 86 96 ', '105 rue Fondue Haute'),
(990, 1, 0, 984, '05 65 22 67 73 ', '265 rue Fondue Haute'),
(991, 1, 0, 985, '05 61 83 69 68 ', '75 route Revel'),
(992, 1, 0, 986, '05 61 69 26 76 ', '2 Quater avenue Pyrénées'),
(993, 1, 0, 987, '05 61 89 55 62 ', '21 boulevard Pyrénées'),
(994, 1, 0, 988, '05 61 99 14 40 ', '15 rue Commissaire Philippe'),
(995, 1, 0, 989, '05 62 79 02 63 ', 'lieu-dit Padouenc'),
(996, 1, 0, 990, '05 61 63 90 67 ', '16 rue Caraman'),
(997, 1, 0, 991, '05 62 26 35 37 ', '34 rue Languedoc'),
(998, 1, 0, 992, '05 65 70 40 95 ', '3 rue Raynal'),
(999, 1, 0, 993, '05 61 62 19 08 ', '4 rue Orient'),
(1000, 1, 0, 994, '05 65 68 64 00 ', '37 rue Béteille'),
(1001, 1, 0, 995, '05 61 91 19 14 ', '7 allée Clos de la Tuilerie'),
(1002, 1, 0, 996, '09 64 01 86 49 ', '34 rue Valade'),
(1003, 1, 0, 997, '05 62 27 08 73 ', '34 rue Valade'),
(1004, 1, 0, 998, ' 06 07 76 48 37 ', '25 route Port d\'En Taix'),
(1005, 1, 0, 999, '05 63 03 87 72 ', '79 fbg Moustier'),
(1006, 1, 0, 1000, '05 62 94 25 65 ', '27 rue Despourrins'),
(1007, 1, 0, 1001, '05 61 68 21 22 ', 'Za Arbre Blanc rue Rigoberta Menchu'),
(1008, 1, 0, 1002, '05 63 40 61 42 ', '18 rue St Barthélémy'),
(1009, 1, 0, 1003, '-', '35 rue Beau Site'),
(1010, 1, 0, 1004, '05 34 66 19 65 ', '38 boulevard République'),
(1011, 1, 0, 1005, '05 61 59 77 27 ', '2 Bis allée Forain François Verdier'),
(1012, 1, 0, 1006, '05 65 31 53 56 ', '56 Bis boulevard Léon Gambetta'),
(1013, 1, 0, 1007, '05 81 98 52 18 ', 'imp Braille'),
(1014, 1, 0, 1008, '05 61 32 64 20 ', '8 10 rue de la Dalbade'),
(1015, 1, 0, 1009, '05 62 48 61 31 ', '7 rue Pont Vieux'),
(1016, 1, 0, 1010, '05 65 81 15 80 ', '11 rue Guillaume Garrigues'),
(1017, 1, 0, 1011, '05 65 64 42 97 ', '20 rue Muraille'),
(1018, 1, 0, 1012, '05 65 45 03 53 ', '17 avenue Raymond St Gilles'),
(1019, 1, 0, 1013, '05 65 64 42 97 ', '20 rue Muraille'),
(1020, 1, 0, 1014, '05 65 45 03 53 ', '17 avenue Raymond St Gilles'),
(1021, 1, 0, 1015, '05 61 20 76 66 ', '29 allée Bouvreuils'),
(1022, 1, 0, 1016, '05 61 59 49 05 ', '6 place Ravelin'),
(1023, 1, 0, 1017, '05 62 07 04 99 ', '28 avenue Charles De Gaulle'),
(1024, 1, 0, 1018, '05 63 53 33 94 ', '8 chem Jonquilles'),
(1025, 1, 0, 1019, '05 63 64 39 43 ', '6 rue Danielle Casanova'),
(1026, 1, 0, 1020, '05 63 93 23 69 ', '3 place Libération'),
(1027, 1, 0, 1021, '05 63 67 39 22 ', '2220 route Fronton'),
(1028, 1, 0, 1022, '-', '-'),
(1029, 1, 0, 1023, '05 65 32 54 41 ', 'pl Cadurques'),
(1030, 1, 0, 1024, '05 65 37 43 07 ', 'r Senlis'),
(1031, 1, 0, 1025, '05 65 42 23 51 ', '96 avenue Gineste'),
(1032, 1, 0, 1026, '05 65 30 01 67 ', '2 rue Scafignous'),
(1033, 1, 0, 1027, ' 06 20 93 69 78 ', 'Saint Jau'),
(1034, 1, 0, 1028, '05 63 63 70 63 ', '99 fbg Lacapelle'),
(1035, 1, 0, 1029, ' 06 16 94 11 83 ', '9 Grand Faubourg'),
(1036, 1, 0, 1030, '05 34 60 46 93 ', '4 rue Jean Farman'),
(1037, 1, 0, 1031, '05 61 53 17 41 ', '11 rue Fermat'),
(1038, 1, 0, 1032, ' 05 61 24 05 90 ', '5 rue Mercure'),
(1039, 1, 0, 1033, '05 63 34 57 91 ', '6 rue Paix'),
(1040, 1, 0, 1034, '05 63 35 50 50 ', '5 rue Eugène Léris'),
(1041, 1, 0, 1035, '05 62 05 31 56 ', 'imp Seilhan'),
(1042, 1, 0, 1036, '05 65 73 65 65 ', 'Sica Habitat Rural 5 boulevard 122ème RI'),
(1043, 1, 0, 1037, '05 34 62 70 02 ', '89 route Espagne'),
(1044, 1, 0, 1038, '05 61 90 83 00 ', '9 prom Bac'),
(1045, 1, 0, 1039, '05 65 53 20 50 ', '427 rue Joachim Murat'),
(1046, 1, 0, 1040, '05 61 23 79 23 ', 'bureau18 rue Tivoli'),
(1047, 1, 0, 1041, '05 65 60 73 56 ', '34 avenue Jean Jaurès'),
(1048, 1, 0, 1042, '05 61 45 40 02 ', 'La Rivière'),
(1049, 1, 0, 1043, '05 53 66 99 63 ', '3200 avenue de Cahors'),
(1050, 1, 0, 1044, ' 06 77 77 10 88 ', '2 rue Coq d\'Inde'),
(1051, 1, 0, 1045, ' 06 83 29 89 00 ', '78 rue Egalite'),
(1052, 1, 0, 1046, '05 61 87 90 68 ', '12 rue Louis Domejean'),
(1053, 1, 0, 1047, '05 65 45 29 81 ', 'mas Rivals'),
(1054, 1, 0, 1048, '05 61 52 73 35 ', '7 allée Paul Feuga'),
(1055, 1, 0, 1049, ' 06 81 37 90 88 ', '7 avenue Italie'),
(1056, 1, 0, 1050, ' 05 62 17 52 70 ', '10 rue Edouard Baudrimont'),
(1057, 1, 0, 1051, '05 61 13 91 91 ', 'HUGUET'),
(1058, 1, 0, 1052, '05 62 64 89 74 ', '22 Bis rue Rouget de Lisle'),
(1059, 1, 0, 1053, '-', '357 rue Anatole France'),
(1060, 1, 0, 1054, '-', '5 rue Frères de Turenne'),
(1061, 1, 0, 1055, '05 65 81 22 60 ', '1 côte Graves'),
(1062, 1, 0, 1056, '05 61 52 31 57 ', '2 imp Henri Tagnères'),
(1063, 1, 0, 1057, '05 62 17 38 70 ', '5 avenue Herbettes'),
(1064, 1, 0, 1058, '05 34 66 31 58 ', '6 rue republique'),
(1065, 1, 0, 1059, '05 63 30 61 51 ', '2 boulevard Condamine'),
(1066, 1, 0, 1060, '05 61 23 93 00 ', '4 rue Paul Vidal'),
(1067, 1, 0, 1061, '05 65 37 30 63 ', 'Fermontès'),
(1068, 1, 0, 1062, '05 61 49 75 92 ', '167 route Bayonne'),
(1069, 1, 0, 1063, '-', '100 avenue Jean Rieux'),
(1070, 1, 0, 1064, '-', '200 rue Palisse'),
(1071, 1, 0, 1065, '05 34 25 89 63 ', '170 rue Périole'),
(1072, 1, 0, 1066, '-', 'lieu-dit puech autenc'),
(1073, 1, 0, 1067, '05 61 81 64 19 ', '17 rue Waldeck Rousseau'),
(1074, 1, 0, 1068, '05 65 30 05 66 ', 'lieu-dit Cavanies'),
(1075, 1, 0, 1069, '05 61 91 51 59 ', '12 rue Jean Monnet'),
(1076, 1, 0, 1070, '05 62 94 06 67 ', '2 avenue Mar Foch'),
(1077, 1, 0, 1071, '05 61 42 32 69 ', '5 rue 4 Septembre'),
(1078, 1, 0, 1072, '05 65 30 16 94 ', 'La Pique'),
(1079, 1, 0, 1073, '-', '23 rue Masséna'),
(1080, 1, 0, 1074, '05 61 59 22 89 ', 'Bat D Jardins De Deodat 8 boulevard Deodat de Severac'),
(1081, 1, 0, 1075, '05 61 53 41 94 ', '8 rue Fermat'),
(1082, 1, 0, 1076, '-', '252 route Launaguet'),
(1083, 1, 0, 1077, '05 34 52 79 14 ', '6 place Languedoc'),
(1084, 1, 0, 1078, '05 34 52 79 14 ', '6 place Languedoc'),
(1085, 1, 0, 1079, '05 61 69 55 00 ', '1 avenue Mirepoix'),
(1086, 1, 0, 1080, ' 05 61 66 03 95 ', '112 avenue Mar Foch'),
(1087, 1, 0, 1081, '05 63 51 09 05 ', '27 rue Marcel Briguiboul'),
(1088, 1, 0, 1082, '-', 'domaine des Escoutils'),
(1089, 1, 0, 1083, '-', 'domaine des Escoutils'),
(1090, 1, 0, 1084, '05 61 99 18 15 ', '5 rue Charité'),
(1091, 1, 0, 1085, '05 62 93 80 51 ', '19 avenue Hoche'),
(1092, 1, 0, 1086, '05 61 63 64 56 ', '31 rue Printemps'),
(1093, 1, 0, 1087, ' 06 70 02 57 36 ', '31 rue Principale'),
(1094, 1, 0, 1088, '05 61 63 64 56 ', '31 rue Printemps'),
(1095, 1, 0, 1089, '05 61 06 00 28 ', 'Zac De Taurel 15 avenue Léonard de Vinci'),
(1096, 1, 0, 1090, '05 63 57 09 60 ', 'Lagarrigue'),
(1097, 1, 0, 1091, '05 63 57 09 60 ', 'Lagarrigue'),
(1098, 1, 0, 1092, '05 62 93 89 55 ', '12 rue Gavarnie'),
(1099, 1, 0, 1093, '05 62 06 47 02 ', '1 Bis rue Gessée'),
(1100, 1, 0, 1094, '05 61 84 37 95 ', '45 chem borde haute'),
(1101, 1, 0, 1095, '05 65 10 80 76 ', 'Grand Rue rle Clocher'),
(1102, 1, 0, 1096, '05 61 31 87 09 ', '65 chem Ramelet Moundi'),
(1103, 1, 0, 1097, '05 62 48 34 34 ', '227 avenue Muret'),
(1104, 1, 0, 1098, '05 62 79 00 09 ', '38 A rue Jean Jaurès'),
(1105, 1, 0, 1099, '05 62 79 29 35 ', 'lieu-dit Padouenc'),
(1106, 1, 0, 1100, '05 62 05 96 03 ', '23 rue Victor Hugo'),
(1107, 1, 0, 1101, ' 06 77 58 85 96 ', '32 rue Michel Ange'),
(1108, 1, 0, 1102, '05 61 49 96 29 ', '249 avenue Lardenne'),
(1109, 1, 0, 1103, '05 82 75 66 65 ', '10 rue Potiers'),
(1110, 1, 0, 1104, ' 06 71 79 29 05 ', 'Monsempey Monsempey'),
(1111, 1, 0, 1105, '05 65 60 11 96 ', 'bureau115 Bis avenue Charles de Gaulle'),
(1112, 1, 0, 1106, '05 61 22 15 95 ', '81 Bis chem Commdt Joël Le Goff'),
(1113, 1, 0, 1107, ' 05 34 45 23 89 ', '81 Bis chem Commdt Joël Le Goff'),
(1114, 1, 0, 1108, '05 34 31 26 66 ', '45 rue Jacques Gamelin'),
(1115, 1, 0, 1109, '05 61 55 00 82 ', '8 rue Regans'),
(1116, 1, 0, 1110, '05 65 73 65 65 ', 'Sica Habitat Rural 5 boulevard 122ème RI'),
(1117, 1, 0, 1111, '05 65 47 75 84 ', '41 rue des Douves'),
(1118, 1, 0, 1112, '05 65 30 15 71 ', '70 rue Georges Clemenceau'),
(1119, 1, 0, 1113, '05 61 20 75 55 ', '21 boulevard Griffoul Dorval'),
(1120, 1, 0, 1114, '05 61 60 15 60 ', '6 rue Pépinières'),
(1121, 1, 0, 1115, '05 61 52 10 00 ', '32 chem Butte'),
(1122, 1, 0, 1116, ' 05 61 52 10 05 ', '32 chem Butte'),
(1123, 1, 0, 1117, '05 62 93 04 06 ', '33 rue Brauhauban'),
(1124, 1, 0, 1118, ' 06 69 13 03 35 ', 'lieu-dit Santet'),
(1125, 1, 0, 1119, '05 62 47 36 36 ', '6 avenue Chateau de l\'Hers'),
(1126, 1, 0, 1120, '05 62 26 35 37 ', '34 rue Languedoc'),
(1127, 1, 0, 1121, '05 34 56 99 43 ', '10 allée Vitarelles'),
(1128, 1, 0, 1122, '05 63 33 71 47 ', '15 place St Michel'),
(1129, 1, 0, 1123, '05 61 97 69 45 ', 'Larruhat Larruhat'),
(1130, 1, 0, 1124, '05 61 48 28 47 ', '45 Bis rue Faubourg Bonnefoy'),
(1131, 1, 0, 1125, '05 61 39 10 32 ', '36 avenue Gameville'),
(1132, 1, 0, 1126, '05 61 39 10 32 ', '36 avenue Gameville'),
(1133, 1, 0, 1127, '05 62 73 15 15 ', '6 rue Moulin Bayard'),
(1134, 1, 0, 1128, ' 05 61 58 20 45 ', '5 place Arago'),
(1135, 1, 0, 1129, ' 06 59 79 82 05 ', '68 avenue Raymond Naves'),
(1136, 1, 0, 1130, '05 62 05 13 26 ', '13 place Villaret de Joyeuse'),
(1137, 1, 0, 1131, '05 62 05 13 26 ', '13 place Villaret de Joyeuse'),
(1138, 1, 0, 1132, '05 62 06 98 26 ', '29 avenue du Bataillon de l\'Armagnac'),
(1139, 1, 0, 1133, '05 62 70 05 71 ', 'A Loubazac'),
(1140, 1, 0, 1134, '05 62 96 56 20 ', '1 rue Montaut'),
(1141, 1, 0, 1135, '05 63 91 14 77 ', '6 place Mar Foch'),
(1142, 1, 0, 1136, '05 34 30 91 29 ', '2 imp Louis Sire'),
(1143, 1, 0, 1137, '05 61 13 10 86 ', '19 rue Guillaume Ibos'),
(1144, 1, 0, 1138, ' 06 12 57 09 33 ', '40 rue Rémusat'),
(1145, 1, 0, 1139, '05 62 51 42 46 ', '4 rue Hôtel de Ville'),
(1146, 1, 0, 1140, '05 63 50 80 14 ', '6 avenue 8 Mai 1945'),
(1147, 1, 0, 1141, '05 62 09 37 69 ', 'Au Treillat'),
(1148, 1, 0, 1142, '05 63 64 26 26 ', 'r Am Fournier'),
(1149, 1, 0, 1143, '05 61 11 95 60 ', '44 chem Michoun'),
(1150, 1, 0, 1144, '05 63 42 69 93 ', '48 place Hautpoul'),
(1151, 1, 0, 1145, '05 34 55 91 96 ', '227 route Fronton'),
(1152, 1, 0, 1146, '05 61 21 81 29 ', '9 place Parlement'),
(1153, 1, 0, 1147, '05 61 22 18 46 ', '2 avenue de Lombez'),
(1154, 1, 0, 1148, '05 63 33 76 11 ', '7 avenue Rhin et Danube'),
(1155, 1, 0, 1149, '05 63 33 76 11 ', '7 avenue Rhin et Danube'),
(1156, 1, 0, 1150, '05 62 17 68 07 ', '11 rue Béranger'),
(1157, 1, 0, 1151, '05 34 25 10 20 ', '14 rue Liberté'),
(1158, 1, 0, 1152, '05 63 38 65 06 ', '4 rue Justin Alibert'),
(1159, 1, 0, 1153, '05 61 21 00 37 ', '7 rue Auber'),
(1160, 1, 0, 1154, '05 62 79 11 11 ', '3 C Place 3 place Castelet'),
(1161, 1, 0, 1155, ' 06 80 60 06 09 ', 'rte Saubissan'),
(1162, 1, 0, 1156, '-', 'Saubissan'),
(1163, 1, 0, 1157, '09 50 90 06 66 ', '206 route Launaguet'),
(1164, 1, 0, 1158, '05 63 54 19 94 ', '60 boulevard Soult'),
(1165, 1, 0, 1159, ' 05 62 42 90 43 ', '2 Bis imp St Pierre'),
(1166, 1, 0, 1160, '-', '2 Bis imp Saint Pierre'),
(1167, 1, 0, 1161, '05 34 61 28 95 ', '62 avenue Garonnette'),
(1168, 1, 0, 1162, '-', '11 place Alexandre Bisson'),
(1169, 1, 0, 1163, '05 61 21 09 54 ', '19 rue Lois'),
(1170, 1, 0, 1164, ' 05 61 21 52 90 ', '19 rue Lois'),
(1171, 1, 0, 1165, '05 61 64 66 98 ', '5 avenue St Roch'),
(1172, 1, 0, 1166, '05 61 98 20 54 ', '8 rue Ramier'),
(1173, 1, 0, 1167, '-', '3 rue de Valmy'),
(1174, 1, 0, 1168, '05 61 06 08 12 ', '18 Bis rue Mûriers'),
(1175, 1, 0, 1169, '05 61 49 70 09 ', '3 rue Lejeune'),
(1176, 1, 0, 1170, '05 82 95 24 37 ', 'Toulouse'),
(1177, 1, 0, 1171, '05 61 23 20 38 ', '36 rue Astorg'),
(1178, 1, 0, 1172, '05 34 32 04 30 ', 'rte Mondavezan'),
(1179, 1, 0, 1173, '09 53 79 83 59 ', '11 rue André Chenier'),
(1180, 1, 0, 1174, ' 05 62 26 00 85 ', '45 rue Alfred Dumeril'),
(1181, 1, 0, 1175, '09 65 17 98 91 ', '45 rue Alfred Dumeril'),
(1182, 1, 0, 1176, '-', 'L\'Hoste'),
(1183, 1, 0, 1177, '05 61 76 32 56 ', 'agenceLa Place Le Village'),
(1184, 1, 0, 1178, ' 06 79 98 16 30 ', '3 rue Benjamin Constant'),
(1185, 1, 0, 1179, '09 51 13 63 55 ', '5 rue Henry Montaut'),
(1186, 1, 0, 1180, '05 62 09 91 34 ', 'cabinet27 avenue Pyrénées'),
(1187, 1, 0, 1181, ' 06 35 57 43 60 ', '29 A route Moutou'),
(1188, 1, 0, 1182, '05 65 41 18 87 ', 'lieu-dit Campagnac'),
(1189, 1, 0, 1183, '05 65 69 08 36 ', '38 avenue Rodez'),
(1190, 1, 0, 1184, '05 67 34 04 60 ', 'Z.I. de Montredon 4 rue Apollo'),
(1191, 1, 0, 1185, '05 65 32 49 69 ', '71 chem Ronde'),
(1192, 1, 0, 1186, '05 61 32 70 70 ', '139 rue Férétra'),
(1193, 1, 0, 1187, '05 62 00 83 66 ', '11 rue Louis Payrau'),
(1194, 1, 0, 1188, '05 61 22 18 46 ', '2 avenue de Lombez'),
(1195, 1, 0, 1189, '05 65 71 86 95 ', '8 rue Pont Tournemire'),
(1196, 1, 0, 1190, '05 61 53 51 44 ', '7 allée Paul Feuga'),
(1197, 1, 0, 1191, '-', '10 rue Paul Brénac'),
(1198, 1, 0, 1192, '05 61 12 13 84 ', '3 boulevard Minimes'),
(1199, 1, 0, 1193, '05 65 48 23 87 ', '26 boulevard Joseph Poulenc'),
(1200, 1, 0, 1194, '05 61 59 12 63 ', '25 rue Bourrassol'),
(1201, 1, 0, 1195, ' 05 62 21 08 57 ', '26 rue Marie Magne'),
(1202, 1, 0, 1196, '05 65 30 04 52 ', '8 rue Claux Grands'),
(1203, 1, 0, 1197, '05 61 52 45 72 ', '6 rue Ingres'),
(1204, 1, 0, 1198, '05 61 68 21 22 ', '17 place Mar Leclerc'),
(1205, 1, 0, 1199, '05 61 68 21 22 ', 'za Arbre Blanc rue Rigoberta Menchu'),
(1206, 1, 0, 1200, '05 62 94 93 35 ', 'Nx2Zone Activités du Monge'),
(1207, 1, 0, 1201, '09 51 74 12 13 ', '15 rue Fonderie'),
(1208, 1, 0, 1202, '05 61 33 12 12 ', '15 rue Fonderie'),
(1209, 1, 0, 1203, ' 05 61 42 26 78 ', '22 rue Labruyère'),
(1210, 1, 0, 1204, '05 61 01 64 60 ', '12 avenue DE BELESTA'),
(1211, 1, 0, 1205, '05 65 21 93 05 ', 'lieu-dit Baynac'),
(1212, 1, 0, 1206, '05 62 73 73 10 ', '16 rue Arnaud Vidal'),
(1213, 1, 0, 1207, '05 61 21 59 72 ', '26 rue St Rome'),
(1214, 1, 0, 1208, '05 63 66 63 02 ', '13 rue Ste Claire'),
(1215, 1, 0, 1209, '05 65 53 10 46 ', 'Ld lieu-dit Lafonce'),
(1216, 1, 0, 1210, '05 65 53 10 46 ', 'Lafonce'),
(1217, 1, 0, 1211, '-', '22 rue Gén Sarrail'),
(1218, 1, 0, 1212, ' 05 65 78 15 32 ', '1 place Bonnaterre'),
(1219, 1, 0, 1213, '05 61 24 03 91 ', '5 imp Météorites'),
(1220, 1, 0, 1214, '-', '16 rue Aubisque'),
(1221, 1, 0, 1215, '05 63 56 39 11 ', 'le Rial'),
(1222, 1, 0, 1216, '05 61 22 11 48 ', '30 rue Valade'),
(1223, 1, 0, 1217, ' 05 61 21 63 18 ', '30 rue Valade'),
(1224, 1, 0, 1218, '05 65 60 19 49 ', '1102 rue Combecalde'),
(1225, 1, 0, 1219, '05 34 46 37 00 ', '4 rue Pierre Fons'),
(1226, 1, 0, 1220, '05 34 36 12 88 ', '14 rue Briquetiers'),
(1227, 1, 0, 1221, '09 65 22 62 67 ', '89 boulevard Gabriel Koenigs'),
(1228, 1, 0, 1222, '05 53 71 09 51 ', 'Le Périé'),
(1229, 1, 0, 1223, '05 63 03 59 60 ', '63 rue République'),
(1230, 1, 0, 1224, '09 58 07 40 84 ', '6 place Tarn'),
(1231, 1, 0, 1225, ' 06 16 58 62 85 ', '3 avenue Ancien Vélodrome'),
(1232, 1, 0, 1226, '05 61 20 62 97 ', '52 rue Raspail'),
(1233, 1, 0, 1227, '05 65 45 48 08 ', '3 rue Durand de Montlauzeur'),
(1234, 1, 0, 1228, '05 65 65 64 15 ', '15 rue Mairie'),
(1235, 1, 0, 1229, '05 65 71 47 73 ', 'La croix du sud 27 avenue de Toulouse'),
(1236, 1, 0, 1230, '05 61 51 23 10 ', '44 rue Principale'),
(1237, 1, 0, 1231, '05 61 55 55 97 ', '67 chem Salade Ponsan'),
(1238, 1, 0, 1232, ' 06 19 82 75 02 ', '112 quai Tounis'),
(1239, 1, 0, 1233, '05 62 26 35 37 ', '34 rue Languedoc'),
(1240, 1, 0, 1234, '05 62 16 64 85 ', '19 rue Drouet'),
(1241, 1, 0, 1235, '05 31 22 06 01 ', '9 rue St Antoine du T'),
(1242, 1, 0, 1236, '05 61 49 64 65 ', '4 place Fer à Cheval'),
(1243, 1, 0, 1237, '-', '23 avenue F Mitterrand'),
(1244, 1, 0, 1238, '05 61 25 17 67 ', '4 boulevard Méditerranée'),
(1245, 1, 0, 1239, '05 62 05 28 66 ', '8 rue Turgot'),
(1246, 1, 0, 1240, '05 62 05 46 53 ', 'agence4 passage Tourterelle'),
(1247, 1, 0, 1241, '05 61 76 21 45 ', 'imp Bois Grand'),
(1248, 1, 0, 1242, '09 63 44 83 08 ', 'imp Bois Grand'),
(1249, 1, 0, 1243, ' 06 80 93 65 19 ', '260 avenue Mar de Lattre de TassignyBP 59'),
(1250, 1, 0, 1244, '05 65 62 23 16 ', '4 rue Combes'),
(1251, 1, 0, 1245, ' 05 61 47 05 42 ', '16 boulevard Strasbourg'),
(1252, 1, 0, 1246, '09 52 20 78 34 ', '65 rue Bayard'),
(1253, 1, 0, 1247, ' 05 62 44 12 81 ', '15 rue Larrey'),
(1254, 1, 0, 1248, '09 71 38 74 86 ', '7 rue Industrie'),
(1255, 1, 0, 1249, '05 62 73 14 80 ', '7 rue Industrie'),
(1256, 1, 0, 1250, '05 63 41 47 25 ', 'lieu-dit Sirven'),
(1257, 1, 0, 1251, '05 61 53 25 15 ', '4 rue Saules'),
(1258, 1, 0, 1252, ' 06 30 57 39 50 ', '4 rue Braves'),
(1259, 1, 0, 1253, '05 62 50 18 65 ', '64 boulevard Tilleuls'),
(1260, 1, 0, 1254, '05 61 52 00 59 ', '8 rue Ste Anne'),
(1261, 1, 0, 1255, '05 61 80 47 33 ', '6 rue Ringaud'),
(1262, 1, 0, 1256, '05 62 27 08 73 ', '34 rue Valade'),
(1263, 1, 0, 1257, '05 63 94 61 90 ', 'r Syre'),
(1264, 1, 0, 1258, '-', '16 place Halle'),
(1265, 1, 0, 1259, ' 05 65 49 08 13 ', '27 boulevard Emile Borel'),
(1266, 1, 0, 1260, ' 05 34 28 07 75 ', 'rte Auragne'),
(1267, 1, 0, 1261, '05 61 54 49 50 ', '28 rue Maurice Caunes'),
(1268, 1, 0, 1262, '05 61 55 01 66 ', '28 rue Gorp'),
(1269, 1, 0, 1263, '05 34 09 07 69 ', '6 place Violet'),
(1270, 1, 0, 1264, '05 61 51 13 24 ', '54 rue Clément Ader'),
(1271, 1, 0, 1265, '05 65 48 02 23 ', '1 boulevard Guizard'),
(1272, 1, 0, 1266, '05 65 48 02 23 ', '1 boulevard Guizard'),
(1273, 1, 0, 1267, '05 61 54 09 63 ', '15 rue Pierre Larousse'),
(1274, 1, 0, 1268, '05 61 55 59 13 ', '9 place Carmes'),
(1275, 1, 0, 1269, '05 61 75 07 72 ', '338 résidence Côteaux'),
(1276, 1, 0, 1270, '05 62 47 43 43 ', '5 avenue Gloire'),
(1277, 1, 0, 1271, '-', 'L\'Annexe5 rue Chairedon Place Olivier'),
(1278, 1, 0, 1272, '05 61 50 77 53 ', 'La Bourdette 9 chem Marengo'),
(1279, 1, 0, 1273, '05 61 42 69 59 ', '112 boulevard Deodat de Severac'),
(1280, 1, 0, 1274, '05 61 53 06 77 ', '46 avenue Crampel'),
(1281, 1, 0, 1275, '05 65 42 04 65 ', '5 avenue Victor Hugo'),
(1282, 1, 0, 1276, '05 63 38 65 07 ', '4 rue Justin Alibert'),
(1283, 1, 0, 1277, '05 63 38 14 61 ', '4 rue Justin Alibert'),
(1284, 1, 0, 1278, '05 63 47 66 76 ', '3 rue Gustave Eiffel'),
(1285, 1, 0, 1279, '05 61 82 61 87 ', '17 rue Balouchan'),
(1286, 1, 0, 1280, '05 63 79 20 46 ', 'Pouzols'),
(1287, 1, 0, 1281, ' 05 61 25 38 91 ', 'resid Villa Dallas 18 avenue Europe'),
(1288, 1, 0, 1282, '05 63 34 70 32 ', '9 rue Père Colin'),
(1289, 1, 0, 1283, '05 61 59 47 36 ', '10 rue Joseph Billecoq'),
(1290, 1, 0, 1284, '05 61 07 66 29 ', '20 T chem Canal'),
(1291, 1, 0, 1285, '05 62 44 01 40 ', '3 rue Georges Magnoac'),
(1292, 1, 0, 1286, '05 62 63 65 24 ', '2 rue Espagne'),
(1293, 1, 0, 1287, ' 05 62 26 60 08 ', '139 rue Férétra'),
(1294, 1, 0, 1288, '05 61 08 37 14 ', '27 rue République'),
(1295, 1, 0, 1289, '05 63 04 49 16 ', 'Varennes'),
(1296, 1, 0, 1290, '05 63 04 49 16 ', '461 chem St Nicolas Ld de Varennes'),
(1297, 1, 0, 1291, ' 06 16 56 57 68 ', 'lieu-dit Combe De La Prune'),
(1298, 1, 0, 1292, '05 63 91 19 10 ', '11 rue Bessières'),
(1299, 1, 0, 1293, '09 65 36 38 54 ', '7 avenue Hector Sassere'),
(1300, 1, 0, 1294, '05 62 51 30 07 ', 'cabinet26 avenue Mar Joffre'),
(1301, 1, 0, 1295, '05 61 23 66 64 ', '19 rue Metz'),
(1302, 1, 0, 1296, '05 61 64 83 30 ', '29 rue Eglise'),
(1303, 1, 0, 1297, ' 05 62 73 14 37 ', '59 rue Printemps'),
(1304, 1, 0, 1298, '05 62 05 13 26 ', '13 place Villaret de Joyeuse'),
(1305, 1, 0, 1299, '05 62 05 13 26 ', 'cabinet13 place Villaret de Joyeuse'),
(1306, 1, 0, 1300, '05 61 62 97 34 ', 'Porte Blanche 17 rue Idrac'),
(1307, 1, 0, 1301, '05 61 52 73 35 ', '7 allée Paul Feuga'),
(1308, 1, 0, 1302, '05 61 34 84 37 ', '10 chem Carrosse'),
(1309, 1, 0, 1303, '05 61 12 26 11 ', '24 rue Alsace Lorraine'),
(1310, 1, 0, 1304, '05 61 12 26 14 ', '24 rue Alsace Lorraine'),
(1311, 1, 0, 1305, '05 62 91 04 39 ', '5 rue Frédéric SoutrasBP 254'),
(1312, 1, 0, 1306, '05 63 54 21 26 ', '3 boulevard Lacombe'),
(1313, 1, 0, 1307, '05 62 27 08 73 ', '34 rue Valade'),
(1314, 1, 0, 1308, ' 06 79 90 93 94 ', 'Le Sarthe'),
(1315, 1, 0, 1309, '05 63 38 57 10 ', '79 avenue Mar De Lattre de Tassigny'),
(1316, 1, 0, 1310, '05 31 98 22 44 ', '8 rue Potiers'),
(1317, 1, 0, 1311, '05 61 74 84 70 ', '2 Bis allée Sablettes'),
(1318, 1, 0, 1312, '05 61 62 17 64 ', '33 rue Franc'),
(1319, 1, 0, 1313, '05 61 53 57 47 ', '27 rue Polinaires'),
(1320, 1, 0, 1314, '05 61 08 86 61 ', 'lot Fleuriat'),
(1321, 1, 0, 1315, '05 62 27 73 00 ', '76 allée Barcelone'),
(1322, 1, 0, 1316, '', '51 Bis rue Amidonniers '),
(1323, 1, 0, 1317, '05 61 23 79 23 ', '18 rue Tivoli'),
(1324, 1, 0, 1318, '05 65 45 48 08 ', '8 quai Temple'),
(1325, 1, 0, 1319, '05 63 03 79 98 ', 'Zi Albasud 400 avenue Danemark'),
(1326, 1, 0, 1320, '05 61 63 08 98 ', '17 rue Idrac'),
(1327, 1, 0, 1321, '09 66 85 10 44 ', '20 rue Paradoux'),
(1328, 1, 0, 1322, '05 63 72 41 12 ', '6 place St Blaise'),
(1329, 1, 0, 1323, '05 34 66 27 21 ', '4 chem Canal'),
(1330, 1, 0, 1324, '05 65 30 15 71 ', '70 rue Georges Clemenceau'),
(1331, 1, 0, 1325, '05 61 14 01 61 ', '3 rue Martyrs de la Libération'),
(1332, 1, 0, 1326, '05 34 51 32 87 ', '28 grande rue St Nicolas'),
(1333, 1, 0, 1327, '', '51 Bis rue Amidonniers '),
(1334, 1, 0, 1328, '05 63 54 52 33 ', '8 rue Engueysse'),
(1335, 1, 0, 1329, '05 61 13 70 70 ', '41 rue Condeau'),
(1336, 1, 0, 1330, '-', '7 côte BonnetiersBP 366'),
(1337, 1, 0, 1331, '05 62 34 38 44 ', '4 place Ste Anne'),
(1338, 1, 0, 1332, '05 63 71 53 53 ', '23 rue Borrel'),
(1339, 1, 0, 1333, '05 34 40 29 19 ', '18 rue Adonis'),
(1340, 1, 0, 1334, '05 63 91 92 15 ', 'Villa Temoin 1 imp Melassou'),
(1341, 1, 0, 1335, '05 61 29 85 26 ', '4 rue Poids de l\'Huile'),
(1342, 1, 0, 1336, '05 61 71 33 09 ', '19 rue Libération'),
(1343, 1, 0, 1337, '05 61 62 11 56 ', '36 boulevard Strasbourg'),
(1344, 1, 0, 1338, '05 62 74 09 65 ', '13 allée Croisic'),
(1345, 1, 0, 1339, '05 61 85 98 09 ', '3 rue Languedoc'),
(1346, 1, 0, 1340, '05 34 40 84 50 ', '76 allée Jean Jaurès'),
(1347, 1, 0, 1341, '05 62 18 53 91 ', '40 rue Balance'),
(1348, 1, 0, 1342, '05 61 99 01 65 ', '25 rue Roquelaine'),
(1349, 1, 0, 1343, ' 05 62 73 05 15 ', '25 rue Roquelaine'),
(1350, 1, 0, 1344, '05 34 41 68 38 ', '8 rue Dalayrac'),
(1351, 1, 0, 1345, '05 62 93 38 72 ', '8 rue Brauhauban'),
(1352, 1, 0, 1346, ' 05 62 93 35 99 ', '8 rue Brauhauban'),
(1353, 1, 0, 1347, '05 61 57 23 68 ', '17 boulevard Lazare Carnot'),
(1354, 1, 0, 1348, '05 62 20 55 87 ', '1 rue Muriers'),
(1355, 1, 0, 1349, '05 61 62 62 42 ', '10 rue Robert Borios'),
(1356, 1, 0, 1350, '05 61 68 00 84 ', '14 rue Edith Piaf'),
(1357, 1, 0, 1351, '05 61 68 00 84 ', '14 rue Edith Piaf'),
(1358, 1, 0, 1352, '05 63 72 10 06 ', '51 chem Monges'),
(1359, 1, 0, 1353, '05 61 66 70 07 ', 'bureau36 rue Doct Pierre Mazaud'),
(1360, 1, 0, 1354, '05 63 91 04 90 ', '93 fbg Lacapelle'),
(1361, 1, 0, 1355, '05 61 99 18 15 ', '5 rue Charité'),
(1362, 1, 0, 1356, '05 61 13 48 49 ', '6 boulevard Genève'),
(1363, 1, 0, 1357, '05 61 80 46 13 ', '20 rue Drouet'),
(1364, 1, 0, 1358, '05 62 26 06 15 ', '7 rue Arts'),
(1365, 1, 0, 1359, '05 34 41 18 09 ', '8 rue St Orens'),
(1366, 1, 0, 1360, '09 63 41 78 10 ', '16 rue Martimor'),
(1367, 1, 0, 1361, ' 07 77 00 32 52 ', '16 rue martimor'),
(1368, 1, 0, 1362, '05 62 34 39 39 ', '30 avenue Marne'),
(1369, 1, 0, 1363, '05 62 19 32 32 ', '26 place Marnac'),
(1370, 1, 0, 1364, '05 61 29 04 81 ', '47 rue Metz'),
(1371, 1, 0, 1365, ' 05 63 54 99 49 ', '21 boulevard Montebello'),
(1372, 1, 0, 1366, '05 61 52 40 71 ', 'galerie Saint-Jacques11 rue Fermat'),
(1373, 1, 0, 1367, '05 61 13 00 00 ', '76 allée Jean Jaurès'),
(1374, 1, 0, 1368, '05 61 14 85 14 ', '34 boulevard Méditerranée'),
(1375, 1, 0, 1369, '05 63 26 11 16 ', '10 route Barry D\'Islemade'),
(1376, 1, 0, 1370, '05 61 55 91 64 ', '36 quai Tounis'),
(1377, 1, 0, 1371, '05 61 14 85 14 ', '34 boulevard Méditerranée'),
(1378, 1, 0, 1372, '05 62 38 19 66 ', '23 avenue François Mitterrand'),
(1379, 1, 0, 1373, '05 61 58 09 38 ', '4 rue Braves'),
(1380, 1, 0, 1374, '-', '15 rue St Antoine du T'),
(1381, 1, 0, 1375, '09 71 41 00 72 ', 'Herre'),
(1382, 1, 0, 1376, '05 62 70 96 88 ', 'Herre'),
(1383, 1, 0, 1377, '05 62 08 93 85 ', 'Caillou route d\'Estang'),
(1384, 1, 0, 1378, '05 62 08 97 14 ', 'lot Caillaou'),
(1385, 1, 0, 1379, '05 63 21 00 56 ', '26 rue Carmes'),
(1386, 1, 0, 1380, '05 63 20 65 73 ', '530 route St Martial'),
(1387, 1, 0, 1381, ' 06 19 22 05 07 ', '12 boulevard Joffrery'),
(1388, 1, 0, 1382, '05 61 09 67 78 ', '90 imp Dax'),
(1389, 1, 0, 1383, '-', '90 imp d\'en Dax'),
(1390, 1, 0, 1384, '05 61 45 90 96 ', '15 rue d\'Isly'),
(1391, 1, 0, 1385, '09 61 43 46 94 ', '6 rue Franc'),
(1392, 1, 0, 1386, '05 65 73 31 15 ', '46 rue Paraire'),
(1393, 1, 0, 1387, '05 61 80 27 97 ', '132 avenue Castres'),
(1394, 1, 0, 1388, '05 61 09 54 65 ', '960 avenue Toulouse'),
(1395, 1, 0, 1389, '05 61 20 74 17 ', '47 rue Fieux'),
(1396, 1, 0, 1390, '09 75 90 26 39 ', 'Ancien Presbytere'),
(1397, 1, 0, 1391, '05 61 89 68 11 ', '43 avenue Anselme Arrieu'),
(1398, 1, 0, 1392, '-', 'Blaziat'),
(1399, 1, 0, 1393, ' 06 08 43 56 64 ', '10 rue Louis Lumière'),
(1400, 1, 0, 1394, '05 62 48 32 39 ', '208 avenue Muret'),
(1401, 1, 0, 1395, ' 05 65 31 20 50 ', 'La Tuilerie Tuilerie'),
(1402, 1, 0, 1396, '05 62 62 39 24 ', '3 boulevard Castres'),
(1403, 1, 0, 1397, ' 05 61 54 72 77 ', '11 place Marius Pinel'),
(1404, 1, 0, 1398, '05 65 73 79 59 ', '19 rue Périé'),
(1405, 1, 0, 1399, '05 61 98 07 26 ', '6 rue Jardins'),
(1406, 1, 0, 1400, '09 71 20 27 89 ', '7 place de la Cité'),
(1407, 1, 0, 1401, '09 60 07 09 78 ', '37 avenue Crampel'),
(1408, 1, 0, 1402, '05 65 34 25 72 ', 'Hauteval'),
(1409, 1, 0, 1403, '05 62 68 17 39 ', 'domicileLa Borde du Bosc'),
(1410, 1, 0, 1404, '05 61 52 17 45 ', '69 rue Férétra'),
(1411, 1, 0, 1405, '05 65 22 97 87 ', 'Le Bourg'),
(1412, 1, 0, 1406, '05 62 08 81 07 ', 'lieu-dit Perran'),
(1413, 1, 0, 1407, '05 65 32 73 80 ', '37 boulevard Mainiol'),
(1414, 1, 0, 1408, '05 62 40 28 66 ', '1640 voie Romaine'),
(1415, 1, 0, 1409, '05 34 47 63 74 ', '39 allée Niel'),
(1416, 1, 0, 1410, '09 72 30 38 90 ', '20 avenue Honoré Serres'),
(1417, 1, 0, 1411, '05 61 20 09 43 ', '5 B rue Malaret'),
(1418, 1, 0, 1412, '05 61 14 62 10 ', '23 imp Bons Amis'),
(1419, 1, 0, 1413, ' 05 61 14 62 15 ', '23 imp Bons Amis'),
(1420, 1, 0, 1414, '05 61 62 61 71 ', '4 rue Orient'),
(1421, 1, 0, 1415, '05 61 56 99 31 ', '1425 route Bérat'),
(1422, 1, 0, 1416, '05 61 53 98 88 ', '2 allée Demoiselles'),
(1423, 1, 0, 1417, '05 61 63 43 12 ', '3 Ter rue Belfort'),
(1424, 1, 0, 1418, '-', '41 chem Estaquebiau'),
(1425, 1, 0, 1419, '05 61 35 32 42 ', '41 chem Estaquebiau'),
(1426, 1, 0, 1420, '-', 'La Mothe Gajan'),
(1427, 1, 0, 1421, '05 62 98 11 86 ', '47 rue 11 Novembre'),
(1428, 1, 0, 1422, '05 65 32 70 21 ', '102 avenue Toulouse'),
(1429, 1, 0, 1423, '05 62 07 08 76 ', 'bureaux13 place Foirail'),
(1430, 1, 0, 1424, '05 65 64 45 17 ', 'La Calquiere'),
(1431, 1, 0, 1425, ' 06 45 80 32 61 ', '47 rue Jeu de Paume'),
(1432, 1, 0, 1426, '05 65 59 71 06 ', 'La Fontagne'),
(1433, 1, 0, 1427, '05 63 65 10 20 ', '8 avenue Gén Leclerc'),
(1434, 1, 0, 1428, '05 63 65 10 20 ', '8 avenue Gén Leclerc'),
(1435, 1, 0, 1429, '05 61 48 36 27 ', '33 rue Paul Dupin'),
(1436, 1, 0, 1430, '05 61 59 93 19 ', '26 rue Marie Magne'),
(1437, 1, 0, 1431, '05 61 32 81 68 ', '23 rue Monplaisir'),
(1438, 1, 0, 1432, '05 61 21 81 29 ', '9 place Parlement'),
(1439, 1, 0, 1433, '05 63 67 08 79 ', 'Lugan'),
(1440, 1, 0, 1434, '05 61 70 38 87 ', '27 Bis chem Peyrandrieu'),
(1441, 1, 0, 1435, '05 63 72 40 50 ', '8 avenue René Cassin'),
(1442, 1, 0, 1436, '05 65 35 71 10 ', '56 A boulevard Léon Gambetta'),
(1443, 1, 0, 1437, '05 65 99 05 85 ', '27 boulevard Emile Borel'),
(1444, 1, 0, 1438, '05 63 91 58 58 ', '484 boulevard Alsace Lorraine'),
(1445, 1, 0, 1439, '-', '3 rue Sénéchal'),
(1446, 1, 0, 1440, ' 06 72 52 86 15 ', '163 route Toulouse'),
(1447, 1, 0, 1441, '05 34 27 47 77 ', '12 rue St Michel'),
(1448, 1, 0, 1442, ' 06 07 54 61 43 ', '6 chem Bordes'),
(1449, 1, 0, 1443, ' 05 61 54 34 82 ', '16 avenue Castres'),
(1450, 1, 0, 1444, '05 65 42 82 14 ', '53 rue St Eloi'),
(1451, 1, 0, 1445, '05 65 61 62 40 ', '78 rue Croix Vieille'),
(1452, 1, 0, 1446, '05 62 67 83 74 ', '4 rue Collège'),
(1453, 1, 0, 1447, '05 65 81 95 35 ', 'lieu-dit Langlade'),
(1454, 1, 0, 1448, '0 562 561 561 ', '29 boulevard Lacaussade 18rés Corisande'),
(1455, 1, 0, 1449, '0 534 315 900 ', '30 rue Languedoc'),
(1456, 1, 0, 1450, '05 63 66 90 10 ', '530 route St Martial'),
(1457, 1, 0, 1451, '05 61 97 08 28 ', '23 avenue Saleich'),
(1458, 1, 0, 1452, '05 61 81 23 92 ', '82 avenue Toulouse'),
(1459, 1, 0, 1453, '05 62 56 15 61 ', '29 boulevard Lacaussade'),
(1460, 1, 0, 1454, '0 534 315 900 ', '30 rue Languedoc'),
(1461, 1, 0, 1455, '05 65 99 05 14 ', '34 boulevard Emile Borel'),
(1462, 1, 0, 1456, '05 61 20 86 21 ', '11 rue René Vaysse'),
(1463, 1, 0, 1457, '05 61 20 86 21 ', '11 rue René Vaysse'),
(1464, 1, 0, 1458, '-', '13 route Cadalen'),
(1465, 1, 0, 1459, ' 06 14 01 48 32 ', '13 route Cadalen'),
(1466, 1, 0, 1460, '-', 'Cuq Le Château Alzieu'),
(1467, 1, 0, 1461, '05 61 14 12 50 ', '24 rue Pharaon'),
(1468, 1, 0, 1462, '05 61 23 24 12 ', '16 rue Temponières'),
(1469, 1, 0, 1463, '05 62 28 17 15 ', '6 Bis rue Bonnamy'),
(1470, 1, 0, 1464, ' 06 69 13 03 35 ', '18 rue Lakanal'),
(1471, 1, 0, 1465, '05 62 63 50 52 ', 'r Justices'),
(1472, 1, 0, 1466, '05 62 48 39 69 ', '11 rue Louis Courtois de Vicose'),
(1473, 1, 0, 1467, '-', '14 rue Pic Carlit'),
(1474, 1, 0, 1468, '05 61 60 61 97 ', '102 rue Gabriel Péri'),
(1475, 1, 0, 1469, '05 61 69 00 48 ', 'Cap Delta parc T Delta Sud'),
(1476, 1, 0, 1470, ' 05 65 60 06 55 ', '9 rue Monseigneur Andrieu'),
(1477, 3, 0, 1, '07 25 23 62 35', '16 boulevard Strasbourg'),
(1478, 3, 0, 2, ' ', '11 Bis route Faubourg du Sers'),
(1479, 3, 0, 3, ' ', '26 rue 10 Avril'),
(1480, 3, 0, 4, ' ', '514 route St Barthelemy'),
(1481, 3, 0, 5, ' ', '34 rue Languedoc'),
(1482, 3, 0, 6, ' ', '34 rue Languedoc'),
(1483, 3, 0, 7, ' ', '39 rue Négrouillère'),
(1484, 3, 0, 8, ' ', '25 boulevard Victor Hugo'),
(1485, 3, 0, 9, ' ', '61 rue Pierre Cazeneuve'),
(1486, 3, 0, 10, ' ', '61 rue Pierre Cazeneuve'),
(1487, 3, 0, 11, ' ', '1 imp Pontils'),
(1488, 3, 0, 12, ' ', '5 rue EquipementZone de Vic'),
(1489, 3, 0, 13, ' ', '34 avenue De Lattre de Tassigny'),
(1490, 3, 0, 14, '06 73 05 88 26 ', '13 rue Plaine'),
(1491, 3, 0, 15, '06 89 51 49 67 ', '77 fbg Lacapelle'),
(1492, 3, 0, 16, ' ', 'Village'),
(1493, 3, 0, 17, ' ', '7 grand rue'),
(1494, 3, 0, 18, ' ', '49 boulevard Emile Borel'),
(1495, 3, 0, 19, ' ', '16 avenue Castres'),
(1496, 3, 0, 20, '06 11 94 43 29 ', '25 rue de Bourrassol'),
(1497, 3, 0, 21, ' ', '10 rue Embarthe'),
(1498, 3, 0, 22, ' ', '9 rue Ninau'),
(1499, 3, 0, 23, '06 72 65 97 38 ', '9 rue Louis Fouré Labrot'),
(1500, 3, 0, 24, ' ', '11 B rue Deodora'),
(1501, 3, 0, 25, ' ', 'Zac De Grande Borde Innopole rue Découverte'),
(1502, 3, 0, 26, '06 10 34 09 05 ', '5 avenue Pyrénées'),
(1503, 3, 0, 27, ' ', '56 Bis boulevard Léon Gambetta'),
(1504, 3, 0, 28, ' ', '4 rue Bazillac'),
(1505, 3, 0, 29, '06 27 19 69 79 ', 'Magenta'),
(1506, 3, 0, 30, ' ', '7 chem Maurice'),
(1507, 3, 0, 31, ' ', 'Château de Larlenque'),
(1509, 3, 0, 33, ' ', '67 allée 4 Septembre'),
(1510, 3, 0, 34, ' ', '7 chem Maurice'),
(1511, 3, 0, 35, ' ', 'rte Mirepoix'),
(1512, 3, 0, 36, '06 72 45 26 93 ', '89 rue Nationale'),
(1513, 3, 0, 37, ' ', '37 rue Pierre Paul Riquet'),
(1514, 3, 0, 38, ' ', '8 place République'),
(1515, 3, 0, 39, ' ', '9 rue Ancienne Gare'),
(1516, 3, 0, 40, ' ', '90 avenue Toulouse'),
(1517, 3, 0, 41, ' ', '2 place Promenades'),
(1518, 3, 0, 42, '06 88 53 14 04 ', '2 rue Dordogne'),
(1519, 3, 0, 43, ' ', 'Malafosse Pierre6 allée Charles de Fitte'),
(1520, 3, 0, 44, '06 21 37 33 22 ', '26 rue Dupont'),
(1521, 3, 0, 45, ' ', '65 allée Bellefontaine'),
(1522, 3, 0, 46, ' ', '65 allée Bellefontaine'),
(1523, 3, 0, 47, ' ', '7 chem Pouzic'),
(1524, 3, 0, 48, ' ', '2 rue Chambéry'),
(1525, 3, 0, 49, ' ', 'Village'),
(1526, 3, 0, 50, ' ', '41 rue Anatole France'),
(1527, 3, 0, 51, ' ', '87 route Albi'),
(1528, 3, 0, 52, ' ', '51 chem Duchesse'),
(1529, 3, 0, 53, '06 17 39 39 28 ', 'Les Triades Bât B 130 rue Galilée'),
(1530, 3, 0, 54, ' ', '8 rue St Orens'),
(1531, 3, 0, 55, ' ', '11 boulevard Récollets'),
(1532, 3, 0, 56, ' ', '126 chem Bourdettes'),
(1533, 3, 0, 57, '06 15 02 96 87 ', '126 chem des Bourdettes'),
(1534, 3, 0, 58, ' ', '27 place Edmond Canet'),
(1535, 3, 0, 59, ' ', '7 avenue Jacques Douzans'),
(1536, 3, 0, 60, ' ', 'secrétariat11 rue Darquié'),
(1537, 3, 0, 61, ' ', '8 place République'),
(1538, 3, 0, 62, ' ', '8 place République'),
(1539, 3, 0, 63, ' ', '47 allée Brienne'),
(1540, 3, 0, 64, ' ', '28 avenue Léon Blum'),
(1541, 3, 0, 65, ' ', '129 avenue François Verdier'),
(1542, 3, 0, 66, ' ', 'pl St Félix'),
(1543, 3, 0, 67, ' ', '27 avenue Lucien Coudert'),
(1544, 3, 0, 68, ' ', '61 avenue Gén de Croutte'),
(1545, 3, 0, 69, ' ', '61 avenue Gén de Croutte'),
(1546, 3, 0, 70, ' ', '7 place Armand Marrast'),
(1547, 3, 0, 71, ' ', 'cabinet2 rue Rabelais'),
(1548, 3, 0, 72, ' ', '2 route Toulouse'),
(1549, 3, 0, 73, ' ', '5 rue Mercure'),
(1550, 3, 0, 74, ' ', '8 place Vignaux'),
(1551, 3, 0, 75, ' ', '83 rue Gaston Doumergue'),
(1552, 3, 0, 76, ' ', '8 rue Jean Monnet'),
(1553, 3, 0, 77, ' ', 'En Tabat'),
(1554, 3, 0, 78, ' ', '21 rue Oeillets'),
(1555, 3, 0, 79, ' ', '10 imp Salinié'),
(1556, 3, 0, 80, ' ', '557 A chem Moulin'),
(1557, 3, 0, 81, ' ', 'bureau19 chem Pujole'),
(1558, 3, 0, 82, '06 08 31 14 79 ', '7 rue Arts'),
(1559, 3, 0, 83, ' ', '55 avenue Louis Bréguet'),
(1560, 3, 0, 84, ' ', '32 chem Narbonnet'),
(1561, 3, 0, 85, ' ', '9 place Carmes'),
(1562, 3, 0, 86, ' ', '4 avenue Charles Pillat'),
(1563, 3, 0, 87, ' ', '32 chem Butte'),
(1564, 3, 0, 88, ' ', 'Maison Bolton route Lapanouse'),
(1565, 3, 0, 89, ' ', '19 rue Drouet'),
(1566, 3, 0, 90, ' ', 'Lapeyrière'),
(1567, 3, 0, 91, ' ', 'standard25 rue Claire Pauilhac'),
(1568, 3, 0, 92, ' ', 'Couartet'),
(1569, 3, 0, 93, ' ', 'chem Couartet'),
(1570, 3, 0, 94, ' ', '227 avenue de Muret'),
(1571, 3, 0, 95, ' ', '19 chem Pujole'),
(1572, 3, 0, 96, ' ', '25 rue Bourrassol'),
(1573, 3, 0, 97, ' ', '25 rue Bourrassol'),
(1574, 3, 0, 98, ' ', '4 rue Stade'),
(1575, 3, 0, 99, ' ', '28 rue République'),
(1576, 3, 0, 100, '06 77 01 34 84 ', '78 allée Jean Jaurès'),
(1577, 3, 0, 101, ' ', '5 route Espagne'),
(1578, 3, 0, 102, ' ', '5 avenue Save'),
(1579, 3, 0, 103, '06 79 67 33 92 ', '5 route d\'Espagne'),
(1580, 3, 0, 104, '06 62 80 20 95 ', '23 Bis rue Ecoles'),
(1581, 3, 0, 105, '06 03 53 96 04 ', '15 rue Negreneys'),
(1582, 3, 0, 106, ' ', '4 rue Frênes'),
(1583, 3, 0, 107, ' ', '17 rue Amélie'),
(1584, 3, 0, 108, ' ', 'lieu dit La Briguerie'),
(1585, 3, 0, 109, '06 09 69 94 84 ', 'lieu dit La Briguerie'),
(1586, 3, 0, 110, ' ', '6 rue Ringaud'),
(1587, 3, 0, 111, ' ', '48 rue Huit Mai Mille Neuf Ce'),
(1588, 3, 0, 112, ' ', '54 avenue Isle'),
(1589, 3, 0, 113, ' ', '65 rue Loubatière'),
(1590, 3, 0, 114, ' ', '44 rue Languedoc'),
(1591, 3, 0, 115, ' ', '5 rue Indépedance'),
(1592, 3, 0, 116, ' ', 'Village'),
(1593, 3, 0, 117, '06 89 82 15 30 ', '21 rue de l\'Allier'),
(1594, 3, 0, 118, ' ', '16 boulevard Strasbourg'),
(1595, 3, 0, 119, '06 26 18 95 17 ', '227 Bis chem Gabardie'),
(1596, 3, 0, 120, ' ', '2 imp Louis Sire'),
(1597, 3, 0, 121, ' ', '34 rue Louis Lumière'),
(1598, 3, 0, 122, ' ', '39 grand rue Villenouvelle'),
(1599, 3, 0, 123, ' ', '15 rue Haras'),
(1600, 3, 0, 124, ' ', '2253 route GUINOT'),
(1601, 3, 0, 125, ' ', '353 route Seysses'),
(1602, 3, 0, 126, ' ', 'Lieu dit Gagnoulat'),
(1603, 3, 0, 127, ' ', 'village Bédeilhac'),
(1604, 3, 0, 128, ' ', '36 rue Delcassé'),
(1605, 3, 0, 129, ' ', '2 rue Poudrière'),
(1606, 3, 0, 130, ' ', '3 rue Pouech'),
(1607, 3, 0, 131, ' ', '4 imp Autan'),
(1608, 3, 0, 132, ' ', '8 place Bicentenaire'),
(1609, 3, 0, 133, '06 70 51 88 03 ', '2 avenue René Cassin'),
(1610, 3, 0, 134, ' ', 'lieu dit Beaudinencq'),
(1611, 3, 0, 135, ' ', '125 chem Castor'),
(1612, 3, 0, 136, ' ', '63 rue Jean Jaurès'),
(1613, 3, 0, 137, ' ', '4 place Doussot'),
(1614, 3, 0, 138, ' ', '4 rue Vincent Scotto'),
(1615, 3, 0, 139, ' ', '8 quai Ariège'),
(1616, 3, 0, 140, ' ', '4 rue Méjanel'),
(1617, 3, 0, 141, ' ', '18 rue Cosmonautes'),
(1618, 3, 0, 142, ' ', '63 boulevard Lazare Carnot'),
(1619, 3, 0, 143, ' ', '6 place St Etienne'),
(1620, 3, 0, 144, ' ', '33 avenue Gén Leclerc'),
(1621, 3, 0, 145, '06 89 88 19 84 ', '10 rue des Fleurs'),
(1622, 3, 0, 146, ' ', '22 rue Croix Baragnon'),
(1623, 3, 0, 147, '06 84 49 88 63 ', '12 chem Bramevaques'),
(1624, 3, 0, 148, ' ', '150 rue Fort'),
(1625, 3, 0, 149, ' ', '3 place Libération'),
(1626, 3, 0, 150, ' ', '247 rue Eglise'),
(1627, 3, 0, 151, ' ', '7 allée Paul Feuga'),
(1628, 3, 0, 152, ' ', 'A Casteljaloux'),
(1629, 3, 0, 153, ' ', '8 boulevard Marcel Paul'),
(1630, 3, 0, 154, ' ', '12 rue Gabriel Pech'),
(1631, 3, 0, 155, ' ', '12 rue Gabriel Pech'),
(1632, 3, 0, 156, '06 75 64 90 44 ', 'La Revelle'),
(1633, 3, 0, 157, ' ', 'Roumégouse'),
(1634, 3, 0, 158, ' ', '95 rue Bastide'),
(1635, 3, 0, 159, ' ', 'St Cyrice Etoile Le Serial 8 rue Faubourg Lo Barri'),
(1636, 3, 0, 160, ' ', '215 route Narbonne'),
(1637, 3, 0, 161, ' ', '3 avenue Victor Pilhes'),
(1638, 3, 0, 162, '06 15 02 21 71 ', 'Balas Arnaudlieu dit a vignaux'),
(1639, 3, 0, 163, ' ', '39 rue Baudelaire'),
(1640, 3, 0, 164, ' ', 'St Anatoly'),
(1641, 3, 0, 165, ' ', '2 rue Petite de l\'Hôpital'),
(1642, 3, 0, 166, ' ', '28 allée Charles de Fitte'),
(1643, 3, 0, 167, ' ', '6 rue Tolosane'),
(1644, 3, 0, 168, ' ', '36 place Griffoul'),
(1645, 3, 0, 169, ' ', '114 rue Louis Lépine Albasud'),
(1646, 3, 0, 170, ' ', '28 avenue Saint Exupéry'),
(1647, 3, 0, 171, ' ', '3 chem Labastidole'),
(1648, 3, 0, 172, ' ', '9 place Mairie'),
(1649, 3, 0, 173, '06 42 72 13 13 ', '100 avenue Jean Rieux'),
(1650, 3, 0, 174, ' ', '8 imp Oliviers'),
(1651, 3, 0, 175, ' ', '20 quai Lucien Lombard'),
(1652, 3, 0, 176, '06 59 160 166 ', '28 rue Gorp Le Busca'),
(1653, 3, 0, 177, ' ', '2 esc Calvaire'),
(1654, 3, 0, 178, ' ', '24 route Agen'),
(1655, 3, 0, 179, ' ', '6 rue Eugene Sue'),
(1656, 3, 0, 180, ' ', '41 ch de Landon'),
(1657, 3, 0, 181, ' ', '13 rue Château d\'Eau'),
(1658, 3, 0, 182, ' ', '3 Bis rue Esquile'),
(1659, 3, 0, 183, ' ', '65 rue Loubatière'),
(1660, 3, 0, 184, ' ', '42 rue Hom'),
(1661, 3, 0, 185, ' ', '15 rue Mercure'),
(1662, 3, 0, 186, ' ', '8 rue Arnaud de Molles'),
(1663, 3, 0, 187, ' ', '10 port St Sauveur'),
(1664, 3, 0, 188, ' ', '8 rue republique'),
(1665, 3, 0, 189, ' ', '4 place Ste Anne'),
(1666, 3, 0, 190, ' ', '38 rue Alfred Dumeril'),
(1667, 3, 0, 191, ' ', '80 route Gaillard du Port'),
(1668, 3, 0, 192, ' ', '26 rue Chaussas'),
(1669, 3, 0, 193, ' ', '5 rue bourg'),
(1670, 3, 0, 194, '06 20 07 81 46 ', '10 cheminement Le Tintoret'),
(1671, 3, 0, 195, ' ', 'bureauSt Cyrice Etoile Le Serial 8 rue Faubourg Lo Barri'),
(1672, 3, 0, 196, ' ', 'bureau15 rue Champ de St Barthélémy'),
(1673, 3, 0, 197, '06 07 51 76 68 ', 'lieu dit Taneria route Dieupentale'),
(1674, 3, 0, 198, '06 07 51 76 68 ', 'lieu dit Taneria route Dieupentale'),
(1675, 3, 0, 199, ' ', 'pl Mairie'),
(1676, 3, 0, 200, ' ', 'pl Mairie'),
(1677, 3, 0, 201, '', '9 place VerdunB'),
(1678, 3, 0, 202, '06 81 79 06 59 ', '14 Bis rue Lalanne'),
(1679, 3, 0, 203, ' ', '18 rue Paillas'),
(1680, 3, 0, 204, ' ', '227 avenue Muret'),
(1681, 3, 0, 205, '06 35 91 82 08 ', '45 rue Vieux Moulin'),
(1682, 3, 0, 206, ' ', '6 route Cepet'),
(1683, 3, 0, 207, ' ', '19 avenue Winston Churchill'),
(1684, 3, 0, 208, ' ', '3 rue Georges Magnoac'),
(1685, 3, 0, 209, ' ', '7 chem Rivière Longue'),
(1686, 3, 0, 210, ' ', '39 rue Cayrade'),
(1687, 3, 0, 211, ' ', 'Lourie'),
(1688, 3, 0, 212, ' ', '31 rue Henriette Achiary'),
(1689, 3, 0, 213, ' ', '5 rue Hôtel de Ville'),
(1690, 3, 0, 214, ' ', '24 rue Ingres'),
(1691, 3, 0, 215, ' ', '13 rue Boulbonne'),
(1692, 3, 0, 216, '06 83 29 89 00 ', '78 rue Egalité'),
(1693, 3, 0, 217, ' ', '34 avenue Maignan'),
(1694, 3, 0, 218, ' ', '7 boulevard Carnot'),
(1695, 3, 0, 219, ' ', '14 rue Briquetiers'),
(1696, 3, 0, 220, ' ', '2 rue Fermat'),
(1697, 3, 0, 221, ' ', '19 rue St Honoré'),
(1698, 3, 0, 222, ' ', '1 rue Libre Echange'),
(1699, 3, 0, 223, '06 74 38 44 76 ', 'Gwénaëlle Coatanroc\'h62 chem St Antoine'),
(1700, 3, 0, 224, ' ', 'Mourchid Abdellatif20 quai Lucien Lombard'),
(1701, 3, 0, 225, ' ', '32 rue Desaix'),
(1702, 3, 0, 226, ' ', 'Les Fontaines Larrey 4 place Bologne'),
(1703, 3, 0, 227, ' ', 'Bât E 12 rue Tananarive'),
(1704, 3, 0, 228, ' ', 'Bât E 12 rue Tananarive'),
(1705, 3, 0, 229, ' ', '4 rue Georges Courteline'),
(1706, 3, 0, 230, ' ', 'imp Cendresses'),
(1707, 3, 0, 231, ' ', 'bureau16 avenue Vallées'),
(1708, 3, 0, 232, ' ', '9 rue Emile Nègre'),
(1709, 3, 0, 233, ' ', '35 avenue Danemark'),
(1710, 3, 0, 234, ' ', '1 Quater chem Lamarque'),
(1711, 3, 0, 235, ' ', '16 rue Lespes'),
(1712, 3, 0, 236, ' ', '15 boulevard Monplaisir'),
(1713, 3, 0, 237, ' ', '23 rue Prof Martin'),
(1714, 3, 0, 238, ' ', '1 imp Braille'),
(1715, 3, 0, 239, '06 18 05 45 62 ', '7 rue Bertrand Gril'),
(1716, 3, 0, 240, ' ', '132 rue Achille Viadieu'),
(1717, 3, 0, 241, ' ', '52 rue Metz'),
(1718, 3, 0, 242, ' ', '10 rue Raynal'),
(1719, 3, 0, 243, ' ', '3 rue Guillaume Ibos'),
(1720, 3, 0, 244, ' ', '2 avenue de Lombez'),
(1721, 3, 0, 245, ' ', '23 rue Neuve'),
(1722, 3, 0, 246, ' ', '23 rue Neuve'),
(1723, 3, 0, 247, ' ', '1 rue Ste Clothilde'),
(1724, 3, 0, 248, '06 19 05 85 31 ', '33 35 gde rue Barbacane'),
(1725, 3, 0, 249, ' ', '52 vieux chemin Grenade'),
(1726, 3, 0, 250, ' ', '9 rue Rives'),
(1727, 3, 0, 251, ' ', '7 rue Rivals'),
(1728, 3, 0, 252, ' ', '12 place La Fayette'),
(1729, 3, 0, 253, ' ', '37 rue Viguerie'),
(1730, 3, 0, 254, ' ', '14 rue Libiet'),
(1731, 3, 0, 255, ' ', 'Village'),
(1732, 3, 0, 256, ' ', '30 place Jean Jaurès'),
(1733, 3, 0, 257, ' ', '62 chem St Antoine'),
(1734, 3, 0, 258, ' ', '22 rue Emile Zola'),
(1735, 3, 0, 259, ' ', 'bureaux9 rue Lorraine'),
(1736, 3, 0, 260, ' ', 'A Seignebon'),
(1737, 3, 0, 261, ' ', 'cabinet71 avenue Régiment de Bigorre'),
(1738, 3, 0, 262, ' ', '227 avenue Muret'),
(1739, 3, 0, 263, ' ', '35 avenue Castres'),
(1740, 3, 0, 264, ' ', 'rte Conques Puech Baurez'),
(1741, 3, 0, 265, ' ', '5 avenue Gén de Gaulle'),
(1742, 3, 0, 266, ' ', 'lieu dit Bourg'),
(1743, 3, 0, 267, ' ', '70 rue Georges Clemenceau'),
(1744, 3, 0, 268, ' ', '14 rue Château'),
(1745, 3, 0, 269, ' ', 'Foures'),
(1746, 3, 0, 270, ' ', '3 Ter avenue URSS'),
(1747, 3, 0, 271, ' ', 'Bousquet'),
(1748, 3, 0, 272, ' ', 'Bousquet'),
(1749, 3, 0, 273, ' ', 'village Bedeilhac'),
(1750, 3, 0, 274, ' ', '33 rue Paul Gauguin'),
(1751, 3, 0, 275, ' ', '77 allée Brienne'),
(1752, 3, 0, 276, ' ', '24 rue Montesquieu'),
(1753, 3, 0, 277, ' ', '2 rue Temponières'),
(1754, 3, 0, 278, ' ', '12 rue Prieuré'),
(1755, 3, 0, 279, ' ', '18 rue Marcel Briguiboul'),
(1756, 3, 0, 280, ' ', '12 rue Colomb'),
(1757, 3, 0, 281, ' ', '12 rue Colomb'),
(1758, 3, 0, 282, ' ', 'Le Planol'),
(1759, 3, 0, 283, ' ', 'bd Nord'),
(1760, 3, 0, 284, ' ', '5 rue Dalmatie'),
(1761, 3, 0, 285, ' ', '4 place st Anne'),
(1762, 3, 0, 286, ' ', 'Le Bat Bat'),
(1763, 3, 0, 287, ' ', 'Standard54 fbg Moustier'),
(1764, 3, 0, 288, ' ', 'Mezaillade de Lapeyre'),
(1765, 3, 0, 289, ' ', '1 boulevard Louis Jean Malvy'),
(1766, 3, 0, 290, ' ', 'La Bouriette'),
(1767, 3, 0, 291, ' ', 'Pte 1 12 place Marché'),
(1768, 3, 0, 292, ' ', 'Pillié'),
(1769, 3, 0, 293, ' ', '10 chem Carrosse'),
(1770, 3, 0, 294, '06 43 39 77 21 ', '14 rue Carnot'),
(1771, 3, 0, 295, ' ', '80 avenue Azereix'),
(1772, 3, 0, 296, ' ', '37 rue Béteille'),
(1773, 3, 0, 297, '06 15 14 55 37 ', '5 allée Riou Maury'),
(1774, 3, 0, 298, ' ', '10 rue Gabriel Péri'),
(1775, 3, 0, 299, '06 79 28 75 08 ', '47 avenue Marcel Lacassagne'),
(1776, 3, 0, 300, ' ', '47 avenue Marcel Lacassagne'),
(1777, 3, 0, 301, ' ', '15 rue Fonderie'),
(1778, 3, 0, 302, ' ', '6 allée Paul Sabatier'),
(1779, 3, 0, 303, ' ', '32 avenue Balansa'),
(1780, 3, 0, 304, ' ', '14 prom Sancert'),
(1781, 3, 0, 305, ' ', '46 rue Paraire'),
(1782, 3, 0, 306, ' ', 'Europa 18 avenue Jean Monnet'),
(1783, 3, 0, 307, ' ', '37 rue Pierre Paul Riquet'),
(1784, 3, 0, 308, ' ', 'Bannes'),
(1785, 3, 0, 309, ' ', '37 rue Pierre Paul Riquet'),
(1786, 3, 0, 310, ' ', '4 rue Epeautre'),
(1787, 3, 0, 311, ' ', 'bureau46 rue Paraire'),
(1788, 3, 0, 312, ' ', '13 rue St Blaise'),
(1789, 3, 0, 313, ' ', '10 chem Carrosse'),
(1790, 3, 0, 314, '06 12 55 60 97 ', '40 Ter rue Printemps'),
(1791, 3, 0, 315, ' ', '51 rue Paradoux'),
(1792, 3, 0, 316, ' ', '48 rue Clémenceau'),
(1793, 3, 0, 317, ' ', '48 rue Clémenceau'),
(1794, 3, 0, 318, ' ', '74 rue Denis Forestier'),
(1795, 3, 0, 319, ' ', 'résid Albion 14 rue Joseph Moulès'),
(1796, 3, 0, 320, ' ', '7 Bis rue Monts de Bigorre'),
(1797, 3, 0, 321, ' ', '36 chem Enlejeau'),
(1798, 3, 0, 322, ' ', 'Dablanc'),
(1799, 3, 0, 323, ' ', '10 imp Fougeres'),
(1800, 3, 0, 324, ' ', '16 rue Mérigonde'),
(1801, 3, 0, 325, ' ', '2 avenue Nailloux'),
(1802, 3, 0, 326, ' ', '1 lot Carrières'),
(1803, 3, 0, 327, ' ', '70 rue Jacques Babinet'),
(1804, 3, 0, 328, ' ', 'Crabille'),
(1805, 3, 0, 329, ' ', 'Motis'),
(1806, 3, 0, 330, ' ', '20 Bis rue Henri Marre'),
(1807, 3, 0, 331, ' ', '20 Bis rue Henri Marre'),
(1808, 3, 0, 332, ' ', '53 petite route Lezat'),
(1809, 3, 0, 333, ' ', '83 rue Alsace Lorraine'),
(1810, 3, 0, 334, ' ', '12 allée Soupirs'),
(1811, 3, 0, 335, ' ', '4 rue Saules'),
(1812, 3, 0, 336, ' ', '23 rue Languedoc'),
(1813, 3, 0, 337, ' ', '12 rue Egalité'),
(1814, 3, 0, 338, ' ', '12 rue Egalité'),
(1815, 3, 0, 339, ' ', '4 rue Planard'),
(1816, 3, 0, 340, ' ', '44 rue Languedoc'),
(1817, 3, 0, 341, ' ', '1 rue Vigne'),
(1818, 3, 0, 342, ' ', 'STANDARD2 rue Poudrière'),
(1819, 3, 0, 343, ' ', '2 rue Poudrière'),
(1820, 3, 0, 344, ' ', 'Les Pierrous Le Bois Grand'),
(1821, 3, 0, 345, ' ', '7 chem Vignalis'),
(1822, 3, 0, 346, ' ', '54 rue St July'),
(1823, 3, 0, 347, '06 84 35 55 86 ', 'le village'),
(1824, 3, 0, 348, ' ', '1 rue Rotonde'),
(1825, 3, 0, 349, ' ', 'Santarossa Frédéricferme Rape'),
(1826, 3, 0, 350, ' ', 'Boscus Rond Point de la Roque'),
(1827, 3, 0, 351, ' ', 'lieu dit Garric'),
(1828, 3, 0, 352, ' ', '29 chem Baron'),
(1829, 3, 0, 353, ' ', '8 chem Terrasse'),
(1830, 3, 0, 354, ' ', 'Candarchitectes116 route Espagnebat 2 helios'),
(1831, 3, 0, 355, ' ', 'Candarchitectes116 route Espagnebat 2 helios'),
(1832, 3, 0, 356, ' ', '40 chem Pique Basse'),
(1833, 3, 0, 357, ' ', '38 rue Jean Jaurès'),
(1834, 3, 0, 358, ' ', '4 rue Orient'),
(1835, 3, 0, 359, ' ', 'Terre'),
(1836, 3, 0, 360, '06 15 88 79 14 ', '4 avenue du Couserans');
INSERT INTO `telephone` (`id`, `statut_id`, `entreprise_id`, `contact_id`, `number`, `observation`) VALUES
(1837, 3, 0, 361, ' ', 'Technoclub 4 rue Jean FarmanBât D'),
(1838, 3, 0, 362, ' ', '15 rue Raymond IV'),
(1839, 3, 0, 363, ' ', '41 Bis rue Am Galiber'),
(1840, 3, 0, 364, ' ', '30 rue Mairie'),
(1841, 3, 0, 365, '06 81 43 00 17 ', '6 avenue du Pré de Vabres'),
(1842, 3, 0, 366, ' ', '6 avenue Pré de Vabre'),
(1843, 3, 0, 367, ' ', 'Le Bout de la Côte'),
(1844, 3, 0, 368, ' ', 'pl Mairie'),
(1845, 3, 0, 369, ' ', 'bureauLe Bourg'),
(1846, 3, 0, 370, ' ', '21 rue Palaprat'),
(1847, 3, 0, 371, ' ', '99 route Espagne'),
(1848, 3, 0, 372, ' ', '60 boulevard Soult'),
(1849, 3, 0, 373, ' ', '5 Bis place Castelet'),
(1850, 3, 0, 374, ' ', '21 rue Palaprat'),
(1851, 3, 0, 375, ' ', '1 rue Bouquières'),
(1852, 3, 0, 376, ' ', '5 rue Etampes'),
(1853, 3, 0, 377, ' ', '10 rue Marcelin Viguié'),
(1854, 3, 0, 378, ' ', '87 route Albi'),
(1855, 3, 0, 379, ' ', '88 rue Paul Gauguin'),
(1856, 3, 0, 380, ' ', '12 rue Charles de Gaulle'),
(1857, 3, 0, 381, ' ', '16 allée Villote'),
(1858, 3, 0, 382, ' ', '11 place République'),
(1859, 3, 0, 383, ' ', '6 rue Tolosane'),
(1860, 3, 0, 384, '06 15 46 03 73 ', '15 rue Moulin'),
(1861, 3, 0, 385, ' ', '7 rue Auber'),
(1862, 3, 0, 386, ' ', '49 rue Egalité'),
(1863, 3, 0, 387, '06 07 21 23 44 ', '14 prom Sancert'),
(1864, 3, 0, 388, ' ', '21 rue République'),
(1865, 3, 0, 389, ' ', '21 allée Victor Hugo'),
(1866, 3, 0, 390, ' ', '13 rue République'),
(1867, 3, 0, 391, ' ', '9 place Jean Jaurès'),
(1868, 3, 0, 392, ' ', '3 rue Charrons'),
(1869, 3, 0, 393, ' ', '37 rue Am Courbet'),
(1870, 3, 0, 394, ' ', 'FAX6 rue Moulin Bayard'),
(1871, 3, 0, 395, ' ', '6 rue Moulin Bayard'),
(1872, 3, 0, 396, ' ', '13 rue Tournebroche'),
(1873, 3, 0, 397, ' ', 'Vialatelle'),
(1874, 3, 0, 398, ' ', 'Vialatelle'),
(1875, 3, 0, 399, ' ', 'Parc St Agne 10 rue Eglise'),
(1876, 3, 0, 400, ' ', '57 avenue Jean Jaurès'),
(1877, 3, 0, 401, '06 32 67 16 15 ', '21 rue Elie Augustin'),
(1878, 3, 0, 402, ' ', 'rte Pech CuretLa Coste'),
(1879, 3, 0, 403, ' ', 'chem Cammas'),
(1880, 3, 0, 404, ' ', 'le Bourg'),
(1881, 3, 0, 405, ' ', '2 rue Béteille'),
(1882, 3, 0, 406, ' ', '112 boulevard Deodat de Severac'),
(1883, 3, 0, 407, ' ', '16 avenue Emile Bouyssou'),
(1884, 3, 0, 408, ' ', '120 allée Barcelone'),
(1885, 3, 0, 409, ' ', '17 place Nationale'),
(1886, 3, 0, 410, ' ', '17 place Nationale'),
(1887, 3, 0, 411, ' ', '31 rue Cher'),
(1888, 3, 0, 412, ' ', 'Vayrols'),
(1889, 3, 0, 413, ' ', '10 place Eglise'),
(1890, 3, 0, 414, ' ', '4 rue Rochers'),
(1891, 3, 0, 415, '06 61 92 29 91 ', '21 rue République'),
(1892, 3, 0, 416, ' ', '33 rue Croix Baragnon'),
(1893, 3, 0, 417, ' ', 'pl Europe'),
(1894, 3, 0, 418, ' ', '26 fbg Planissolles'),
(1895, 3, 0, 419, ' ', '2 place Eglise'),
(1896, 3, 0, 420, ' ', '17 place République'),
(1897, 3, 0, 421, ' ', '42 rue Hom'),
(1898, 3, 0, 422, ' ', 'St Cyrice Etoile Le Serial 8 rue Faubourg Lo Barri'),
(1899, 3, 0, 423, ' ', '16 rue Marchands'),
(1900, 3, 0, 424, ' ', '30 rue Chalets'),
(1901, 3, 0, 425, ' ', '10 rue Puits Creuses'),
(1902, 3, 0, 426, ' ', '5 Villefranche'),
(1903, 3, 0, 427, ' ', '36 rue Philadelphe de Gerde'),
(1904, 3, 0, 428, ' ', '66 avenue du Régiment de Bigorre'),
(1905, 3, 0, 429, ' ', '9 rue Laffiteau'),
(1906, 3, 0, 430, '06 86 65 12 51 ', '9 rue LaffiteauBP 35'),
(1907, 3, 0, 431, '06 28 34 62 53 ', 'Caillavel Grand'),
(1908, 3, 0, 432, ' ', '136 boulevard Pierre et Marie Curie'),
(1909, 3, 0, 433, ' ', '530 route Saint Martial'),
(1910, 3, 0, 434, ' ', 'Celadon Design530 route St Martial'),
(1911, 3, 0, 435, ' ', '6 rue Ringaud'),
(1912, 3, 0, 436, ' ', 'pl Foirail Haut'),
(1913, 3, 0, 437, ' ', '32 chem Butte'),
(1914, 3, 0, 438, ' ', '32 chem Butte'),
(1915, 3, 0, 439, ' ', 'Le Bourg'),
(1916, 3, 0, 440, ' ', '12 rue Gabriel Pech'),
(1917, 3, 0, 441, ' ', 'cabinet25 rue Victor Hugo'),
(1918, 3, 0, 442, ' ', '25 rue Victor Hugo'),
(1919, 3, 0, 443, ' ', '6 rue Ringaud'),
(1920, 3, 0, 444, ' ', '6 rue Ringaud'),
(1921, 3, 0, 445, ' ', '15 avenue Maransin'),
(1922, 3, 0, 446, ' ', 'pl Eglise'),
(1923, 3, 0, 447, ' ', '12 avenue Ségala'),
(1924, 3, 0, 448, ' ', '16 avenue Emile Bouyssou'),
(1925, 3, 0, 449, ' ', '5 avenue 8 Mai 1945'),
(1926, 3, 0, 450, ' ', '8 rue St Joseph'),
(1927, 3, 0, 451, '06 81 86 99 87 ', 'Litré'),
(1928, 3, 0, 452, ' ', '3 rue Occitane'),
(1929, 3, 0, 453, '06 03 53 96 04 ', '15 rue Negreneys'),
(1930, 3, 0, 454, ' ', '2 place Foirail'),
(1931, 3, 0, 455, ' ', '24 chem Graves'),
(1932, 3, 0, 456, ' ', '2 chem Saouret'),
(1933, 3, 0, 457, ' ', '26 boulevard Gustave Garrisson'),
(1934, 3, 0, 458, ' ', '11 rue Boulbonne'),
(1935, 3, 0, 459, ' ', '11 rue Joseph Vie'),
(1936, 3, 0, 460, ' ', '40 avenue Victor Hugo'),
(1937, 3, 0, 461, ' ', '12 rue Marrens'),
(1938, 3, 0, 462, ' ', '12 rue Marrens'),
(1939, 3, 0, 463, ' ', 'le Bourg'),
(1940, 3, 0, 464, ' ', '40 boulevard Récollets'),
(1941, 3, 0, 465, ' ', 'pl Foirail Haut'),
(1942, 3, 0, 466, ' ', '16 avenue Planhol'),
(1943, 3, 0, 467, ' ', '5 rue Cazalès'),
(1944, 3, 0, 468, '06 85 66 08 29 ', '5 avenue 8 Mai 1945'),
(1945, 3, 0, 469, ' ', '4 rue Saules'),
(1946, 3, 0, 470, ' ', '21 rue Hôtel de Ville'),
(1947, 3, 0, 471, ' ', '29 rue Pharaon'),
(1948, 3, 0, 472, ' ', 'La Tour de Loup'),
(1949, 3, 0, 473, ' ', '1 rue Roland Garros'),
(1950, 3, 0, 474, '06 79 27 19 62 ', '20 rue Industrie'),
(1951, 3, 0, 475, ' ', '4 rue Prévoyance'),
(1952, 3, 0, 476, ' ', '33 rue Croix Verte'),
(1953, 3, 0, 477, ' ', 'Zi 62 chem St Antoine'),
(1954, 3, 0, 478, '06 12 59 80 28 ', 'Les Montels La ferme saint Michel'),
(1955, 3, 0, 479, ' ', '23 avenue Gare'),
(1956, 3, 0, 480, ' ', '23 avenue Gare'),
(1957, 3, 0, 481, ' ', '10 rue Jean Delzars'),
(1958, 3, 0, 482, ' ', '49 boulevard Emile Borel'),
(1959, 3, 0, 483, ' ', 'r Barriou'),
(1960, 3, 0, 484, ' ', 'pl Château'),
(1961, 3, 0, 485, ' ', 'pl Château'),
(1962, 3, 0, 486, ' ', '36 rue Géraniums'),
(1963, 3, 0, 487, ' ', '95 avenue Pyrénées'),
(1964, 3, 0, 488, ' ', 'lieu dit Lamic'),
(1965, 3, 0, 489, ' ', '5 rue Antoine Fanguin'),
(1966, 3, 0, 490, ' ', '61 rue Bonnat'),
(1967, 3, 0, 491, ' ', '4 imp Berlioz'),
(1968, 3, 0, 492, ' ', '15 rue Champ de St Barthélémy'),
(1969, 3, 0, 493, ' ', 'lieu dit Lamartine'),
(1970, 3, 0, 494, ' ', '3 Bis place Bonnaterre'),
(1971, 3, 0, 495, '06 07 91 82 26 ', '3 rue de l\'Ouest'),
(1972, 3, 0, 496, '06 73 11 25 99 ', '14 place Fréderic Bompaire'),
(1973, 3, 0, 497, ' ', '13 rue Mûriers'),
(1974, 3, 0, 498, ' ', 'Petitel'),
(1975, 3, 0, 499, ' ', 'le Rieu'),
(1976, 3, 0, 500, ' ', '105 avenue Calès'),
(1977, 3, 0, 501, '06 51 92 40 37 ', 'r Cinéma'),
(1978, 3, 0, 502, ' ', '25 rue Ozenne'),
(1979, 3, 0, 503, ' ', 'Vispens'),
(1980, 3, 0, 504, ' ', '12 boulevard Azémar'),
(1981, 3, 0, 505, '06 63 95 30 11 ', '2 rue Bonhore'),
(1982, 3, 0, 506, ' ', '4 passage Garnavie'),
(1983, 3, 0, 507, ' ', '32 chem Butte'),
(1984, 3, 0, 508, ' ', '30 rue Levant'),
(1985, 3, 0, 509, '06 07 26 73 85 ', 'chem Lapujade'),
(1986, 3, 0, 510, ' ', 'CPBR ARCHITECTURE52 Bis avenue Jacques Douzans'),
(1987, 3, 0, 511, ' ', '62 rue Champs Elysées'),
(1988, 3, 0, 512, ' ', '7 rue Jacques Cartier'),
(1989, 3, 0, 513, ' ', '12 rue Gabriel Fauré'),
(1990, 3, 0, 514, ' ', '4 rue Guillemin Tarayre'),
(1991, 3, 0, 515, ' ', '15 boulevard De Bonald'),
(1992, 3, 0, 516, ' ', '18 rue Languedoc'),
(1993, 3, 0, 517, ' ', '9 Ter route Lourdes'),
(1994, 3, 0, 518, ' ', '9 place Parlement'),
(1995, 3, 0, 519, ' ', '879 boulevard Blaise Doumerc'),
(1996, 3, 0, 520, ' ', '13 rue Pic du Midi'),
(1997, 3, 0, 521, ' ', 'quai Promenade'),
(1998, 3, 0, 522, '06 75 72 79 46 ', 'pl République'),
(1999, 3, 0, 523, ' ', 'pl République'),
(2000, 3, 0, 524, ' ', 'Tarras Tarras'),
(2001, 3, 0, 525, ' ', '11 rue Pargaminières'),
(2002, 3, 0, 526, ' ', '74 route Tournefeuille'),
(2003, 3, 0, 527, ' ', '72 route Tournefeuille'),
(2004, 3, 0, 528, '06 24 92 54 70 ', '7 rue Verger'),
(2005, 3, 0, 529, ' ', '2 Bis rue Chairedon'),
(2006, 3, 0, 530, ' ', 'Darre le Barry Sud'),
(2007, 3, 0, 531, ' ', '38 boulevard 4 Septembre'),
(2008, 3, 0, 532, ' ', '45 rue Prat'),
(2009, 3, 0, 533, ' ', '1 rue Noyers'),
(2010, 3, 0, 534, ' ', '500 chem Callory'),
(2011, 3, 0, 535, ' ', 'Résid La Farguette 107 allée Victor Hugo'),
(2012, 3, 0, 536, ' ', '5 boulevard 122ème RI'),
(2013, 3, 0, 537, ' ', '5 rue Jacobins'),
(2014, 3, 0, 538, ' ', '70 rue Jacques Babinet'),
(2015, 3, 0, 539, ' ', '70 rue Jacques Babinet'),
(2016, 3, 0, 540, ' ', '7 rue Auber'),
(2017, 3, 0, 541, ' ', '37 boulevard Récollets'),
(2018, 3, 0, 542, ' ', '50 allée des Tricheries'),
(2019, 3, 0, 543, ' ', '174 rue Monetuc'),
(2020, 3, 0, 544, ' ', '2 avenue Mar Foch'),
(2021, 3, 0, 545, ' ', '24 allée Frédéric Mistral'),
(2022, 3, 0, 546, ' ', '4 avenue Laguiole'),
(2023, 3, 0, 547, ' ', '58 rue Louis Deloncle'),
(2024, 3, 0, 548, ' ', '6 rue Tolosane'),
(2025, 3, 0, 549, ' ', '10 rue Daniel Decour'),
(2026, 3, 0, 550, '06 86 58 00 80 ', '1 rue Bertrand BarèreRésidence les Terrasses de Verdun'),
(2027, 3, 0, 551, ' ', '8 place Arnaud Bernard'),
(2028, 3, 0, 552, ' ', '32 rue République'),
(2029, 3, 0, 553, ' ', '45 rue Alfred Dumeril'),
(2030, 3, 0, 554, ' ', '87 rue Jean Micoud'),
(2031, 3, 0, 555, ' ', '3 rue D Artagnan'),
(2032, 3, 0, 556, ' ', 'Sangayrac'),
(2033, 3, 0, 557, ' ', '9 rue Antonin Mercie'),
(2034, 3, 0, 558, ' ', '38 rue Soubirous'),
(2035, 3, 0, 559, ' ', '3 rue Mary Lafon'),
(2036, 3, 0, 560, '06 77 96 04 86 ', '30 chem Crêtes'),
(2037, 3, 0, 561, ' ', '20 avenue Edouard Herriot'),
(2038, 3, 0, 562, ' ', '39 rue Périole'),
(2039, 3, 0, 563, ' ', '30 avenue Marne'),
(2040, 3, 0, 564, ' ', '58 rue République'),
(2041, 3, 0, 565, ' ', '12 chem Lasserre'),
(2042, 3, 0, 566, ' ', '2 tour Ville'),
(2043, 3, 0, 567, ' ', '36 port St Sauveur'),
(2044, 3, 0, 568, ' ', '4 rue Pintre'),
(2045, 3, 0, 569, ' ', '306 route Seysses'),
(2046, 3, 0, 570, ' ', 'quai Promenade'),
(2047, 3, 0, 571, ' ', '42 avenue Léon Blum'),
(2048, 3, 0, 572, ' ', 'Notre Dame'),
(2049, 3, 0, 573, ' ', '8 avenue Pic du Ger'),
(2050, 3, 0, 574, ' ', '28 rue République'),
(2051, 3, 0, 575, '06 24 55 31 25 ', 'rte Figeac'),
(2052, 3, 0, 576, '06 24 55 31 25 ', 'rte Figeac'),
(2053, 3, 0, 577, ' ', '2 Bis chem Lastours'),
(2054, 3, 0, 578, ' ', '13 Bis rue Vielle'),
(2055, 3, 0, 579, ' ', '1 place Bonnaterre'),
(2056, 3, 0, 580, ' ', '219 chem La Mongiscarde'),
(2057, 3, 0, 581, ' ', '1 Bis rue Malleville'),
(2058, 3, 0, 582, ' ', '1 Bis rue Malleville'),
(2059, 3, 0, 583, '06 48 22 36 36 ', 'r des Jardins Occitans'),
(2060, 3, 0, 584, '06 16 54 44 47 ', 'lieu dit Larroudé'),
(2061, 3, 0, 585, '06 70 17 45 85 ', '806 chem Remoulin'),
(2062, 3, 0, 586, ' ', '806 chem Remoulin'),
(2063, 3, 0, 587, ' ', 'Bigos'),
(2064, 3, 0, 588, '06 17 89 39 44 ', 'Montiron Vatican'),
(2065, 3, 0, 589, ' ', '24 rue Corps Franc Pommiès'),
(2066, 3, 0, 590, ' ', '42 rue St Thomas d\'Aquin'),
(2067, 3, 0, 591, ' ', '18 place Dupuy'),
(2068, 3, 0, 592, ' ', '4 rue Brésidou'),
(2069, 3, 0, 593, ' ', '62 rue Somme'),
(2070, 3, 0, 594, ' ', 'r Duguesclin'),
(2071, 3, 0, 595, ' ', '8 avenue Noël Peyrevidal'),
(2072, 3, 0, 596, ' ', '15 rue Fonderie'),
(2073, 3, 0, 597, ' ', '15 rue Fonderie'),
(2074, 3, 0, 598, ' ', '313 rue Anatole France'),
(2075, 3, 0, 599, ' ', '70 rue Jacques Babinet'),
(2076, 3, 0, 600, ' ', '19 allée Demoiselles'),
(2077, 3, 0, 601, ' ', '4 rue Frênes'),
(2078, 3, 0, 602, ' ', 'Caillou route d\'Estang'),
(2079, 3, 0, 603, '06 87 16 19 39 ', '152 rue Chaussas'),
(2080, 3, 0, 604, ' ', '1 rue Foirail'),
(2081, 3, 0, 605, ' ', '17 rue André Mercadier'),
(2082, 3, 0, 606, ' ', '2 rue Georges Lassalle'),
(2083, 3, 0, 607, ' ', '23 boulevard Riquet'),
(2084, 3, 0, 608, ' ', '24 avenue de la République'),
(2085, 3, 0, 609, ' ', 'Les Mézaillades'),
(2086, 3, 0, 610, '06 89 30 31 83 ', 'all Michel De Montaigne'),
(2087, 3, 0, 611, ' ', '2 avenue Arsène Ratier'),
(2088, 3, 0, 612, ' ', '52 rue Raspail'),
(2089, 3, 0, 613, ' ', '46 boulevard Minimes'),
(2090, 3, 0, 614, ' ', 'rte St Paul'),
(2091, 3, 0, 615, ' ', '3 avenue Comminges'),
(2092, 3, 0, 616, ' ', 'Bourg'),
(2093, 3, 0, 617, ' ', '19 rue Gén de Gaulle'),
(2094, 3, 0, 618, ' ', '6 rue Petite des Ruisseaux'),
(2095, 3, 0, 619, ' ', '7 place Soupetard'),
(2096, 3, 0, 620, ' ', '24 avenue Régiment de Bigorre'),
(2097, 3, 0, 621, ' ', '24 avenue Régiment de Bigorre'),
(2098, 3, 0, 622, ' ', '15 rue Roc'),
(2099, 3, 0, 623, ' ', 'bureauTayac'),
(2100, 3, 0, 624, ' ', '113 boulevard Lamasquère'),
(2101, 3, 0, 625, ' ', '1 rue Assalit'),
(2102, 3, 0, 626, '06 18 06 60 39 ', '8 rue Engueysse'),
(2103, 3, 0, 627, ' ', '74 chem Tournefeuille'),
(2104, 3, 0, 628, '06 16 26 31 98 ', '9 place Parlement'),
(2105, 3, 0, 629, ' ', 'bureau18 rue Tivoli'),
(2106, 3, 0, 630, ' ', '41 avenue Toulouse'),
(2107, 3, 0, 631, ' ', '43 avenue de Toulouse'),
(2108, 3, 0, 632, '06 72 55 67 70 ', 'all Stade'),
(2109, 3, 0, 633, ' ', '23 rue Larrey'),
(2110, 3, 0, 634, ' ', 'Res Foch 23 rue Larrey'),
(2111, 3, 0, 635, ' ', '1 rue Teinturiers'),
(2112, 3, 0, 636, '06 85 52 15 49 ', '4 rue Saint Blaise'),
(2113, 3, 0, 637, ' ', '2 imp Henri Tagnères'),
(2114, 3, 0, 638, ' ', '25 avenue Marcel Langer'),
(2115, 3, 0, 639, ' ', '6 rue Malbec'),
(2116, 3, 0, 640, ' ', '15 rue Anne Veaute'),
(2117, 3, 0, 641, ' ', '87 route Albi'),
(2118, 3, 0, 642, ' ', '117 avenue Rodez'),
(2119, 3, 0, 643, ' ', '50 avenue Alphonse Pezet'),
(2120, 3, 0, 644, ' ', '9 place Parlement'),
(2121, 3, 0, 645, ' ', '4 rue Ninau'),
(2122, 3, 0, 646, ' ', '15 rue Champ de St Barthélémy'),
(2123, 3, 0, 647, ' ', '2 rue François Coppée'),
(2124, 3, 0, 648, ' ', '10 rue Pierre Jamet'),
(2125, 3, 0, 649, ' ', 'zone artisanale Proxima rue Lanoux'),
(2126, 3, 0, 650, ' ', '54 avenue Isle'),
(2127, 3, 0, 651, ' ', '29 Bis boulevard Deltour'),
(2128, 3, 0, 652, ' ', '30 rue Comédie'),
(2129, 3, 0, 653, ' ', '5 rue François Mansard'),
(2130, 3, 0, 654, ' ', '21 rue Halle'),
(2131, 3, 0, 655, ' ', '35 boulevard Mainiol'),
(2132, 3, 0, 656, ' ', '4 imp Jean Jacques Rousseau'),
(2133, 3, 0, 657, ' ', 'cabinet13 rue Action Toulousaine'),
(2134, 3, 0, 658, ' ', 'bureaur En Bas'),
(2135, 3, 0, 659, ' ', '6 rue République'),
(2136, 3, 0, 660, ' ', '1 rue Mathé'),
(2137, 3, 0, 661, '06 22 61 55 51 ', '10 rue Neuve'),
(2138, 3, 0, 662, '06 73 64 62 73 ', '19 rue Raymond IV'),
(2139, 3, 0, 663, ' ', '13 rue Arros'),
(2140, 3, 0, 664, '06 61 22 15 08 ', '46 rue Léon Gambetta'),
(2141, 3, 0, 665, '06 22 06 01 61 ', '85 avenue Castres'),
(2142, 3, 0, 666, ' ', 'Rigautou 85 avenue Castres'),
(2143, 3, 0, 667, ' ', '37 rue Pierre Paul Riquet'),
(2144, 3, 0, 668, ' ', 'r Antoine Fanguin'),
(2145, 3, 0, 669, '06 81 30 69 24 ', '7 rue Henry Jaudon'),
(2146, 3, 0, 670, ' ', '33 rue Grandet'),
(2147, 3, 0, 671, ' ', '39 Grand Rue'),
(2148, 3, 0, 672, ' ', 'cabinet12 Bis rue André Fourcade'),
(2149, 3, 0, 673, ' ', '265 rue Fondue Haute'),
(2150, 3, 0, 674, ' ', 'bureau265 rue Fondue Haute'),
(2151, 3, 0, 675, ' ', '21 Bis chem Ladoux'),
(2152, 3, 0, 676, ' ', '16 rue République'),
(2153, 3, 0, 677, ' ', '17 rue Albert Camus'),
(2154, 3, 0, 678, ' ', '43 rue Gaubil'),
(2155, 3, 0, 679, '06 61 47 44 78 ', '9 place Parlement'),
(2156, 3, 0, 680, ' ', '8 rue Jules de Resseguier'),
(2157, 3, 0, 681, ' ', '12 rue République'),
(2158, 3, 0, 682, ' ', '32 place Marcadieu'),
(2159, 3, 0, 683, ' ', '28 boulevard Eugène Delacroix'),
(2160, 3, 0, 684, ' ', '70 chem Malepère'),
(2161, 3, 0, 685, ' ', '14 rue Printemps'),
(2162, 3, 0, 686, ' ', 'bureaux19 rue Henri Gardet'),
(2163, 3, 0, 687, ' ', '2 imp Goya'),
(2164, 3, 0, 688, ' ', '18 rue Jardins'),
(2165, 3, 0, 689, ' ', '8 avenue Gén Leclerc'),
(2166, 3, 0, 690, ' ', '8 avenue Gén Leclerc'),
(2167, 3, 0, 691, '06 25 10 02 19 ', 'Remise'),
(2168, 3, 0, 692, ' ', '32 avenue Croates'),
(2169, 3, 0, 693, ' ', 'Le Py'),
(2170, 3, 0, 694, '06 08 00 01 20 ', 'imp Seilhan'),
(2171, 3, 0, 695, ' ', '23 route Blagnac'),
(2172, 3, 0, 696, ' ', '23 route Blagnac'),
(2173, 3, 0, 697, ' ', '90 avenue Lavaur'),
(2174, 3, 0, 698, ' ', '30 rue Languedoc'),
(2175, 3, 0, 699, ' ', '4 rue Noisetiers'),
(2176, 3, 0, 700, ' ', '23 route Blagnac'),
(2177, 3, 0, 701, ' ', '23 route Blagnac'),
(2178, 3, 0, 702, ' ', '30 place Mage'),
(2179, 3, 0, 703, ' ', '8 rue Mascoutou'),
(2180, 3, 0, 704, ' ', 'lieu dit Monastorg'),
(2181, 3, 0, 705, ' ', '3 chem Emboyer'),
(2182, 3, 0, 706, ' ', '28 avenue Léon Blum'),
(2183, 3, 0, 707, ' ', '1 rue des Thermes'),
(2184, 3, 0, 708, '06 43 22 67 12 ', 'Repech'),
(2185, 3, 0, 709, ' ', 'Grassian'),
(2186, 3, 0, 710, ' ', '37 rue Béteille'),
(2187, 3, 0, 711, ' ', '8 boulevard 122ème RI'),
(2188, 3, 0, 712, ' ', '12 chem Barus'),
(2189, 3, 0, 713, ' ', '15 avenue Crampel'),
(2190, 3, 0, 714, ' ', 'Foulloubal'),
(2191, 3, 0, 715, ' ', 'Le Bourg le Bourg'),
(2192, 3, 0, 716, ' ', '33 boulevard Guizard'),
(2193, 3, 0, 717, '06 63 74 49 26 ', '40 rue Docteur Bernardbeig'),
(2194, 3, 0, 718, ' ', '23 rue FerronnerieZI Bonnecombe'),
(2195, 3, 0, 719, ' ', '16 rue Carrière'),
(2196, 3, 0, 720, ' ', '12 cours Gambetta'),
(2197, 3, 0, 721, ' ', '5 avenue Marots'),
(2198, 3, 0, 722, ' ', 'Village'),
(2199, 3, 0, 723, ' ', 'lieu dit Pouzols'),
(2200, 3, 0, 724, ' ', '72 avenue Millau'),
(2201, 3, 0, 725, ' ', '6 rue Moulin Bayard'),
(2202, 3, 0, 726, ' ', '8 rue Ste Anne'),
(2203, 3, 0, 727, '06 07 23 32 05 ', '208 rue Thiers'),
(2204, 3, 0, 728, ' ', '31 rue Bégonias'),
(2205, 3, 0, 729, ' ', 'Les Mottes'),
(2206, 3, 0, 730, ' ', '8 rue Arnaud de Molles'),
(2207, 3, 0, 731, ' ', '2 boulevard Pyrénées'),
(2208, 3, 0, 732, ' ', '20 rue Victoire'),
(2209, 3, 0, 733, ' ', '38 allée Charles de Fitte'),
(2210, 3, 0, 734, ' ', '20 rue Victoire'),
(2211, 3, 0, 735, ' ', '12 rue Docteur Calmette'),
(2212, 3, 0, 736, ' ', '2 allée Rémy Raymond'),
(2213, 3, 0, 737, ' ', '83 boulevard Pierre et Marie Curie'),
(2214, 3, 0, 738, ' ', '24 route Agen'),
(2215, 3, 0, 739, ' ', '2 boulevard Georges Juskiewenski'),
(2216, 3, 0, 740, ' ', '93 fbg Lacapelle'),
(2217, 3, 0, 741, ' ', '2 place Lucien Lamarque'),
(2218, 3, 0, 742, '06 11 65 54 32 ', '41 avenue de Toulouse'),
(2219, 3, 0, 743, ' ', '7 avenue Albert Bedouce'),
(2220, 3, 0, 744, ' ', '4 rue Collège'),
(2221, 3, 0, 745, ' ', 'Cavaniès'),
(2222, 3, 0, 746, ' ', '16 place Paul Saissac'),
(2223, 3, 0, 747, ' ', '1 boulevard Guizard'),
(2224, 3, 0, 748, ' ', '48 rue St Rome'),
(2225, 3, 0, 749, ' ', 'r Royale'),
(2226, 3, 0, 750, '06 83 13 41 26 ', '17 avenue Pierre Mendès France'),
(2227, 3, 0, 751, ' ', 'bureau19 rue Orthabadial'),
(2228, 3, 0, 752, ' ', '11 Bis rue Maurice Lagarrigue'),
(2229, 3, 0, 753, '06 17 30 17 60 ', 'zi la Couture'),
(2230, 3, 0, 754, ' ', '11 chem Hillaou'),
(2231, 3, 0, 755, ' ', '49 rue Nationale'),
(2232, 3, 0, 756, ' ', 'Le Château'),
(2233, 3, 0, 757, ' ', '2 imp Louis Sire'),
(2234, 3, 0, 758, ' ', '2 imp Louis Sire'),
(2235, 3, 0, 759, ' ', '5 place Charles de Gaulle'),
(2236, 3, 0, 760, ' ', '56 chem Flambère'),
(2237, 3, 0, 761, ' ', '16 rue Arnaud Vidal'),
(2238, 3, 0, 762, ' ', '16 rue Arnaud Vidal'),
(2239, 3, 0, 763, ' ', 'La Justice'),
(2240, 3, 0, 764, ' ', '25 rue Bourrassol'),
(2241, 3, 0, 765, ' ', '5 boulevard Haute Guyenne'),
(2242, 3, 0, 766, ' ', '10 avenue Villefranche'),
(2243, 3, 0, 767, '06 87 05 56 93 ', '15 boulevard jean Bepmale'),
(2244, 3, 0, 768, ' ', '16 rue Arnaud Vidal'),
(2245, 3, 0, 769, ' ', '33 rue Brauhauban'),
(2246, 3, 0, 770, ' ', '3 rue Doct Huguet'),
(2247, 3, 0, 771, ' ', '77 rue République'),
(2248, 3, 0, 772, '06 81 26 58 02 ', '12 rue Occitanie'),
(2249, 3, 0, 773, ' ', '3 quart Concazaux'),
(2250, 3, 0, 774, ' ', '10 rue Pierre Cazeneuve'),
(2251, 3, 0, 775, ' ', '33 chem Rabaudis'),
(2252, 3, 0, 776, ' ', '51 rue Escapadou'),
(2253, 3, 0, 777, '06 30 82 37 70 ', 'Moulin de La Rouquette'),
(2254, 3, 0, 778, ' ', '1 rue Thermes'),
(2255, 3, 0, 779, ' ', '33 rue Brauhauban'),
(2256, 3, 0, 780, ' ', '40 boulevard Soult'),
(2257, 3, 0, 781, ' ', '48 rue Republique'),
(2258, 3, 0, 782, '06 59 08 69 70 ', 'Le Village'),
(2259, 3, 0, 783, ' ', 'Village'),
(2260, 3, 0, 784, ' ', 'r Notre Dame'),
(2261, 3, 0, 785, ' ', '4 rue Orient'),
(2262, 3, 0, 786, ' ', '4 rue Orient'),
(2263, 3, 0, 787, ' ', '37 rue Béteille'),
(2264, 3, 0, 788, ' ', '48 rue de la République'),
(2265, 3, 0, 789, ' ', '70 rue Georges Clemenceau'),
(2266, 3, 0, 790, ' ', 'cabinet15 avenue Maransin'),
(2267, 3, 0, 791, ' ', 'cabinet15 avenue Maransin'),
(2268, 3, 0, 792, ' ', '6 rue Malbec'),
(2269, 3, 0, 793, ' ', '17 avenue Dembourg'),
(2270, 3, 0, 794, ' ', '1 boulevard Bonrepos'),
(2271, 3, 0, 795, ' ', 'rte Mondot'),
(2272, 3, 0, 796, ' ', '114 chem Larramet'),
(2273, 3, 0, 797, ' ', '11 rue Louis Courtois de Vicose'),
(2274, 3, 0, 798, ' ', '3 B avenue Jean Durroux'),
(2275, 3, 0, 799, ' ', '37 rue Béteille'),
(2276, 3, 0, 800, ' ', '5 rue Neouvielle'),
(2277, 3, 0, 801, ' ', '89 rue Nationale'),
(2278, 3, 0, 802, ' ', '1 rue Foirail'),
(2279, 3, 0, 803, ' ', 'chem Picarel'),
(2280, 3, 0, 804, ' ', ' '),
(2281, 3, 0, 805, ' ', 'lieu dit Salessade'),
(2282, 3, 0, 806, ' ', '8 rue Boulbonne'),
(2283, 3, 0, 807, ' ', '77 rue Pyrénées'),
(2284, 3, 0, 808, ' ', '5 allée Lasplanes'),
(2285, 3, 0, 809, ' ', '8 rue Joseph Vie'),
(2286, 3, 0, 810, ' ', '17 rue Commerce'),
(2287, 3, 0, 811, '06 61 43 06 06 ', '86 rue Amidonniers'),
(2288, 3, 0, 812, '06 31 15 78 91 ', 'Village'),
(2289, 3, 0, 813, ' ', 'Le Village'),
(2290, 3, 0, 814, ' ', 'Le Village'),
(2291, 3, 0, 815, ' ', '5 route de Baougnac'),
(2292, 3, 0, 816, ' ', '21 avenue Jean Jaurès'),
(2293, 3, 0, 817, ' ', '13 avenue Victor Hugo'),
(2294, 3, 0, 818, ' ', '8 rue Claux Grands'),
(2295, 3, 0, 819, ' ', 'côte Vignalas'),
(2296, 3, 0, 820, ' ', '4 rue Dauphine'),
(2297, 3, 0, 821, ' ', 'bureau43 rue République'),
(2298, 3, 0, 822, ' ', '12 rue Tolosane'),
(2299, 3, 0, 823, ' ', '12 boulevard Joffrery'),
(2300, 3, 0, 824, ' ', '6 boulevard François Fabiérésid La Durenque'),
(2301, 3, 0, 825, ' ', 'lieu dit Montignac'),
(2302, 3, 0, 826, ' ', '6 boulevard François Fabié'),
(2303, 3, 0, 827, ' ', '2 rue Poudrière'),
(2304, 3, 0, 828, ' ', 'résid Hauts De Limayrac 7 rue Raymond Boulogne'),
(2305, 3, 0, 829, ' ', '44 rue Principale'),
(2306, 3, 0, 830, ' ', '35 avenue Italie'),
(2307, 3, 0, 831, ' ', '18 rue Claire Pauilhac'),
(2308, 3, 0, 832, ' ', '8 rue Capit Dreyfus'),
(2309, 3, 0, 833, ' ', '8 rue St Joseph'),
(2310, 3, 0, 834, ' ', 'r Barry'),
(2311, 3, 0, 835, ' ', '16 rue St Hubert'),
(2312, 3, 0, 836, ' ', 'pl Oules'),
(2313, 3, 0, 837, ' ', '13 avenue Croates'),
(2314, 3, 0, 838, ' ', '4 rue Orient'),
(2315, 3, 0, 839, ' ', '20 rue Midi'),
(2316, 3, 0, 840, ' ', '116 boulevard Deodat de Severac'),
(2317, 3, 0, 841, ' ', '10 Grand Rue'),
(2318, 3, 0, 842, '06 98 18 38 40 ', 'La Broquere Broquere'),
(2319, 3, 0, 843, ' ', '61 rue Bonnat'),
(2320, 3, 0, 844, ' ', '2 Quinquies rue Claude Bourgelat'),
(2321, 3, 0, 845, '07 77 08 28 93 ', '35 avenue Jean Bérenguier'),
(2322, 3, 0, 846, ' ', '10 rue Philadelphe de Gerde'),
(2323, 3, 0, 847, ' ', 'Le Rouget'),
(2324, 3, 0, 848, '06 64 96 91 06 ', '3 rue de Valmy'),
(2325, 3, 0, 849, ' ', '12 allée Chevaliers St Germain'),
(2326, 3, 0, 850, ' ', '16 rue Arnaud Vidal'),
(2327, 3, 0, 851, ' ', '16 rue Arnaud Vidal'),
(2328, 3, 0, 852, ' ', '2 Bis imp Tournesols'),
(2329, 3, 0, 853, ' ', '55 avenue Louis Bréguet'),
(2330, 3, 0, 854, ' ', '21 rue Père Colin'),
(2331, 3, 0, 855, ' ', '7 allée Paul Feuga'),
(2332, 3, 0, 856, ' ', '9 imp vercors'),
(2333, 3, 0, 857, ' ', 'Lagarde'),
(2334, 3, 0, 858, ' ', 'Lagarde'),
(2335, 3, 0, 859, ' ', '9 rue Ninau'),
(2336, 3, 0, 860, ' ', 'Zi Albasud 400 avenue Danemark'),
(2337, 3, 0, 861, ' ', '81 Bis chem Commdt Joël Le Goff'),
(2338, 3, 0, 862, ' ', '81 Bis chem Commdt Joël Le Goff'),
(2339, 3, 0, 863, ' ', '69 rue Carnus'),
(2340, 3, 0, 864, ' ', '7 rue Fustillan'),
(2341, 3, 0, 865, ' ', 'lieu dit Bitou'),
(2342, 3, 0, 866, ' ', '45 chem Liffard'),
(2343, 3, 0, 867, ' ', '123 chem Roussel'),
(2344, 3, 0, 868, ' ', '123 chem Roussel'),
(2345, 3, 0, 869, ' ', '41 rue Sur'),
(2346, 3, 0, 870, '06 22 94 11 16 ', 'zac Fabas'),
(2347, 3, 0, 871, ' ', 'lieu dit Bourg'),
(2348, 3, 0, 872, ' ', 'L\'atelier T7 boulevard Gambetta'),
(2349, 3, 0, 873, ' ', '23 avenue Fontasse'),
(2350, 3, 0, 874, ' ', '39 rue Négrouillère'),
(2351, 3, 0, 875, ' ', 'sq souvenir'),
(2352, 3, 0, 876, ' ', '275 route Montaigu'),
(2353, 3, 0, 877, ' ', '15 rue Pierre Lys'),
(2354, 3, 0, 878, ' ', '26 rue Carmes'),
(2355, 3, 0, 879, ' ', '26 rue Carmes'),
(2356, 3, 0, 880, ' ', '98 avenue Jean Rieux'),
(2357, 3, 0, 881, ' ', '100 avenue Jean Rieux'),
(2358, 3, 0, 882, '06 88 24 23 38 ', 'le Castex'),
(2359, 3, 0, 883, ' ', '27 rue Sainte Blanche'),
(2360, 3, 0, 884, ' ', 'pl Foirail Haut'),
(2361, 3, 0, 885, ' ', '33 rue Grandet'),
(2362, 3, 0, 886, ' ', '5 rue Charité'),
(2363, 3, 0, 887, ' ', '1 place Bonnaterre'),
(2364, 3, 0, 888, ' ', '90 avenue Régiment de Bigorre'),
(2365, 3, 0, 889, ' ', '12 rue Pouzonville'),
(2366, 3, 0, 890, ' ', '21 rue Rene Delpech'),
(2367, 3, 0, 891, '06 08 33 37 95 ', 'St Roch'),
(2368, 3, 0, 892, ' ', 'le Village'),
(2369, 3, 0, 893, ' ', 'r saint roch'),
(2370, 3, 0, 894, ' ', '14 place Mar Joffre'),
(2371, 3, 0, 895, ' ', 'St Cyrice Etoile Le Serial 8 rue Faubourg Lo Barri'),
(2372, 3, 0, 896, ' ', '13 rue Château d\'Eau'),
(2373, 3, 0, 897, ' ', '20 avenue Gloire'),
(2374, 3, 0, 898, ' ', 'Cabouillet'),
(2375, 3, 0, 899, ' ', '63 route St Simon'),
(2376, 3, 0, 900, ' ', '10 rue Alsace Lorraine'),
(2377, 3, 0, 901, ' ', '15 rue Raymond IV'),
(2378, 3, 0, 902, ' ', '1 chem Malbou'),
(2379, 3, 0, 903, ' ', '2 imp Louis Sire'),
(2380, 3, 0, 904, ' ', 'Condel'),
(2381, 3, 0, 905, ' ', '19 avenue Charles de Gaulle'),
(2382, 3, 0, 906, ' ', '7 avenue Rhin et Danube'),
(2383, 3, 0, 907, '06 74 38 76 99 ', '18 imp Valvert'),
(2384, 3, 0, 908, ' ', 'bureau29 place Hôtel de Ville'),
(2385, 3, 0, 909, ' ', '65 chem Ramelet Moundi'),
(2386, 3, 0, 910, ' ', 'bureaulieu dit Lasbourrines'),
(2387, 3, 0, 911, '06 18 02 47 11 ', '1 rue Raymond Delmotte'),
(2388, 3, 0, 912, ' ', '2 avenue Rodez'),
(2389, 3, 0, 913, ' ', 'Larrouy et Sicre19 rue Libération'),
(2390, 3, 0, 914, ' ', '66 avenue Régiment de Bigorre'),
(2391, 3, 0, 915, ' ', '19 rue Libération'),
(2392, 3, 0, 916, '06 72 82 51 43 ', '2 zi du Monge'),
(2393, 3, 0, 917, ' ', '20 place Gambetta'),
(2394, 3, 0, 918, ' ', '35 rue Jacobins'),
(2395, 3, 0, 919, ' ', '12 imp Ruisseau'),
(2396, 3, 0, 920, ' ', '38 boulevard 4 Septembre'),
(2397, 3, 0, 921, '06 37 01 87 65 ', '55 boulevard Pyrénées'),
(2398, 3, 0, 922, ' ', 'Castelnau'),
(2399, 3, 0, 923, ' ', '23 avenue 14e Régiment d\'Infanterie'),
(2400, 3, 0, 924, ' ', 'Le Bourg'),
(2401, 3, 0, 925, ' ', '6 imp Pins Le Président'),
(2402, 3, 0, 926, ' ', 'Les Escalels'),
(2403, 3, 0, 927, ' ', '215 rue Mars'),
(2404, 3, 0, 928, '06 14 99 43 98 ', '99 avenue Jean Rieux'),
(2405, 3, 0, 929, '06 75 05 01 51 ', 'r Cacel'),
(2406, 3, 0, 930, ' ', 'r Cacel'),
(2407, 3, 0, 931, ' ', '75 rue St Jean'),
(2408, 3, 0, 932, ' ', '23 rue Laganne'),
(2409, 3, 0, 933, ' ', '23 rue Laganne'),
(2410, 3, 0, 934, ' ', 'Village'),
(2411, 3, 0, 935, ' ', 'Village'),
(2412, 3, 0, 936, ' ', '40 rue Pré Vicinal'),
(2413, 3, 0, 937, ' ', 'Rames'),
(2414, 3, 0, 938, ' ', '9 rue Grands Ducs'),
(2415, 3, 0, 939, ' ', '46 rue Paraire'),
(2416, 3, 0, 940, ' ', 'Lasseur'),
(2417, 3, 0, 941, ' ', '5 Cami deth Padouen'),
(2418, 3, 0, 942, ' ', '8 Grande Rue'),
(2419, 3, 0, 943, ' ', '16 rue Arnaud Vidal'),
(2420, 3, 0, 944, '06 63 75 64 10 ', '56 rue Pierre Paul Riquet'),
(2421, 3, 0, 945, ' ', '43 rue Riquet'),
(2422, 3, 0, 946, ' ', '1 place Bonnaterre'),
(2423, 3, 0, 947, ' ', '18 rue République'),
(2424, 3, 0, 948, ' ', '1 place Saintes Scarbes'),
(2425, 3, 0, 949, ' ', '63 chem Flou de Rious'),
(2426, 3, 0, 950, ' ', '55 avenue Louis Bréguet'),
(2427, 3, 0, 951, '06 08 58 45 61 ', 'lieu dit Goussaroc'),
(2428, 3, 0, 952, ' ', 'Le Moulinet'),
(2429, 3, 0, 953, ' ', '16 rue Arnaud Vidal'),
(2430, 3, 0, 954, '', '7 rue George SandB'),
(2431, 3, 0, 955, ' ', '80 avenue Lauragais'),
(2432, 3, 0, 956, '06 87 21 11 79 ', '7 rue Industrie'),
(2433, 3, 0, 957, ' ', '3 avenue Touja'),
(2434, 3, 0, 958, ' ', '51 rue Gén de Gaulle'),
(2435, 3, 0, 959, ' ', 'lieu dit Lagaye Neuve'),
(2436, 3, 0, 960, ' ', '19 avenue Debat Ponsan'),
(2437, 3, 0, 961, ' ', '19 avenue Debat Ponsan'),
(2438, 3, 0, 962, ' ', 'rte Puylaurens'),
(2439, 3, 0, 963, ' ', '2 imp Ste Sperie'),
(2440, 3, 0, 964, ' ', '2 imp Ste Sperie'),
(2441, 3, 0, 965, ' ', 'Albarine'),
(2442, 3, 0, 966, ' ', '2 rue Pharaon'),
(2443, 3, 0, 967, ' ', '35 rue Potiers'),
(2444, 3, 0, 968, ' ', '52 avenue Lombez'),
(2445, 3, 0, 969, ' ', '6 rue Petite des Ruisseaux'),
(2446, 3, 0, 970, ' ', '148 allée Barcelone'),
(2447, 3, 0, 971, ' ', '93 fbg Lacapelle'),
(2448, 3, 0, 972, '07 60 76 56 09 ', '60 allée Lasplanes'),
(2449, 3, 0, 973, ' ', '2 rue François Coppée'),
(2450, 3, 0, 974, ' ', '72 boulevard Strasbourg'),
(2451, 3, 0, 975, ' ', '72 boulevard Strasbourg'),
(2452, 3, 0, 976, '06 30 60 16 81 ', '3700 route St Vaast'),
(2453, 3, 0, 977, ' ', 'cabinet20 route St Martory'),
(2454, 3, 0, 978, ' ', '33 rue Gabriel Péri'),
(2455, 3, 0, 979, ' ', '2 villa hermés rue Athènes Bourran'),
(2456, 3, 0, 980, ' ', '27 allée Roussillon'),
(2457, 3, 0, 981, ' ', '72 boulevard Strasbourg'),
(2458, 3, 0, 982, ' ', 'bureaux61 rue Mar Joffre'),
(2459, 3, 0, 983, ' ', '105 rue Fondue Haute'),
(2460, 3, 0, 984, ' ', '265 rue Fondue Haute'),
(2461, 3, 0, 985, ' ', '75 route Revel'),
(2462, 3, 0, 986, ' ', '2 Quater avenue Pyrénées'),
(2463, 3, 0, 987, ' ', '21 boulevard Pyrénées'),
(2464, 3, 0, 988, ' ', '15 rue Commissaire Philippe'),
(2465, 3, 0, 989, ' ', 'lieu dit Padouenc'),
(2466, 3, 0, 990, ' ', '16 rue Caraman'),
(2467, 3, 0, 991, ' ', '34 rue Languedoc'),
(2468, 3, 0, 992, ' ', '3 rue Raynal'),
(2469, 3, 0, 993, ' ', '4 rue Orient'),
(2470, 3, 0, 994, ' ', '37 rue Béteille'),
(2471, 3, 0, 995, ' ', '7 allée Clos de la Tuilerie'),
(2472, 3, 0, 996, ' ', '34 rue Valade'),
(2473, 3, 0, 997, ' ', '34 rue Valade'),
(2474, 3, 0, 998, ' ', '25 route Port d\'En Taix'),
(2475, 3, 0, 999, ' ', '79 fbg Moustier'),
(2476, 3, 0, 1000, ' ', '27 rue Despourrins'),
(2477, 3, 0, 1001, ' ', 'Za Arbre Blanc rue Rigoberta Menchu'),
(2478, 3, 0, 1002, ' ', '18 rue St Barthélémy'),
(2479, 3, 0, 1003, '06 63 03 21 60 ', '35 rue Beau Site'),
(2480, 3, 0, 1004, ' ', '38 boulevard République'),
(2481, 3, 0, 1005, ' ', '2 Bis allée Forain François Verdier'),
(2482, 3, 0, 1006, ' ', '56 Bis boulevard Léon Gambetta'),
(2483, 3, 0, 1007, ' ', 'imp Braille'),
(2484, 3, 0, 1008, ' ', '8 10 rue de la Dalbade'),
(2485, 3, 0, 1009, ' ', '7 rue Pont Vieux'),
(2486, 3, 0, 1010, ' ', '11 rue Guillaume Garrigues'),
(2487, 3, 0, 1011, ' ', '20 rue Muraille'),
(2488, 3, 0, 1012, ' ', '17 avenue Raymond St Gilles'),
(2489, 3, 0, 1013, ' ', '20 rue Muraille'),
(2490, 3, 0, 1014, ' ', '17 avenue Raymond St Gilles'),
(2491, 3, 0, 1015, ' ', '29 allée Bouvreuils'),
(2492, 3, 0, 1016, ' ', '6 place Ravelin'),
(2493, 3, 0, 1017, ' ', '28 avenue Charles De Gaulle'),
(2494, 3, 0, 1018, ' ', '8 chem Jonquilles'),
(2495, 3, 0, 1019, ' ', '6 rue Danielle Casanova'),
(2496, 3, 0, 1020, '06 14 48 27 60 ', '3 place Libération'),
(2497, 3, 0, 1021, ' ', '2220 route Fronton'),
(2498, 3, 0, 1022, '06 08 64 50 34 ', ' '),
(2499, 3, 0, 1023, ' ', 'pl Cadurques'),
(2500, 3, 0, 1024, ' ', 'r Senlis'),
(2501, 3, 0, 1025, ' ', '96 avenue Gineste'),
(2502, 3, 0, 1026, '06 74 53 73 23 ', '2 rue Scafignous'),
(2503, 3, 0, 1027, ' ', 'Saint Jau'),
(2504, 3, 0, 1028, ' ', '99 fbg Lacapelle'),
(2505, 3, 0, 1029, ' ', '9 Grand Faubourg'),
(2506, 3, 0, 1030, ' ', '4 rue Jean Farman'),
(2507, 3, 0, 1031, ' ', '11 rue Fermat'),
(2508, 3, 0, 1032, ' ', '5 rue Mercure'),
(2509, 3, 0, 1033, ' ', '6 rue Paix'),
(2510, 3, 0, 1034, ' ', '5 rue Eugène Léris'),
(2511, 3, 0, 1035, ' ', 'imp Seilhan'),
(2512, 3, 0, 1036, ' ', 'Sica Habitat Rural 5 boulevard 122ème RI'),
(2513, 3, 0, 1037, ' ', '89 route Espagne'),
(2514, 3, 0, 1038, ' ', '9 prom Bac'),
(2515, 3, 0, 1039, ' ', '427 rue Joachim Murat'),
(2516, 3, 0, 1040, ' ', 'bureau18 rue Tivoli'),
(2517, 3, 0, 1041, ' ', '34 avenue Jean Jaurès'),
(2518, 3, 0, 1042, ' ', 'La Rivière'),
(2519, 3, 0, 1043, ' ', '3200 avenue de Cahors'),
(2520, 3, 0, 1044, ' ', '2 rue Coq d\'Inde'),
(2521, 3, 0, 1045, ' ', '78 rue Egalite'),
(2522, 3, 0, 1046, ' ', '12 rue Louis Domejean'),
(2523, 3, 0, 1047, ' ', 'mas Rivals'),
(2524, 3, 0, 1048, ' ', '7 allée Paul Feuga'),
(2525, 3, 0, 1049, ' ', '7 avenue Italie'),
(2526, 3, 0, 1050, ' ', '10 rue Edouard Baudrimont'),
(2527, 3, 0, 1051, ' ', 'HUGUET'),
(2528, 3, 0, 1052, ' ', '22 Bis rue Rouget de Lisle'),
(2529, 3, 0, 1053, '06 80 22 76 49 ', '357 rue Anatole France'),
(2530, 3, 0, 1054, '06 81 98 80 79 ', '5 rue Frères de Turenne'),
(2531, 3, 0, 1055, ' ', '1 côte Graves'),
(2532, 3, 0, 1056, ' ', '2 imp Henri Tagnères'),
(2533, 3, 0, 1057, ' ', '5 avenue Herbettes'),
(2534, 3, 0, 1058, ' ', '6 rue republique'),
(2535, 3, 0, 1059, ' ', '2 boulevard Condamine'),
(2536, 3, 0, 1060, ' ', '4 rue Paul Vidal'),
(2537, 3, 0, 1061, '06 07 11 00 06 ', 'Fermontès'),
(2538, 3, 0, 1062, ' ', '167 route Bayonne'),
(2539, 3, 0, 1063, '06 31 89 36 13 ', '100 avenue Jean Rieux'),
(2540, 3, 0, 1064, '06 62 08 27 72 ', '200 rue Palisse'),
(2541, 3, 0, 1065, ' ', '170 rue Périole'),
(2542, 3, 0, 1066, '06 01 94 89 97 ', 'lieu dit puech autenc'),
(2543, 3, 0, 1067, '06 03 89 06 27 ', '17 rue Waldeck Rousseau'),
(2544, 3, 0, 1068, '06 70 63 75 91 ', 'lieu dit Cavanies'),
(2545, 3, 0, 1069, ' ', '12 rue Jean Monnet'),
(2546, 3, 0, 1070, ' ', '2 avenue Mar Foch'),
(2547, 3, 0, 1071, ' ', '5 rue 4 Septembre'),
(2548, 3, 0, 1072, ' ', 'La Pique'),
(2549, 3, 0, 1073, '06 14 98 81 97 ', '23 rue Masséna'),
(2550, 3, 0, 1074, ' ', 'Bat D Jardins De Deodat 8 boulevard Deodat de Severac'),
(2551, 3, 0, 1075, ' ', '8 rue Fermat'),
(2552, 3, 0, 1076, '06 17 29 15 43 ', '252 route Launaguet'),
(2553, 3, 0, 1077, '06 89 58 38 78 ', '6 place Languedoc'),
(2554, 3, 0, 1078, ' ', '6 place Languedoc'),
(2555, 3, 0, 1079, ' ', '1 avenue Mirepoix'),
(2556, 3, 0, 1080, ' ', '112 avenue Mar Foch'),
(2557, 3, 0, 1081, ' ', '27 rue Marcel Briguiboul'),
(2558, 3, 0, 1082, '06 24 26 63 38 ', 'domaine des Escoutils'),
(2559, 3, 0, 1083, '06 24 26 63 38 ', 'domaine des Escoutils'),
(2560, 3, 0, 1084, ' ', '5 rue Charité'),
(2561, 3, 0, 1085, ' ', '19 avenue Hoche'),
(2562, 3, 0, 1086, '06 70 02 57 36 ', '31 rue Printemps'),
(2563, 3, 0, 1087, ' ', '31 rue Principale'),
(2564, 3, 0, 1088, ' ', '31 rue Printemps'),
(2565, 3, 0, 1089, ' ', 'Zac De Taurel 15 avenue Léonard de Vinci'),
(2566, 3, 0, 1090, '06 82 67 10 74 ', 'Lagarrigue'),
(2567, 3, 0, 1091, ' ', 'Lagarrigue'),
(2568, 3, 0, 1092, ' ', '12 rue Gavarnie'),
(2569, 3, 0, 1093, '06 81 90 50 89 ', '1 Bis rue Gessée'),
(2570, 3, 0, 1094, ' ', '45 chem borde haute'),
(2571, 3, 0, 1095, '06 77 20 71 60 ', 'Grand Rue rle Clocher'),
(2572, 3, 0, 1096, ' ', '65 chem Ramelet Moundi'),
(2573, 3, 0, 1097, ' ', '227 avenue Muret'),
(2574, 3, 0, 1098, ' ', '38 A rue Jean Jaurès'),
(2575, 3, 0, 1099, ' ', 'lieu dit Padouenc'),
(2576, 3, 0, 1100, ' ', '23 rue Victor Hugo'),
(2577, 3, 0, 1101, ' ', '32 rue Michel Ange'),
(2578, 3, 0, 1102, ' ', '249 avenue Lardenne'),
(2579, 3, 0, 1103, ' ', '10 rue Potiers'),
(2580, 3, 0, 1104, ' ', 'Monsempey Monsempey'),
(2581, 3, 0, 1105, ' ', 'bureau115 Bis avenue Charles de Gaulle'),
(2582, 3, 0, 1106, ' ', '81 Bis chem Commdt Joël Le Goff'),
(2583, 3, 0, 1107, ' ', '81 Bis chem Commdt Joël Le Goff'),
(2584, 3, 0, 1108, ' ', '45 rue Jacques Gamelin'),
(2585, 3, 0, 1109, ' ', '8 rue Regans'),
(2586, 3, 0, 1110, ' ', 'Sica Habitat Rural 5 boulevard 122ème RI'),
(2587, 3, 0, 1111, '06 50 94 68 28 ', '41 rue des Douves'),
(2588, 3, 0, 1112, ' ', '70 rue Georges Clemenceau'),
(2589, 3, 0, 1113, ' ', '21 boulevard Griffoul Dorval'),
(2590, 3, 0, 1114, ' ', '6 rue Pépinières'),
(2591, 3, 0, 1115, ' ', '32 chem Butte'),
(2592, 3, 0, 1116, ' ', '32 chem Butte'),
(2593, 3, 0, 1117, ' ', '33 rue Brauhauban'),
(2594, 3, 0, 1118, ' ', 'lieu dit Santet'),
(2595, 3, 0, 1119, ' ', '6 avenue Chateau de l\'Hers'),
(2596, 3, 0, 1120, ' ', '34 rue Languedoc'),
(2597, 3, 0, 1121, ' ', '10 allée Vitarelles'),
(2598, 3, 0, 1122, ' ', '15 place St Michel'),
(2599, 3, 0, 1123, ' ', 'Larruhat Larruhat'),
(2600, 3, 0, 1124, ' ', '45 Bis rue Faubourg Bonnefoy'),
(2601, 3, 0, 1125, ' ', '36 avenue Gameville'),
(2602, 3, 0, 1126, ' ', '36 avenue Gameville'),
(2603, 3, 0, 1127, ' ', '6 rue Moulin Bayard'),
(2604, 3, 0, 1128, ' ', '5 place Arago'),
(2605, 3, 0, 1129, ' ', '68 avenue Raymond Naves'),
(2606, 3, 0, 1130, ' ', '13 place Villaret de Joyeuse'),
(2607, 3, 0, 1131, ' ', '13 place Villaret de Joyeuse'),
(2608, 3, 0, 1132, '06 09 72 46 17 ', '29 avenue du Bataillon de l\'Armagnac'),
(2609, 3, 0, 1133, ' ', 'A Loubazac'),
(2610, 3, 0, 1134, ' ', '1 rue Montaut'),
(2611, 3, 0, 1135, ' ', '6 place Mar Foch'),
(2612, 3, 0, 1136, ' ', '2 imp Louis Sire'),
(2613, 3, 0, 1137, ' ', '19 rue Guillaume Ibos'),
(2614, 3, 0, 1138, ' ', '40 rue Rémusat'),
(2615, 3, 0, 1139, ' ', '4 rue Hôtel de Ville'),
(2616, 3, 0, 1140, ' ', '6 avenue 8 Mai 1945'),
(2617, 3, 0, 1141, ' ', 'Au Treillat'),
(2618, 3, 0, 1142, ' ', 'r Am Fournier'),
(2619, 3, 0, 1143, ' ', '44 chem Michoun'),
(2620, 3, 0, 1144, '06 99 41 10 09 ', '48 place Hautpoul'),
(2621, 3, 0, 1145, ' ', '227 route Fronton'),
(2622, 3, 0, 1146, ' ', '9 place Parlement'),
(2623, 3, 0, 1147, ' ', '2 avenue de Lombez'),
(2624, 3, 0, 1148, ' ', '7 avenue Rhin et Danube'),
(2625, 3, 0, 1149, ' ', '7 avenue Rhin et Danube'),
(2626, 3, 0, 1150, ' ', '11 rue Béranger'),
(2627, 3, 0, 1151, ' ', '14 rue Liberté'),
(2628, 3, 0, 1152, ' ', '4 rue Justin Alibert'),
(2629, 3, 0, 1153, ' ', '7 rue Auber'),
(2630, 3, 0, 1154, ' ', '3 C Place 3 place Castelet'),
(2631, 3, 0, 1155, ' ', 'rte Saubissan'),
(2632, 3, 0, 1156, '06 80 60 06 09 ', 'Saubissan'),
(2633, 3, 0, 1157, ' ', '206 route Launaguet'),
(2634, 3, 0, 1158, ' ', '60 boulevard Soult'),
(2635, 3, 0, 1159, ' ', '2 Bis imp St Pierre'),
(2636, 3, 0, 1160, '06 80 23 45 96 ', '2 Bis imp Saint Pierre'),
(2637, 3, 0, 1161, ' ', '62 avenue Garonnette'),
(2638, 3, 0, 1162, '06 86 99 36 36 ', '11 place Alexandre Bisson'),
(2639, 3, 0, 1163, ' ', '19 rue Lois'),
(2640, 3, 0, 1164, ' ', '19 rue Lois'),
(2641, 3, 0, 1165, ' ', '5 avenue St Roch'),
(2642, 3, 0, 1166, ' ', '8 rue Ramier'),
(2643, 3, 0, 1167, '06 63 36 77 64 ', '3 rue de Valmy'),
(2644, 3, 0, 1168, ' ', '18 Bis rue Mûriers'),
(2645, 3, 0, 1169, ' ', '3 rue Lejeune'),
(2646, 3, 0, 1170, ' ', 'Toulouse'),
(2647, 3, 0, 1171, ' ', '36 rue Astorg'),
(2648, 3, 0, 1172, ' ', 'rte Mondavezan'),
(2649, 3, 0, 1173, ' ', '11 rue André Chenier'),
(2650, 3, 0, 1174, ' ', '45 rue Alfred Dumeril'),
(2651, 3, 0, 1175, ' ', '45 rue Alfred Dumeril'),
(2652, 3, 0, 1176, '06 72 37 76 72 ', 'L\'Hoste'),
(2653, 3, 0, 1177, ' ', 'agenceLa Place Le Village'),
(2654, 3, 0, 1178, ' ', '3 rue Benjamin Constant'),
(2655, 3, 0, 1179, ' ', '5 rue Henry Montaut'),
(2656, 3, 0, 1180, ' ', 'cabinet27 avenue Pyrénées'),
(2657, 3, 0, 1181, ' ', '29 A route Moutou'),
(2658, 3, 0, 1182, ' ', 'lieu dit Campagnac'),
(2659, 3, 0, 1183, ' ', '38 avenue Rodez'),
(2660, 3, 0, 1184, ' ', 'Z.I. de Montredon 4 rue Apollo'),
(2661, 3, 0, 1185, ' ', '71 chem Ronde'),
(2662, 3, 0, 1186, ' ', '139 rue Férétra'),
(2663, 3, 0, 1187, ' ', '11 rue Louis Payrau'),
(2664, 3, 0, 1188, ' ', '2 avenue de Lombez'),
(2665, 3, 0, 1189, ' ', '8 rue Pont Tournemire'),
(2666, 3, 0, 1190, ' ', '7 allée Paul Feuga'),
(2667, 3, 0, 1191, '06 81 07 70 02 ', '10 rue Paul Brénac'),
(2668, 3, 0, 1192, ' ', '3 boulevard Minimes'),
(2669, 3, 0, 1193, ' ', '26 boulevard Joseph Poulenc'),
(2670, 3, 0, 1194, ' ', '25 rue Bourrassol'),
(2671, 3, 0, 1195, ' ', '26 rue Marie Magne'),
(2672, 3, 0, 1196, ' ', '8 rue Claux Grands'),
(2673, 3, 0, 1197, ' ', '6 rue Ingres'),
(2674, 3, 0, 1198, ' ', '17 place Mar Leclerc'),
(2675, 3, 0, 1199, ' ', 'za Arbre Blanc rue Rigoberta Menchu'),
(2676, 3, 0, 1200, ' ', 'Nx2Zone Activités du Monge'),
(2677, 3, 0, 1201, ' ', '15 rue Fonderie'),
(2678, 3, 0, 1202, ' ', '15 rue Fonderie'),
(2679, 3, 0, 1203, ' ', '22 rue Labruyère'),
(2680, 3, 0, 1204, ' ', '12 avenue DE BELESTA'),
(2681, 3, 0, 1205, ' ', 'lieu dit Baynac'),
(2682, 3, 0, 1206, ' ', '16 rue Arnaud Vidal'),
(2683, 3, 0, 1207, ' ', '26 rue St Rome'),
(2684, 3, 0, 1208, ' ', '13 rue Ste Claire'),
(2685, 3, 0, 1209, ' ', 'Ld lieu dit Lafonce'),
(2686, 3, 0, 1210, ' ', 'Lafonce'),
(2687, 3, 0, 1211, '06 72 09 16 82 ', '22 rue Gén Sarrail'),
(2688, 3, 0, 1212, ' ', '1 place Bonnaterre'),
(2689, 3, 0, 1213, ' ', '5 imp Météorites'),
(2690, 3, 0, 1214, '06 07 90 04 48 ', '16 rue Aubisque'),
(2691, 3, 0, 1215, ' ', 'le Rial'),
(2692, 3, 0, 1216, ' ', '30 rue Valade'),
(2693, 3, 0, 1217, ' ', '30 rue Valade'),
(2694, 3, 0, 1218, ' ', '1102 rue Combecalde'),
(2695, 3, 0, 1219, ' ', '4 rue Pierre Fons'),
(2696, 3, 0, 1220, ' ', '14 rue Briquetiers'),
(2697, 3, 0, 1221, ' ', '89 boulevard Gabriel Koenigs'),
(2698, 3, 0, 1222, ' ', 'Le Périé'),
(2699, 3, 0, 1223, ' ', '63 rue République'),
(2700, 3, 0, 1224, ' ', '6 place Tarn'),
(2701, 3, 0, 1225, ' ', '3 avenue Ancien Vélodrome'),
(2702, 3, 0, 1226, ' ', '52 rue Raspail'),
(2703, 3, 0, 1227, ' ', '3 rue Durand de Montlauzeur'),
(2704, 3, 0, 1228, ' ', '15 rue Mairie'),
(2705, 3, 0, 1229, ' ', 'La croix du sud 27 avenue de Toulouse'),
(2706, 3, 0, 1230, ' ', '44 rue Principale'),
(2707, 3, 0, 1231, ' ', '67 chem Salade Ponsan'),
(2708, 3, 0, 1232, ' ', '112 quai Tounis'),
(2709, 3, 0, 1233, ' ', '34 rue Languedoc'),
(2710, 3, 0, 1234, ' ', '19 rue Drouet'),
(2711, 3, 0, 1235, ' ', '9 rue St Antoine du T'),
(2712, 3, 0, 1236, ' ', '4 place Fer à Cheval'),
(2713, 3, 0, 1237, '06 83 17 85 24 ', '23 avenue F Mitterrand'),
(2714, 3, 0, 1238, ' ', '4 boulevard Méditerranée'),
(2715, 3, 0, 1239, ' ', '8 rue Turgot'),
(2716, 3, 0, 1240, ' ', 'agence4 passage Tourterelle'),
(2717, 3, 0, 1241, ' ', 'imp Bois Grand'),
(2718, 3, 0, 1242, ' ', 'imp Bois Grand'),
(2719, 3, 0, 1243, ' ', '260 avenue Mar de Lattre de TassignyBP 59'),
(2720, 3, 0, 1244, ' ', '4 rue Combes'),
(2721, 3, 0, 1245, ' ', '16 boulevard Strasbourg'),
(2722, 3, 0, 1246, ' ', '65 rue Bayard'),
(2723, 3, 0, 1247, ' ', '15 rue Larrey'),
(2724, 3, 0, 1248, ' ', '7 rue Industrie'),
(2725, 3, 0, 1249, ' ', '7 rue Industrie'),
(2726, 3, 0, 1250, ' ', 'lieu dit Sirven'),
(2727, 3, 0, 1251, ' ', '4 rue Saules'),
(2728, 3, 0, 1252, ' ', '4 rue Braves'),
(2729, 3, 0, 1253, ' ', '64 boulevard Tilleuls'),
(2730, 3, 0, 1254, ' ', '8 rue Ste Anne'),
(2731, 3, 0, 1255, ' ', '6 rue Ringaud'),
(2732, 3, 0, 1256, ' ', '34 rue Valade'),
(2733, 3, 0, 1257, ' ', 'r Syre'),
(2734, 3, 0, 1258, '06 03 51 60 00 ', '16 place Halle'),
(2735, 3, 0, 1259, ' ', '27 boulevard Emile Borel'),
(2736, 3, 0, 1260, ' ', 'rte Auragne'),
(2737, 3, 0, 1261, ' ', '28 rue Maurice Caunes'),
(2738, 3, 0, 1262, ' ', '28 rue Gorp'),
(2739, 3, 0, 1263, ' ', '6 place Violet'),
(2740, 3, 0, 1264, ' ', '54 rue Clément Ader'),
(2741, 3, 0, 1265, ' ', '1 boulevard Guizard'),
(2742, 3, 0, 1266, ' ', '1 boulevard Guizard'),
(2743, 3, 0, 1267, ' ', '15 rue Pierre Larousse'),
(2744, 3, 0, 1268, ' ', '9 place Carmes'),
(2745, 3, 0, 1269, ' ', '338 résidence Côteaux'),
(2746, 3, 0, 1270, ' ', '5 avenue Gloire'),
(2747, 3, 0, 1271, '06 82 49 75 75 ', 'L\'Annexe5 rue Chairedon Place Olivier'),
(2748, 3, 0, 1272, ' ', 'La Bourdette 9 chem Marengo'),
(2749, 3, 0, 1273, ' ', '112 boulevard Deodat de Severac'),
(2750, 3, 0, 1274, ' ', '46 avenue Crampel'),
(2751, 3, 0, 1275, ' ', '5 avenue Victor Hugo'),
(2752, 3, 0, 1276, ' ', '4 rue Justin Alibert'),
(2753, 3, 0, 1277, ' ', '4 rue Justin Alibert'),
(2754, 3, 0, 1278, ' ', '3 rue Gustave Eiffel'),
(2755, 3, 0, 1279, ' ', '17 rue Balouchan'),
(2756, 3, 0, 1280, ' ', 'Pouzols'),
(2757, 3, 0, 1281, ' ', 'resid Villa Dallas 18 avenue Europe'),
(2758, 3, 0, 1282, ' ', '9 rue Père Colin'),
(2759, 3, 0, 1283, ' ', '10 rue Joseph Billecoq'),
(2760, 3, 0, 1284, ' ', '20 T chem Canal'),
(2761, 3, 0, 1285, ' ', '3 rue Georges Magnoac'),
(2762, 3, 0, 1286, ' ', '2 rue Espagne'),
(2763, 3, 0, 1287, ' ', '139 rue Férétra'),
(2764, 3, 0, 1288, ' ', '27 rue République'),
(2765, 3, 0, 1289, ' ', 'Varennes'),
(2766, 3, 0, 1290, '06 87 83 68 11 ', '461 chem St Nicolas Ld de Varennes'),
(2767, 3, 0, 1291, ' ', 'lieu dit Combe De La Prune'),
(2768, 3, 0, 1292, ' ', '11 rue Bessières'),
(2769, 3, 0, 1293, ' ', '7 avenue Hector Sassere'),
(2770, 3, 0, 1294, ' ', 'cabinet26 avenue Mar Joffre'),
(2771, 3, 0, 1295, ' ', '19 rue Metz'),
(2772, 3, 0, 1296, ' ', '29 rue Eglise'),
(2773, 3, 0, 1297, ' ', '59 rue Printemps'),
(2774, 3, 0, 1298, ' ', '13 place Villaret de Joyeuse'),
(2775, 3, 0, 1299, ' ', 'cabinet13 place Villaret de Joyeuse'),
(2776, 3, 0, 1300, ' ', 'Porte Blanche 17 rue Idrac'),
(2777, 3, 0, 1301, ' ', '7 allée Paul Feuga'),
(2778, 3, 0, 1302, ' ', '10 chem Carrosse'),
(2779, 3, 0, 1303, ' ', '24 rue Alsace Lorraine'),
(2780, 3, 0, 1304, ' ', '24 rue Alsace Lorraine'),
(2781, 3, 0, 1305, ' ', '5 rue Frédéric SoutrasBP 254'),
(2782, 3, 0, 1306, ' ', '3 boulevard Lacombe'),
(2783, 3, 0, 1307, ' ', '34 rue Valade'),
(2784, 3, 0, 1308, ' ', 'Le Sarthe'),
(2785, 3, 0, 1309, ' ', '79 avenue Mar De Lattre de Tassigny'),
(2786, 3, 0, 1310, ' ', '8 rue Potiers'),
(2787, 3, 0, 1311, '06 73 34 07 67 ', '2 Bis allée Sablettes'),
(2788, 3, 0, 1312, ' ', '33 rue Franc'),
(2789, 3, 0, 1313, ' ', '27 rue Polinaires'),
(2790, 3, 0, 1314, ' ', 'lot Fleuriat'),
(2791, 3, 0, 1315, ' ', '76 allée Barcelone'),
(2792, 3, 0, 1316, '', '51 Bis rue Amidonniers '),
(2793, 3, 0, 1317, ' ', '18 rue Tivoli'),
(2794, 3, 0, 1318, ' ', '8 quai Temple'),
(2795, 3, 0, 1319, ' ', 'Zi Albasud 400 avenue Danemark'),
(2796, 3, 0, 1320, ' ', '17 rue Idrac'),
(2797, 3, 0, 1321, ' ', '20 rue Paradoux'),
(2798, 3, 0, 1322, ' ', '6 place St Blaise'),
(2799, 3, 0, 1323, ' ', '4 chem Canal'),
(2800, 3, 0, 1324, ' ', '70 rue Georges Clemenceau'),
(2801, 3, 0, 1325, ' ', '3 rue Martyrs de la Libération'),
(2802, 3, 0, 1326, ' ', '28 grande rue St Nicolas'),
(2803, 3, 0, 1327, '', '51 Bis rue Amidonniers '),
(2804, 3, 0, 1328, ' ', '8 rue Engueysse'),
(2805, 3, 0, 1329, ' ', '41 rue Condeau'),
(2806, 3, 0, 1330, '06 11 44 67 32 ', '7 côte BonnetiersBP 366'),
(2807, 3, 0, 1331, ' ', '4 place Ste Anne'),
(2808, 3, 0, 1332, ' ', '23 rue Borrel'),
(2809, 3, 0, 1333, ' ', '18 rue Adonis'),
(2810, 3, 0, 1334, ' ', 'Villa Temoin 1 imp Melassou'),
(2811, 3, 0, 1335, ' ', '4 rue Poids de l\'Huile'),
(2812, 3, 0, 1336, ' ', '19 rue Libération'),
(2813, 3, 0, 1337, ' ', '36 boulevard Strasbourg'),
(2814, 3, 0, 1338, ' ', '13 allée Croisic'),
(2815, 3, 0, 1339, '06 11 57 80 31 ', '3 rue Languedoc'),
(2816, 3, 0, 1340, ' ', '76 allée Jean Jaurès'),
(2817, 3, 0, 1341, ' ', '40 rue Balance'),
(2818, 3, 0, 1342, ' ', '25 rue Roquelaine'),
(2819, 3, 0, 1343, ' ', '25 rue Roquelaine'),
(2820, 3, 0, 1344, ' ', '8 rue Dalayrac'),
(2821, 3, 0, 1345, ' ', '8 rue Brauhauban'),
(2822, 3, 0, 1346, ' ', '8 rue Brauhauban'),
(2823, 3, 0, 1347, ' ', '17 boulevard Lazare Carnot'),
(2824, 3, 0, 1348, ' ', '1 rue Muriers'),
(2825, 3, 0, 1349, ' ', '10 rue Robert Borios'),
(2826, 3, 0, 1350, ' ', '14 rue Edith Piaf'),
(2827, 3, 0, 1351, ' ', '14 rue Edith Piaf'),
(2828, 3, 0, 1352, ' ', '51 chem Monges'),
(2829, 3, 0, 1353, ' ', 'bureau36 rue Doct Pierre Mazaud'),
(2830, 3, 0, 1354, ' ', '93 fbg Lacapelle'),
(2831, 3, 0, 1355, ' ', '5 rue Charité'),
(2832, 3, 0, 1356, ' ', '6 boulevard Genève'),
(2833, 3, 0, 1357, ' ', '20 rue Drouet'),
(2834, 3, 0, 1358, ' ', '7 rue Arts'),
(2835, 3, 0, 1359, ' ', '8 rue St Orens'),
(2836, 3, 0, 1360, '07 77 00 32 52 ', '16 rue Martimor'),
(2837, 3, 0, 1361, ' ', '16 rue martimor'),
(2838, 3, 0, 1362, ' ', '30 avenue Marne'),
(2839, 3, 0, 1363, ' ', '26 place Marnac'),
(2840, 3, 0, 1364, ' ', '47 rue Metz'),
(2841, 3, 0, 1365, ' ', '21 boulevard Montebello'),
(2842, 3, 0, 1366, ' ', 'galerie Saint Jacques11 rue Fermat'),
(2843, 3, 0, 1367, ' ', '76 allée Jean Jaurès'),
(2844, 3, 0, 1368, ' ', '34 boulevard Méditerranée'),
(2845, 3, 0, 1369, ' ', '10 route Barry D\'Islemade'),
(2846, 3, 0, 1370, ' ', '36 quai Tounis'),
(2847, 3, 0, 1371, ' ', '34 boulevard Méditerranée'),
(2848, 3, 0, 1372, ' ', '23 avenue François Mitterrand'),
(2849, 3, 0, 1373, ' ', '4 rue Braves'),
(2850, 3, 0, 1374, '06 84 87 82 57 ', '15 rue St Antoine du T'),
(2851, 3, 0, 1375, ' ', 'Herre'),
(2852, 3, 0, 1376, ' ', 'Herre'),
(2853, 3, 0, 1377, ' ', 'Caillou route d\'Estang'),
(2854, 3, 0, 1378, ' ', 'lot Caillaou'),
(2855, 3, 0, 1379, ' ', '26 rue Carmes'),
(2856, 3, 0, 1380, ' ', '530 route St Martial'),
(2857, 3, 0, 1381, ' ', '12 boulevard Joffrery'),
(2858, 3, 0, 1382, ' ', '90 imp Dax'),
(2859, 3, 0, 1383, '06 38 86 15 88 ', '90 imp d\'en Dax'),
(2860, 3, 0, 1384, '06 81 32 39 71 ', '15 rue d\'Isly'),
(2861, 3, 0, 1385, ' ', '6 rue Franc'),
(2862, 3, 0, 1386, ' ', '46 rue Paraire'),
(2863, 3, 0, 1387, ' ', '132 avenue Castres'),
(2864, 3, 0, 1388, ' ', '960 avenue Toulouse'),
(2865, 3, 0, 1389, ' ', '47 rue Fieux'),
(2866, 3, 0, 1390, ' ', 'Ancien Presbytere'),
(2867, 3, 0, 1391, ' ', '43 avenue Anselme Arrieu'),
(2868, 3, 0, 1392, '06 08 34 86 15 ', 'Blaziat'),
(2869, 3, 0, 1393, ' ', '10 rue Louis Lumière'),
(2870, 3, 0, 1394, ' ', '208 avenue Muret'),
(2871, 3, 0, 1395, ' ', 'La Tuilerie Tuilerie'),
(2872, 3, 0, 1396, ' ', '3 boulevard Castres'),
(2873, 3, 0, 1397, ' ', '11 place Marius Pinel'),
(2874, 3, 0, 1398, ' ', '19 rue Périé'),
(2875, 3, 0, 1399, ' ', '6 rue Jardins'),
(2876, 3, 0, 1400, ' ', '7 place de la Cité'),
(2877, 3, 0, 1401, ' ', '37 avenue Crampel'),
(2878, 3, 0, 1402, ' ', 'Hauteval'),
(2879, 3, 0, 1403, ' ', 'domicileLa Borde du Bosc'),
(2880, 3, 0, 1404, ' ', '69 rue Férétra'),
(2881, 3, 0, 1405, ' ', 'Le Bourg'),
(2882, 3, 0, 1406, ' ', 'lieu dit Perran'),
(2883, 3, 0, 1407, ' ', '37 boulevard Mainiol'),
(2884, 3, 0, 1408, ' ', '1640 voie Romaine'),
(2885, 3, 0, 1409, ' ', '39 allée Niel'),
(2886, 3, 0, 1410, ' ', '20 avenue Honoré Serres'),
(2887, 3, 0, 1411, ' ', '5 B rue Malaret'),
(2888, 3, 0, 1412, ' ', '23 imp Bons Amis'),
(2889, 3, 0, 1413, ' ', '23 imp Bons Amis'),
(2890, 3, 0, 1414, ' ', '4 rue Orient'),
(2891, 3, 0, 1415, '06 87 53 85 22 ', '1425 route Bérat'),
(2892, 3, 0, 1416, ' ', '2 allée Demoiselles'),
(2893, 3, 0, 1417, ' ', '3 Ter rue Belfort'),
(2894, 3, 0, 1418, '06 82 16 36 90 ', '41 chem Estaquebiau'),
(2895, 3, 0, 1419, '06 82 16 36 90 ', '41 chem Estaquebiau'),
(2896, 3, 0, 1420, '06 82 90 05 10 ', 'La Mothe Gajan'),
(2897, 3, 0, 1421, ' ', '47 rue 11 Novembre'),
(2898, 3, 0, 1422, '06 08 32 01 01 ', '102 avenue Toulouse'),
(2899, 3, 0, 1423, ' ', 'bureaux13 place Foirail'),
(2900, 3, 0, 1424, ' ', 'La Calquiere'),
(2901, 3, 0, 1425, ' ', '47 rue Jeu de Paume'),
(2902, 3, 0, 1426, ' ', 'La Fontagne'),
(2903, 3, 0, 1427, ' ', '8 avenue Gén Leclerc'),
(2904, 3, 0, 1428, ' ', '8 avenue Gén Leclerc'),
(2905, 3, 0, 1429, ' ', '33 rue Paul Dupin'),
(2906, 3, 0, 1430, ' ', '26 rue Marie Magne'),
(2907, 3, 0, 1431, ' ', '23 rue Monplaisir'),
(2908, 3, 0, 1432, ' ', '9 place Parlement'),
(2909, 3, 0, 1433, ' ', 'Lugan'),
(2910, 3, 0, 1434, ' ', '27 Bis chem Peyrandrieu'),
(2911, 3, 0, 1435, ' ', '8 avenue René Cassin'),
(2912, 3, 0, 1436, ' ', '56 A boulevard Léon Gambetta'),
(2913, 3, 0, 1437, ' ', '27 boulevard Emile Borel'),
(2914, 3, 0, 1438, '06 08 62 52 36 ', '484 boulevard Alsace Lorraine'),
(2915, 3, 0, 1439, '06 22 05 16 33 ', '3 rue Sénéchal'),
(2916, 3, 0, 1440, ' ', '163 route Toulouse'),
(2917, 3, 0, 1441, ' ', '12 rue St Michel'),
(2918, 3, 0, 1442, ' ', '6 chem Bordes'),
(2919, 3, 0, 1443, ' ', '16 avenue Castres'),
(2920, 3, 0, 1444, ' ', '53 rue St Eloi'),
(2921, 3, 0, 1445, ' ', '78 rue Croix Vieille'),
(2922, 3, 0, 1446, ' ', '4 rue Collège'),
(2923, 3, 0, 1447, ' ', 'lieu dit Langlade');
INSERT INTO `telephone` (`id`, `statut_id`, `entreprise_id`, `contact_id`, `number`, `observation`) VALUES
(2924, 3, 0, 1448, ' ', '29 boulevard Lacaussade 18rés Corisande'),
(2925, 3, 0, 1449, ' ', '30 rue Languedoc'),
(2926, 3, 0, 1450, ' ', '530 route St Martial'),
(2927, 3, 0, 1451, ' ', '23 avenue Saleich'),
(2928, 3, 0, 1452, ' ', '82 avenue Toulouse'),
(2929, 3, 0, 1453, ' ', '29 boulevard Lacaussade'),
(2930, 3, 0, 1454, ' ', '30 rue Languedoc'),
(2931, 3, 0, 1455, ' ', '34 boulevard Emile Borel'),
(2932, 3, 0, 1456, ' ', '11 rue René Vaysse'),
(2933, 3, 0, 1457, ' ', '11 rue René Vaysse'),
(2934, 3, 0, 1458, '06 14 01 48 32 ', '13 route Cadalen'),
(2935, 3, 0, 1459, ' ', '13 route Cadalen'),
(2936, 3, 0, 1460, '06 80 33 08 26 ', 'Cuq Le Château Alzieu'),
(2937, 3, 0, 1461, ' ', '24 rue Pharaon'),
(2938, 3, 0, 1462, ' ', '16 rue Temponières'),
(2939, 3, 0, 1463, ' ', '6 Bis rue Bonnamy'),
(2940, 3, 0, 1464, ' ', '18 rue Lakanal'),
(2941, 3, 0, 1465, ' ', 'r Justices'),
(2942, 3, 0, 1466, ' ', '11 rue Louis Courtois de Vicose'),
(2943, 3, 0, 1467, '06 32 99 07 93 ', '14 rue Pic Carlit'),
(2944, 3, 0, 1468, ' ', '102 rue Gabriel Péri'),
(2945, 3, 0, 1469, ' ', 'Cap Delta parc T Delta Sud'),
(2946, 3, 0, 1470, ' ', '9 rue Monseigneur Andrieu'),
(2947, 0, 0, 0, ' ', '');

-- --------------------------------------------------------

--
-- Structure de la table `terrain`
--

CREATE TABLE IF NOT EXISTS `terrain` (
  `id` int NOT NULL AUTO_INCREMENT,
  `commune` varchar(500) CHARACTER SET utf8mb4 COLLATE utf8mb4_unicode_ci DEFAULT NULL,
  `code_postal` varchar(255) CHARACTER SET utf8mb4 COLLATE utf8mb4_unicode_ci DEFAULT NULL,
  `adress` longtext CHARACTER SET utf8mb4 COLLATE utf8mb4_unicode_ci,
  `name` varchar(300) CHARACTER SET utf8mb4 COLLATE utf8mb4_unicode_ci NOT NULL,
  `remarque` longtext CHARACTER SET utf8mb4 COLLATE utf8mb4_unicode_ci,
  `stade_id` int DEFAULT NULL,
  `origine_id` int DEFAULT NULL,
  `autre_stade` varchar(255) CHARACTER SET utf8mb4 COLLATE utf8mb4_unicode_ci DEFAULT NULL,
  PRIMARY KEY (`id`),
  KEY `IDX_C87653B16538AB43` (`stade_id`),
  KEY `IDX_C87653B187998E` (`origine_id`)
) ENGINE=InnoDB AUTO_INCREMENT=13 DEFAULT CHARSET=utf8mb4 COLLATE=utf8mb4_unicode_ci;

--
-- Déchargement des données de la table `terrain`
--

INSERT INTO `terrain` (`id`, `commune`, `code_postal`, `adress`, `name`, `remarque`, `stade_id`, `origine_id`, `autre_stade`) VALUES
(7, 'Larra', '31330', '11 place des coquelicots', 'Larra1', NULL, 3, NULL, NULL),
(8, 'Mondonville', '31330', '2 rue des fleurs', 'Mondonville 1', NULL, 3, NULL, NULL),
(9, 'Paris', '75000', '1 rue des fleurs', 'Paris 1', NULL, 3, NULL, 'en construction'),
(10, 'Larra', '31330', '11 place des fleurs', 'larra 2', NULL, 2, NULL, NULL),
(11, 'pointe a pitre', '97110', '22 rue des fleurs', 'Bateau 1.3', NULL, 2, NULL, NULL),
(12, 'Antibes', '06600', '2 rue des fleurs', 'antibes 1.1', NULL, 1, NULL, NULL);

-- --------------------------------------------------------

--
-- Structure de la table `terrain_reg_const`
--

CREATE TABLE IF NOT EXISTS `terrain_reg_const` (
  `id` int NOT NULL AUTO_INCREMENT,
  `oui` tinyint(1) DEFAULT NULL,
  `terrain_id` int DEFAULT NULL,
  `remarque` longtext CHARACTER SET utf8mb4 COLLATE utf8mb4_unicode_ci,
  PRIMARY KEY (`id`),
  KEY `IDX_4DC07FCB8A2D8B41` (`terrain_id`)
) ENGINE=InnoDB AUTO_INCREMENT=3 DEFAULT CHARSET=utf8mb4 COLLATE=utf8mb4_unicode_ci;

-- --------------------------------------------------------

--
-- Structure de la table `terrain_viabilise`
--

CREATE TABLE IF NOT EXISTS `terrain_viabilise` (
  `id` int NOT NULL AUTO_INCREMENT,
  `terrain_id` int DEFAULT NULL,
  `oui` tinyint(1) DEFAULT NULL,
  `ne_sait_pas` tinyint(1) DEFAULT NULL,
  PRIMARY KEY (`id`),
  KEY `IDX_AB4D9BF98A2D8B41` (`terrain_id`)
) ENGINE=InnoDB AUTO_INCREMENT=9 DEFAULT CHARSET=utf8mb4 COLLATE=utf8mb4_unicode_ci;

-- --------------------------------------------------------

--
-- Structure de la table `trace_deau`
--

CREATE TABLE IF NOT EXISTS `trace_deau` (
  `id` int NOT NULL AUTO_INCREMENT,
  `metre` decimal(10,2) DEFAULT NULL,
  `terrain_id` int DEFAULT NULL,
  `sol_humide` tinyint(1) DEFAULT NULL,
  `difference_vegetation` tinyint(1) DEFAULT NULL,
  `puit` tinyint(1) DEFAULT NULL,
  PRIMARY KEY (`id`),
  KEY `IDX_20C920A38A2D8B41` (`terrain_id`)
) ENGINE=InnoDB AUTO_INCREMENT=16 DEFAULT CHARSET=utf8mb4 COLLATE=utf8mb4_unicode_ci;

-- --------------------------------------------------------

--
-- Structure de la table `type`
--

CREATE TABLE IF NOT EXISTS `type` (
  `id` int NOT NULL AUTO_INCREMENT,
  `name` varchar(255) CHARACTER SET utf8mb4 COLLATE utf8mb4_unicode_ci DEFAULT NULL,
  PRIMARY KEY (`id`)
) ENGINE=InnoDB AUTO_INCREMENT=4 DEFAULT CHARSET=utf8mb4 COLLATE=utf8mb4_unicode_ci;

--
-- Déchargement des données de la table `type`
--

INSERT INTO `type` (`id`, `name`) VALUES
(1, 'oui'),
(2, 'non'),
(3, 'Ne sais pas');

-- --------------------------------------------------------

--
-- Structure de la table `type_doc_urbanisme`
--

CREATE TABLE IF NOT EXISTS `type_doc_urbanisme` (
  `id` int NOT NULL AUTO_INCREMENT,
  `statut` varchar(500) CHARACTER SET utf8mb4 COLLATE utf8mb4_unicode_ci DEFAULT NULL,
  PRIMARY KEY (`id`)
) ENGINE=InnoDB AUTO_INCREMENT=6 DEFAULT CHARSET=utf8mb4 COLLATE=utf8mb4_unicode_ci;

--
-- Déchargement des données de la table `type_doc_urbanisme`
--

INSERT INTO `type_doc_urbanisme` (`id`, `statut`) VALUES
(1, 'Plan d\'Occupation des sols (POS)'),
(2, 'Plan Local d\'ubanisme (PLU)'),
(3, 'Plan Local d\'ubanisme Intercommunal (PLUI)'),
(4, 'Carte Communale'),
(5, 'Reglement National d\'Urbanisme (RNU)');

-- --------------------------------------------------------

--
-- Structure de la table `type_mission`
--

CREATE TABLE IF NOT EXISTS `type_mission` (
  `id` int NOT NULL AUTO_INCREMENT,
  `name` varchar(255) CHARACTER SET utf8mb4 COLLATE utf8mb4_unicode_ci NOT NULL,
  PRIMARY KEY (`id`)
) ENGINE=InnoDB AUTO_INCREMENT=5 DEFAULT CHARSET=utf8mb4 COLLATE=utf8mb4_unicode_ci;

--
-- Déchargement des données de la table `type_mission`
--

INSERT INTO `type_mission` (`id`, `name`) VALUES
(1, 'Vente'),
(2, 'Construction'),
(3, 'Deblocage'),
(4, 'Autre');

-- --------------------------------------------------------

--
-- Structure de la table `type_projet`
--

CREATE TABLE IF NOT EXISTS `type_projet` (
  `id` int NOT NULL AUTO_INCREMENT,
  `type` varchar(500) CHARACTER SET utf8mb4 COLLATE utf8mb4_unicode_ci DEFAULT NULL,
  PRIMARY KEY (`id`)
) ENGINE=InnoDB AUTO_INCREMENT=7 DEFAULT CHARSET=utf8mb4 COLLATE=utf8mb4_unicode_ci;

--
-- Déchargement des données de la table `type_projet`
--

INSERT INTO `type_projet` (`id`, `type`) VALUES
(2, 'Foncier seul'),
(3, 'Foncier + Immeuble'),
(5, 'Immeuble Seul');

-- --------------------------------------------------------

--
-- Structure de la table `type_proprietaire`
--

CREATE TABLE IF NOT EXISTS `type_proprietaire` (
  `id` int NOT NULL AUTO_INCREMENT,
  `prop_unique` tinyint(1) DEFAULT NULL,
  `indivision_copropriete` tinyint(1) DEFAULT NULL,
  `societe` tinyint(1) DEFAULT NULL,
  `personne_publique` tinyint(1) DEFAULT NULL,
  `terrain_id` int DEFAULT NULL,
  PRIMARY KEY (`id`),
  KEY `IDX_EEA023D38A2D8B41` (`terrain_id`)
) ENGINE=InnoDB AUTO_INCREMENT=8 DEFAULT CHARSET=utf8mb4 COLLATE=utf8mb4_unicode_ci;

-- --------------------------------------------------------

--
-- Structure de la table `type_voie_acces`
--

CREATE TABLE IF NOT EXISTS `type_voie_acces` (
  `id` int NOT NULL AUTO_INCREMENT,
  `name` varchar(255) CHARACTER SET utf8mb4 COLLATE utf8mb4_unicode_ci DEFAULT NULL,
  PRIMARY KEY (`id`)
) ENGINE=InnoDB AUTO_INCREMENT=7 DEFAULT CHARSET=utf8mb4 COLLATE=utf8mb4_unicode_ci;

--
-- Déchargement des données de la table `type_voie_acces`
--

INSERT INTO `type_voie_acces` (`id`, `name`) VALUES
(1, 'Route Nationale'),
(2, 'Route Départementale'),
(3, 'Voie Communale'),
(4, 'Voie Privée'),
(5, 'Chemin rural'),
(6, 'Servitude de passage');

-- --------------------------------------------------------

--
-- Structure de la table `vegetation`
--

CREATE TABLE IF NOT EXISTS `vegetation` (
  `id` int NOT NULL AUTO_INCREMENT,
  `terrain_id` int DEFAULT NULL,
  `densite_id` int DEFAULT NULL,
  `observation` longtext CHARACTER SET utf8mb4 COLLATE utf8mb4_unicode_ci,
  `grand_arbres` tinyint(1) DEFAULT NULL,
  PRIMARY KEY (`id`),
  KEY `IDX_D25C7EDB8A2D8B41` (`terrain_id`),
  KEY `IDX_D25C7EDB83C27326` (`densite_id`)
) ENGINE=InnoDB AUTO_INCREMENT=5 DEFAULT CHARSET=utf8mb4 COLLATE=utf8mb4_unicode_ci;

-- --------------------------------------------------------

--
-- Structure de la table `verif_cadastre`
--

CREATE TABLE IF NOT EXISTS `verif_cadastre` (
  `id` int NOT NULL AUTO_INCREMENT,
  `terrain_id` int DEFAULT NULL,
  `oui` tinyint(1) DEFAULT NULL,
  PRIMARY KEY (`id`),
  KEY `IDX_C0117DA8A2D8B41` (`terrain_id`)
) ENGINE=InnoDB AUTO_INCREMENT=4 DEFAULT CHARSET=utf8mb4 COLLATE=utf8mb4_unicode_ci;

-- --------------------------------------------------------

--
-- Structure de la table `zone_acces`
--

CREATE TABLE IF NOT EXISTS `zone_acces` (
  `id` int NOT NULL AUTO_INCREMENT,
  `terrain_id` int DEFAULT NULL,
  `content` longtext CHARACTER SET utf8mb4 COLLATE utf8mb4_unicode_ci,
  PRIMARY KEY (`id`),
  KEY `IDX_76DA94B68A2D8B41` (`terrain_id`)
) ENGINE=InnoDB AUTO_INCREMENT=4 DEFAULT CHARSET=utf8mb4 COLLATE=utf8mb4_unicode_ci;

-- --------------------------------------------------------

--
-- Structure de la table `zone_cara_cterrain`
--

CREATE TABLE IF NOT EXISTS `zone_cara_cterrain` (
  `id` int NOT NULL AUTO_INCREMENT,
  `terrain_id` int DEFAULT NULL,
  `reglemente` tinyint(1) DEFAULT NULL,
  `non_reglemente` tinyint(1) DEFAULT NULL,
  `distance` decimal(10,0) DEFAULT NULL,
  PRIMARY KEY (`id`),
  KEY `IDX_2E44B2C58A2D8B41` (`terrain_id`)
) ENGINE=InnoDB AUTO_INCREMENT=3 DEFAULT CHARSET=utf8mb4 COLLATE=utf8mb4_unicode_ci;

-- --------------------------------------------------------

--
-- Structure de la table `zone_cond_part`
--

CREATE TABLE IF NOT EXISTS `zone_cond_part` (
  `id` int NOT NULL AUTO_INCREMENT,
  `terrain_id` int DEFAULT NULL,
  `content` longtext CHARACTER SET utf8mb4 COLLATE utf8mb4_unicode_ci,
  PRIMARY KEY (`id`),
  KEY `IDX_9E5EC5998A2D8B41` (`terrain_id`)
) ENGINE=InnoDB DEFAULT CHARSET=utf8mb4 COLLATE=utf8mb4_unicode_ci;

-- --------------------------------------------------------

--
-- Structure de la table `zone_oblig_mixite_fonct`
--

CREATE TABLE IF NOT EXISTS `zone_oblig_mixite_fonct` (
  `id` int NOT NULL AUTO_INCREMENT,
  `terrain_id` int DEFAULT NULL,
  `oui` tinyint(1) DEFAULT NULL,
  `non` tinyint(1) DEFAULT NULL,
  `ne_saitpas` tinyint(1) DEFAULT NULL,
  `pourcentage` decimal(5,2) DEFAULT NULL,
  PRIMARY KEY (`id`),
  KEY `IDX_DF3C94D28A2D8B41` (`terrain_id`)
) ENGINE=InnoDB AUTO_INCREMENT=4 DEFAULT CHARSET=utf8mb4 COLLATE=utf8mb4_unicode_ci;

-- --------------------------------------------------------

--
-- Structure de la table `zone_oblig_mixite_sociale`
--

CREATE TABLE IF NOT EXISTS `zone_oblig_mixite_sociale` (
  `id` int NOT NULL AUTO_INCREMENT,
  `terrain_id` int DEFAULT NULL,
  `pourcentage` decimal(10,0) DEFAULT NULL,
  `oui` tinyint(1) DEFAULT NULL,
  `non` tinyint(1) DEFAULT NULL,
  `ne_sait_pas` tinyint(1) DEFAULT NULL,
  PRIMARY KEY (`id`),
  KEY `IDX_49037A588A2D8B41` (`terrain_id`)
) ENGINE=InnoDB AUTO_INCREMENT=4 DEFAULT CHARSET=utf8mb4 COLLATE=utf8mb4_unicode_ci;

-- --------------------------------------------------------

--
-- Structure de la table `zone_occup_cond_part`
--

CREATE TABLE IF NOT EXISTS `zone_occup_cond_part` (
  `id` int NOT NULL AUTO_INCREMENT,
  `terrain_id` int DEFAULT NULL,
  `content` longtext CHARACTER SET utf8mb4 COLLATE utf8mb4_unicode_ci,
  PRIMARY KEY (`id`),
  KEY `IDX_2929C3F08A2D8B41` (`terrain_id`)
) ENGINE=InnoDB AUTO_INCREMENT=6 DEFAULT CHARSET=utf8mb4 COLLATE=utf8mb4_unicode_ci;

--
-- Déchargement des données de la table `zone_occup_cond_part`
--

INSERT INTO `zone_occup_cond_part` (`id`, `terrain_id`, `content`) VALUES
(1, NULL, 'yop yop');

-- --------------------------------------------------------

--
-- Structure de la table `zone_occ_util_int`
--

CREATE TABLE IF NOT EXISTS `zone_occ_util_int` (
  `id` int NOT NULL AUTO_INCREMENT,
  `terrain_id` int DEFAULT NULL,
  `content` longtext CHARACTER SET utf8mb4 COLLATE utf8mb4_unicode_ci,
  PRIMARY KEY (`id`),
  KEY `IDX_520ED56D8A2D8B41` (`terrain_id`)
) ENGINE=InnoDB AUTO_INCREMENT=4 DEFAULT CHARSET=utf8mb4 COLLATE=utf8mb4_unicode_ci;

-- --------------------------------------------------------

--
-- Structure de la table `zone_reseaux`
--

CREATE TABLE IF NOT EXISTS `zone_reseaux` (
  `id` int NOT NULL AUTO_INCREMENT,
  `terrain_id` int DEFAULT NULL,
  `content` longtext CHARACTER SET utf8mb4 COLLATE utf8mb4_unicode_ci,
  PRIMARY KEY (`id`),
  KEY `IDX_F79FCB298A2D8B41` (`terrain_id`)
) ENGINE=InnoDB AUTO_INCREMENT=4 DEFAULT CHARSET=utf8mb4 COLLATE=utf8mb4_unicode_ci;

--
-- Contraintes pour les tables déchargées
--

--
-- Contraintes pour la table `access`
--
ALTER TABLE `access`
  ADD CONSTRAINT `FK_6692B548A2D8B41` FOREIGN KEY (`terrain_id`) REFERENCES `terrain` (`id`),
  ADD CONSTRAINT `FK_6692B54C54C8C93` FOREIGN KEY (`type_id`) REFERENCES `type_voie_acces` (`id`);

--
-- Contraintes pour la table `accompte`
--
ALTER TABLE `accompte`
  ADD CONSTRAINT `FK_BD09DAF741DEFADA` FOREIGN KEY (`devis_id`) REFERENCES `devis` (`id`);

--
-- Contraintes pour la table `act_int_notaire`
--
ALTER TABLE `act_int_notaire`
  ADD CONSTRAINT `FK_E7C229EE8A2D8B41` FOREIGN KEY (`terrain_id`) REFERENCES `terrain` (`id`);

--
-- Contraintes pour la table `act_int_proprio`
--
ALTER TABLE `act_int_proprio`
  ADD CONSTRAINT `FK_C96E27448A2D8B41` FOREIGN KEY (`terrain_id`) REFERENCES `terrain` (`id`);

--
-- Contraintes pour la table `act_int_voisin`
--
ALTER TABLE `act_int_voisin`
  ADD CONSTRAINT `FK_333BBDA88A2D8B41` FOREIGN KEY (`terrain_id`) REFERENCES `terrain` (`id`);

--
-- Contraintes pour la table `act_rdv_hypotheque`
--
ALTER TABLE `act_rdv_hypotheque`
  ADD CONSTRAINT `FK_3BF55D6E8A2D8B41` FOREIGN KEY (`terrain_id`) REFERENCES `terrain` (`id`);

--
-- Contraintes pour la table `adresse`
--
ALTER TABLE `adresse`
  ADD CONSTRAINT `FK_C35F0816A4AEAFEA` FOREIGN KEY (`entreprise_id`) REFERENCES `entreprise` (`id`),
  ADD CONSTRAINT `FK_C35F0816E7A1254A` FOREIGN KEY (`contact_id`) REFERENCES `contact` (`id`),
  ADD CONSTRAINT `FK_C35F0816F6203804` FOREIGN KEY (`statut_id`) REFERENCES `statut_adresse` (`id`);

--
-- Contraintes pour la table `appels_recus`
--
ALTER TABLE `appels_recus`
  ADD CONSTRAINT `FK_2F9E5C3AE7A1254A` FOREIGN KEY (`contact_id`) REFERENCES `contact` (`id`);

--
-- Contraintes pour la table `aspect_exterieur`
--
ALTER TABLE `aspect_exterieur`
  ADD CONSTRAINT `FK_8214C4838A2D8B41` FOREIGN KEY (`terrain_id`) REFERENCES `terrain` (`id`);

--
-- Contraintes pour la table `bati_environant`
--
ALTER TABLE `bati_environant`
  ADD CONSTRAINT `FK_BC456AFD8A2D8B41` FOREIGN KEY (`terrain_id`) REFERENCES `terrain` (`id`);

--
-- Contraintes pour la table `caract_gene_zone`
--
ALTER TABLE `caract_gene_zone`
  ADD CONSTRAINT `FK_9EEE76B68A2D8B41` FOREIGN KEY (`terrain_id`) REFERENCES `terrain` (`id`);

--
-- Contraintes pour la table `ces`
--
ALTER TABLE `ces`
  ADD CONSTRAINT `FK_6456130F8A2D8B41` FOREIGN KEY (`terrain_id`) REFERENCES `terrain` (`id`);

--
-- Contraintes pour la table `classement_terrain`
--
ALTER TABLE `classement_terrain`
  ADD CONSTRAINT `FK_A5722A138A2D8B41` FOREIGN KEY (`terrain_id`) REFERENCES `terrain` (`id`);

--
-- Contraintes pour la table `commande_bornage`
--
ALTER TABLE `commande_bornage`
  ADD CONSTRAINT `FK_88C6B7A28A2D8B41` FOREIGN KEY (`terrain_id`) REFERENCES `terrain` (`id`);

--
-- Contraintes pour la table `communication`
--
ALTER TABLE `communication`
  ADD CONSTRAINT `FK_F9AFB5EBD2235D39` FOREIGN KEY (`tache_id`) REFERENCES `tache` (`id`),
  ADD CONSTRAINT `FK_F9AFB5EBF6203804` FOREIGN KEY (`statut_id`) REFERENCES `statut_communication` (`id`);

--
-- Contraintes pour la table `concl_remarque`
--
ALTER TABLE `concl_remarque`
  ADD CONSTRAINT `FK_BAB73CEA8A2D8B41` FOREIGN KEY (`terrain_id`) REFERENCES `terrain` (`id`);

--
-- Contraintes pour la table `concl_risque`
--
ALTER TABLE `concl_risque`
  ADD CONSTRAINT `FK_8ECD13E68A2D8B41` FOREIGN KEY (`terrain_id`) REFERENCES `terrain` (`id`);

--
-- Contraintes pour la table `concl_servitude_prive`
--
ALTER TABLE `concl_servitude_prive`
  ADD CONSTRAINT `FK_737D559A8A2D8B41` FOREIGN KEY (`terrain_id`) REFERENCES `terrain` (`id`);

--
-- Contraintes pour la table `concl_servitude_publique`
--
ALTER TABLE `concl_servitude_publique`
  ADD CONSTRAINT `FK_13F8A4028A2D8B41` FOREIGN KEY (`terrain_id`) REFERENCES `terrain` (`id`);

--
-- Contraintes pour la table `contact`
--
ALTER TABLE `contact`
  ADD CONSTRAINT `FK_4C62E63853B4F1DE` FOREIGN KEY (`priorite_id`) REFERENCES `priorite` (`id`),
  ADD CONSTRAINT `FK_4C62E63887998E` FOREIGN KEY (`origine_id`) REFERENCES `contact` (`id`),
  ADD CONSTRAINT `FK_4C62E638F6203804` FOREIGN KEY (`statut_id`) REFERENCES `statut_contact` (`id`);

--
-- Contraintes pour la table `contenance_bornage`
--
ALTER TABLE `contenance_bornage`
  ADD CONSTRAINT `FK_44DF503A8A2D8B41` FOREIGN KEY (`terrain_id`) REFERENCES `terrain` (`id`);

--
-- Contraintes pour la table `contenance_cadastrale`
--
ALTER TABLE `contenance_cadastrale`
  ADD CONSTRAINT `FK_8E3E2678A2D8B41` FOREIGN KEY (`terrain_id`) REFERENCES `terrain` (`id`);

--
-- Contraintes pour la table `cours_eau_terrain`
--
ALTER TABLE `cours_eau_terrain`
  ADD CONSTRAINT `FK_55BE6F798A2D8B41` FOREIGN KEY (`terrain_id`) REFERENCES `terrain` (`id`);

--
-- Contraintes pour la table `cour_eau_limite_terrain`
--
ALTER TABLE `cour_eau_limite_terrain`
  ADD CONSTRAINT `FK_2A2ACB328A2D8B41` FOREIGN KEY (`terrain_id`) REFERENCES `terrain` (`id`);

--
-- Contraintes pour la table `demenbrement_prop`
--
ALTER TABLE `demenbrement_prop`
  ADD CONSTRAINT `FK_D7DCF5968A2D8B41` FOREIGN KEY (`terrain_id`) REFERENCES `terrain` (`id`);

--
-- Contraintes pour la table `deplacement`
--
ALTER TABLE `deplacement`
  ADD CONSTRAINT `FK_1296FAC2D2235D39` FOREIGN KEY (`tache_id`) REFERENCES `tache` (`id`),
  ADD CONSTRAINT `FK_1296FAC2F6203804` FOREIGN KEY (`statut_id`) REFERENCES `statut_deplacement` (`id`);

--
-- Contraintes pour la table `devis`
--
ALTER TABLE `devis`
  ADD CONSTRAINT `FK_8B27C52BC18272` FOREIGN KEY (`projet_id`) REFERENCES `projet` (`id`);

--
-- Contraintes pour la table `document`
--
ALTER TABLE `document`
  ADD CONSTRAINT `FK_D8698A76D2235D39` FOREIGN KEY (`tache_id`) REFERENCES `tache` (`id`);

--
-- Contraintes pour la table `doc_local_urbanisme`
--
ALTER TABLE `doc_local_urbanisme`
  ADD CONSTRAINT `FK_B0D9BF9D8A2D8B41` FOREIGN KEY (`terrain_id`) REFERENCES `terrain` (`id`),
  ADD CONSTRAINT `FK_B0D9BF9DC54C8C93` FOREIGN KEY (`type_id`) REFERENCES `type_doc_urbanisme` (`id`);

--
-- Contraintes pour la table `email`
--
ALTER TABLE `email`
  ADD CONSTRAINT `FK_E7927C74E7A1254A` FOREIGN KEY (`contact_id`) REFERENCES `contact` (`id`),
  ADD CONSTRAINT `FK_E7927C74F6203804` FOREIGN KEY (`statut_id`) REFERENCES `statut_email` (`id`);

--
-- Contraintes pour la table `entreprise`
--
ALTER TABLE `entreprise`
  ADD CONSTRAINT `FK_D19FA60F6203804` FOREIGN KEY (`statut_id`) REFERENCES `statut_entreprise` (`id`);

--
-- Contraintes pour la table `environement`
--
ALTER TABLE `environement`
  ADD CONSTRAINT `FK_19F04B86173F91FD` FOREIGN KEY (`env_de_type_id`) REFERENCES `env_de_type` (`id`),
  ADD CONSTRAINT `FK_19F04B862F35B472` FOREIGN KEY (`env_perimetre_id`) REFERENCES `env_perimetre` (`id`),
  ADD CONSTRAINT `FK_19F04B8642F9133D` FOREIGN KEY (`bati_environant_id`) REFERENCES `bati_environant` (`id`),
  ADD CONSTRAINT `FK_19F04B86503E9859` FOREIGN KEY (`env_reseaux_transport_id`) REFERENCES `env_reseaux_transport` (`id`),
  ADD CONSTRAINT `FK_19F04B86950E4556` FOREIGN KEY (`env_equipement_public_id`) REFERENCES `env_equipement_public` (`id`),
  ADD CONSTRAINT `FK_19F04B86ACDD68CD` FOREIGN KEY (`env_com_serv_id`) REFERENCES `env_com_serv` (`id`),
  ADD CONSTRAINT `FK_19F04B86F932F33C` FOREIGN KEY (`env_nuisances_sonores_id`) REFERENCES `env_nuisances_sonores` (`id`);

--
-- Contraintes pour la table `env_autre_nuisances`
--
ALTER TABLE `env_autre_nuisances`
  ADD CONSTRAINT `FK_BD47D8BB8A2D8B41` FOREIGN KEY (`terrain_id`) REFERENCES `terrain` (`id`);

--
-- Contraintes pour la table `env_commerces`
--
ALTER TABLE `env_commerces`
  ADD CONSTRAINT `FK_BA9EB14C8A2D8B41` FOREIGN KEY (`terrain_id`) REFERENCES `terrain` (`id`);

--
-- Contraintes pour la table `env_de_type`
--
ALTER TABLE `env_de_type`
  ADD CONSTRAINT `FK_BA8CC2508A2D8B41` FOREIGN KEY (`terrain_id`) REFERENCES `terrain` (`id`);

--
-- Contraintes pour la table `env_equipement_public`
--
ALTER TABLE `env_equipement_public`
  ADD CONSTRAINT `FK_BA7F9EA78A2D8B41` FOREIGN KEY (`terrain_id`) REFERENCES `terrain` (`id`);

--
-- Contraintes pour la table `env_nuisances_sonores`
--
ALTER TABLE `env_nuisances_sonores`
  ADD CONSTRAINT `FK_654D71ED8A2D8B41` FOREIGN KEY (`terrain_id`) REFERENCES `terrain` (`id`);

--
-- Contraintes pour la table `env_observation`
--
ALTER TABLE `env_observation`
  ADD CONSTRAINT `FK_1B232E0E8A2D8B41` FOREIGN KEY (`terrain_id`) REFERENCES `terrain` (`id`);

--
-- Contraintes pour la table `env_perimetre`
--
ALTER TABLE `env_perimetre`
  ADD CONSTRAINT `FK_A194DDD48A2D8B41` FOREIGN KEY (`terrain_id`) REFERENCES `terrain` (`id`);

--
-- Contraintes pour la table `env_reseaux_transport`
--
ALTER TABLE `env_reseaux_transport`
  ADD CONSTRAINT `FK_11AE42B08A2D8B41` FOREIGN KEY (`terrain_id`) REFERENCES `terrain` (`id`);

--
-- Contraintes pour la table `espace_libre`
--
ALTER TABLE `espace_libre`
  ADD CONSTRAINT `FK_1AE934EA8A2D8B41` FOREIGN KEY (`terrain_id`) REFERENCES `terrain` (`id`);

--
-- Contraintes pour la table `etat_des_lieux`
--
ALTER TABLE `etat_des_lieux`
  ADD CONSTRAINT `FK_F7210312F6203804` FOREIGN KEY (`statut_id`) REFERENCES `statut_etat_des_lieux` (`id`);

--
-- Contraintes pour la table `forfait`
--
ALTER TABLE `forfait`
  ADD CONSTRAINT `FK_BBB5C482D2235D39` FOREIGN KEY (`tache_id`) REFERENCES `tache` (`id`);

--
-- Contraintes pour la table `haut_max_const`
--
ALTER TABLE `haut_max_const`
  ADD CONSTRAINT `FK_388190198A2D8B41` FOREIGN KEY (`terrain_id`) REFERENCES `terrain` (`id`);

--
-- Contraintes pour la table `hebergement`
--
ALTER TABLE `hebergement`
  ADD CONSTRAINT `FK_4852DD9CD2235D39` FOREIGN KEY (`tache_id`) REFERENCES `tache` (`id`);

--
-- Contraintes pour la table `historique`
--
ALTER TABLE `historique`
  ADD CONSTRAINT `FK_EDBFD5ECA4AEAFEA` FOREIGN KEY (`entreprise_id`) REFERENCES `entreprise` (`id`),
  ADD CONSTRAINT `FK_EDBFD5ECC18272` FOREIGN KEY (`projet_id`) REFERENCES `projet` (`id`),
  ADD CONSTRAINT `FK_EDBFD5ECE7A1254A` FOREIGN KEY (`contact_id`) REFERENCES `contact` (`id`);

--
-- Contraintes pour la table `ident_coord_props`
--
ALTER TABLE `ident_coord_props`
  ADD CONSTRAINT `FK_AF99E9FD8A2D8B41` FOREIGN KEY (`terrain_id`) REFERENCES `terrain` (`id`),
  ADD CONSTRAINT `FK_AF99E9FDE7A1254A` FOREIGN KEY (`contact_id`) REFERENCES `contact` (`id`);

--
-- Contraintes pour la table `implantation_domaine_public`
--
ALTER TABLE `implantation_domaine_public`
  ADD CONSTRAINT `FK_33D1D9DD8A2D8B41` FOREIGN KEY (`terrain_id`) REFERENCES `terrain` (`id`);

--
-- Contraintes pour la table `implantation_lim_separatives`
--
ALTER TABLE `implantation_lim_separatives`
  ADD CONSTRAINT `FK_7D2373268A2D8B41` FOREIGN KEY (`terrain_id`) REFERENCES `terrain` (`id`);

--
-- Contraintes pour la table `implantation_propriete`
--
ALTER TABLE `implantation_propriete`
  ADD CONSTRAINT `FK_FE59F5D68A2D8B41` FOREIGN KEY (`terrain_id`) REFERENCES `terrain` (`id`);

--
-- Contraintes pour la table `intervenant`
--
ALTER TABLE `intervenant`
  ADD CONSTRAINT `FK_73D0145CA4AEAFEA` FOREIGN KEY (`entreprise_id`) REFERENCES `entreprise` (`id`),
  ADD CONSTRAINT `FK_73D0145CD2235D39` FOREIGN KEY (`tache_id`) REFERENCES `tache` (`id`),
  ADD CONSTRAINT `FK_73D0145CE7A1254A` FOREIGN KEY (`contact_id`) REFERENCES `contact` (`id`),
  ADD CONSTRAINT `FK_73D0145CF6203804` FOREIGN KEY (`statut_id`) REFERENCES `statut_intervenant` (`id`);

--
-- Contraintes pour la table `liste_annexes_consulte`
--
ALTER TABLE `liste_annexes_consulte`
  ADD CONSTRAINT `FK_B36D206EFD83624` FOREIGN KEY (`doc_local_urbanisme_id`) REFERENCES `doc_local_urbanisme` (`id`);

--
-- Contraintes pour la table `mail`
--
ALTER TABLE `mail`
  ADD CONSTRAINT `FK_5126AC48A4AEAFEA` FOREIGN KEY (`entreprise_id`) REFERENCES `entreprise` (`id`),
  ADD CONSTRAINT `FK_5126AC48E7A1254A` FOREIGN KEY (`contact_id`) REFERENCES `contact` (`id`),
  ADD CONSTRAINT `FK_5126AC48F6203804` FOREIGN KEY (`statut_id`) REFERENCES `statut_mail` (`id`);

--
-- Contraintes pour la table `mission`
--
ALTER TABLE `mission`
  ADD CONSTRAINT `FK_9067F23CC18272` FOREIGN KEY (`projet_id`) REFERENCES `projet` (`id`),
  ADD CONSTRAINT `FK_9067F23CC54C8C93` FOREIGN KEY (`type_id`) REFERENCES `type_mission` (`id`);

--
-- Contraintes pour la table `moyen`
--
ALTER TABLE `moyen`
  ADD CONSTRAINT `FK_2D6523D6D2235D39` FOREIGN KEY (`tache_id`) REFERENCES `tache` (`id`);

--
-- Contraintes pour la table `note`
--
ALTER TABLE `note`
  ADD CONSTRAINT `FK_CFBDFA14A4AEAFEA` FOREIGN KEY (`entreprise_id`) REFERENCES `entreprise` (`id`),
  ADD CONSTRAINT `FK_CFBDFA14E7A1254A` FOREIGN KEY (`contact_id`) REFERENCES `contact` (`id`);

--
-- Contraintes pour la table `observation_eau_terrain`
--
ALTER TABLE `observation_eau_terrain`
  ADD CONSTRAINT `FK_245862D68A2D8B41` FOREIGN KEY (`terrain_id`) REFERENCES `terrain` (`id`);

--
-- Contraintes pour la table `observation_vegetation_terrain`
--
ALTER TABLE `observation_vegetation_terrain`
  ADD CONSTRAINT `FK_8EF494138A2D8B41` FOREIGN KEY (`terrain_id`) REFERENCES `terrain` (`id`);

--
-- Contraintes pour la table `occupation_terrain`
--
ALTER TABLE `occupation_terrain`
  ADD CONSTRAINT `FK_2B0C386B8A2D8B41` FOREIGN KEY (`terrain_id`) REFERENCES `terrain` (`id`);

--
-- Contraintes pour la table `ouverture_dossier`
--
ALTER TABLE `ouverture_dossier`
  ADD CONSTRAINT `FK_4F94D6EB41DEFADA` FOREIGN KEY (`devis_id`) REFERENCES `devis` (`id`);

--
-- Contraintes pour la table `pente5`
--
ALTER TABLE `pente5`
  ADD CONSTRAINT `FK_2D0A4F228A2D8B41` FOREIGN KEY (`terrain_id`) REFERENCES `terrain` (`id`);

--
-- Contraintes pour la table `pieces_jointes_relief`
--
ALTER TABLE `pieces_jointes_relief`
  ADD CONSTRAINT `FK_E7FD3E38A2D8B41` FOREIGN KEY (`terrain_id`) REFERENCES `terrain` (`id`);

--
-- Contraintes pour la table `piece_consulte`
--
ALTER TABLE `piece_consulte`
  ADD CONSTRAINT `FK_95E194288A2D8B41` FOREIGN KEY (`terrain_id`) REFERENCES `terrain` (`id`);

--
-- Contraintes pour la table `piece_jointe_serv_prive`
--
ALTER TABLE `piece_jointe_serv_prive`
  ADD CONSTRAINT `FK_C9E547708A2D8B41` FOREIGN KEY (`terrain_id`) REFERENCES `terrain` (`id`);

--
-- Contraintes pour la table `plan_bornage_joint`
--
ALTER TABLE `plan_bornage_joint`
  ADD CONSTRAINT `FK_B2CB77138A2D8B41` FOREIGN KEY (`terrain_id`) REFERENCES `terrain` (`id`);

--
-- Contraintes pour la table `plan_cadastre`
--
ALTER TABLE `plan_cadastre`
  ADD CONSTRAINT `FK_25765AF68A2D8B41` FOREIGN KEY (`terrain_id`) REFERENCES `terrain` (`id`);

--
-- Contraintes pour la table `profession`
--
ALTER TABLE `profession`
  ADD CONSTRAINT `FK_BA930D69A4AEAFEA` FOREIGN KEY (`entreprise_id`) REFERENCES `entreprise` (`id`),
  ADD CONSTRAINT `FK_BA930D69E7A1254A` FOREIGN KEY (`contact_id`) REFERENCES `contact` (`id`);

--
-- Contraintes pour la table `projet`
--
ALTER TABLE `projet`
  ADD CONSTRAINT `FK_50159CA953B4F1DE` FOREIGN KEY (`priorite_id`) REFERENCES `priorite` (`id`),
  ADD CONSTRAINT `FK_50159CA987998E` FOREIGN KEY (`origine_id`) REFERENCES `contact` (`id`),
  ADD CONSTRAINT `FK_50159CA98A2D8B41` FOREIGN KEY (`terrain_id`) REFERENCES `terrain` (`id`),
  ADD CONSTRAINT `FK_50159CA9C54C8C93` FOREIGN KEY (`type_id`) REFERENCES `type_projet` (`id`);

--
-- Contraintes pour la table `raccordement_evacuation_eaux_usees`
--
ALTER TABLE `raccordement_evacuation_eaux_usees`
  ADD CONSTRAINT `FK_6CFC4E4B8A2D8B41` FOREIGN KEY (`terrain_id`) REFERENCES `terrain` (`id`);

--
-- Contraintes pour la table `raccordement_reseaux_eau`
--
ALTER TABLE `raccordement_reseaux_eau`
  ADD CONSTRAINT `FK_DA1406FE8A2D8B41` FOREIGN KEY (`terrain_id`) REFERENCES `terrain` (`id`);

--
-- Contraintes pour la table `raccordement_reseau_electrique`
--
ALTER TABLE `raccordement_reseau_electrique`
  ADD CONSTRAINT `FK_DDC29B468A2D8B41` FOREIGN KEY (`terrain_id`) REFERENCES `terrain` (`id`);

--
-- Contraintes pour la table `raccordement_reseau_gaz`
--
ALTER TABLE `raccordement_reseau_gaz`
  ADD CONSTRAINT `FK_8240717F8A2D8B41` FOREIGN KEY (`terrain_id`) REFERENCES `terrain` (`id`);

--
-- Contraintes pour la table `reference_cadastrale`
--
ALTER TABLE `reference_cadastrale`
  ADD CONSTRAINT `FK_426BDFA18A2D8B41` FOREIGN KEY (`terrain_id`) REFERENCES `terrain` (`id`);

--
-- Contraintes pour la table `reglement_zone_joint`
--
ALTER TABLE `reglement_zone_joint`
  ADD CONSTRAINT `FK_AADF24BE8A2D8B41` FOREIGN KEY (`terrain_id`) REFERENCES `terrain` (`id`);

--
-- Contraintes pour la table `relief_terrain`
--
ALTER TABLE `relief_terrain`
  ADD CONSTRAINT `FK_E0CB4E98A2D8B41` FOREIGN KEY (`terrain_id`) REFERENCES `terrain` (`id`);

--
-- Contraintes pour la table `rendez_vous_architecte`
--
ALTER TABLE `rendez_vous_architecte`
  ADD CONSTRAINT `FK_D0F7B5898A2D8B41` FOREIGN KEY (`terrain_id`) REFERENCES `terrain` (`id`);

--
-- Contraintes pour la table `rendez_vous_hypotheque`
--
ALTER TABLE `rendez_vous_hypotheque`
  ADD CONSTRAINT `FK_85C525418A2D8B41` FOREIGN KEY (`terrain_id`) REFERENCES `terrain` (`id`);

--
-- Contraintes pour la table `rendez_vous_serv_urb`
--
ALTER TABLE `rendez_vous_serv_urb`
  ADD CONSTRAINT `FK_39FF7F918A2D8B41` FOREIGN KEY (`terrain_id`) REFERENCES `terrain` (`id`);

--
-- Contraintes pour la table `reseau_observation`
--
ALTER TABLE `reseau_observation`
  ADD CONSTRAINT `FK_FDEC793E8A2D8B41` FOREIGN KEY (`terrain_id`) REFERENCES `terrain` (`id`);

--
-- Contraintes pour la table `reseau_telephone_fibre`
--
ALTER TABLE `reseau_telephone_fibre`
  ADD CONSTRAINT `FK_ADCF20198A2D8B41` FOREIGN KEY (`terrain_id`) REFERENCES `terrain` (`id`);

--
-- Contraintes pour la table `restauration`
--
ALTER TABLE `restauration`
  ADD CONSTRAINT `FK_898B1EF1D2235D39` FOREIGN KEY (`tache_id`) REFERENCES `tache` (`id`);

--
-- Contraintes pour la table `reunion`
--
ALTER TABLE `reunion`
  ADD CONSTRAINT `FK_5B00A482D2235D39` FOREIGN KEY (`tache_id`) REFERENCES `tache` (`id`);

--
-- Contraintes pour la table `servitude_pieces_jointe`
--
ALTER TABLE `servitude_pieces_jointe`
  ADD CONSTRAINT `FK_B3E089AB8A2D8B41` FOREIGN KEY (`terrain_id`) REFERENCES `terrain` (`id`);

--
-- Contraintes pour la table `servitude_prive`
--
ALTER TABLE `servitude_prive`
  ADD CONSTRAINT `FK_FCF4F0998A2D8B41` FOREIGN KEY (`terrain_id`) REFERENCES `terrain` (`id`);

--
-- Contraintes pour la table `servitude_prive_creer`
--
ALTER TABLE `servitude_prive_creer`
  ADD CONSTRAINT `FK_7CA4E4A08A2D8B41` FOREIGN KEY (`terrain_id`) REFERENCES `terrain` (`id`);

--
-- Contraintes pour la table `servitude_publique`
--
ALTER TABLE `servitude_publique`
  ADD CONSTRAINT `FK_56AA69FC8A2D8B41` FOREIGN KEY (`terrain_id`) REFERENCES `terrain` (`id`);

--
-- Contraintes pour la table `servitude_urbanisme`
--
ALTER TABLE `servitude_urbanisme`
  ADD CONSTRAINT `FK_4C9264568A2D8B41` FOREIGN KEY (`terrain_id`) REFERENCES `terrain` (`id`);

--
-- Contraintes pour la table `sta2_roues`
--
ALTER TABLE `sta2_roues`
  ADD CONSTRAINT `FK_EE352B6D8A2D8B41` FOREIGN KEY (`terrain_id`) REFERENCES `terrain` (`id`);

--
-- Contraintes pour la table `sta_automobile`
--
ALTER TABLE `sta_automobile`
  ADD CONSTRAINT `FK_390D383F8A2D8B41` FOREIGN KEY (`terrain_id`) REFERENCES `terrain` (`id`);

--
-- Contraintes pour la table `tache`
--
ALTER TABLE `tache`
  ADD CONSTRAINT `FK_938720757E3C61F9` FOREIGN KEY (`owner_id`) REFERENCES `user` (`id`),
  ADD CONSTRAINT `FK_93872075BE6CAE90` FOREIGN KEY (`mission_id`) REFERENCES `mission` (`id`),
  ADD CONSTRAINT `FK_93872075F6203804` FOREIGN KEY (`statut_id`) REFERENCES `statut_tache` (`id`);

--
-- Contraintes pour la table `telephone`
--
ALTER TABLE `telephone`
  ADD CONSTRAINT `FK_450FF010A4AEAFEA` FOREIGN KEY (`entreprise_id`) REFERENCES `entreprise` (`id`),
  ADD CONSTRAINT `FK_450FF010E7A1254A` FOREIGN KEY (`contact_id`) REFERENCES `contact` (`id`),
  ADD CONSTRAINT `FK_450FF010F6203804` FOREIGN KEY (`statut_id`) REFERENCES `statut_telephone` (`id`);

--
-- Contraintes pour la table `terrain`
--
ALTER TABLE `terrain`
  ADD CONSTRAINT `FK_C87653B16538AB43` FOREIGN KEY (`stade_id`) REFERENCES `stade_terrain` (`id`),
  ADD CONSTRAINT `FK_C87653B187998E` FOREIGN KEY (`origine_id`) REFERENCES `contact` (`id`);

--
-- Contraintes pour la table `terrain_reg_const`
--
ALTER TABLE `terrain_reg_const`
  ADD CONSTRAINT `FK_4DC07FCB8A2D8B41` FOREIGN KEY (`terrain_id`) REFERENCES `terrain` (`id`);

--
-- Contraintes pour la table `terrain_viabilise`
--
ALTER TABLE `terrain_viabilise`
  ADD CONSTRAINT `FK_AB4D9BF98A2D8B41` FOREIGN KEY (`terrain_id`) REFERENCES `terrain` (`id`);

--
-- Contraintes pour la table `trace_deau`
--
ALTER TABLE `trace_deau`
  ADD CONSTRAINT `FK_20C920A38A2D8B41` FOREIGN KEY (`terrain_id`) REFERENCES `terrain` (`id`);

--
-- Contraintes pour la table `type_proprietaire`
--
ALTER TABLE `type_proprietaire`
  ADD CONSTRAINT `FK_EEA023D38A2D8B41` FOREIGN KEY (`terrain_id`) REFERENCES `terrain` (`id`);

--
-- Contraintes pour la table `vegetation`
--
ALTER TABLE `vegetation`
  ADD CONSTRAINT `FK_D25C7EDB83C27326` FOREIGN KEY (`densite_id`) REFERENCES `densite` (`id`),
  ADD CONSTRAINT `FK_D25C7EDB8A2D8B41` FOREIGN KEY (`terrain_id`) REFERENCES `terrain` (`id`);

--
-- Contraintes pour la table `verif_cadastre`
--
ALTER TABLE `verif_cadastre`
  ADD CONSTRAINT `FK_C0117DA8A2D8B41` FOREIGN KEY (`terrain_id`) REFERENCES `terrain` (`id`);

--
-- Contraintes pour la table `zone_acces`
--
ALTER TABLE `zone_acces`
  ADD CONSTRAINT `FK_76DA94B68A2D8B41` FOREIGN KEY (`terrain_id`) REFERENCES `terrain` (`id`);

--
-- Contraintes pour la table `zone_cara_cterrain`
--
ALTER TABLE `zone_cara_cterrain`
  ADD CONSTRAINT `FK_2E44B2C58A2D8B41` FOREIGN KEY (`terrain_id`) REFERENCES `terrain` (`id`);

--
-- Contraintes pour la table `zone_cond_part`
--
ALTER TABLE `zone_cond_part`
  ADD CONSTRAINT `FK_9E5EC5998A2D8B41` FOREIGN KEY (`terrain_id`) REFERENCES `terrain` (`id`);

--
-- Contraintes pour la table `zone_oblig_mixite_fonct`
--
ALTER TABLE `zone_oblig_mixite_fonct`
  ADD CONSTRAINT `FK_DF3C94D28A2D8B41` FOREIGN KEY (`terrain_id`) REFERENCES `terrain` (`id`);

--
-- Contraintes pour la table `zone_oblig_mixite_sociale`
--
ALTER TABLE `zone_oblig_mixite_sociale`
  ADD CONSTRAINT `FK_49037A588A2D8B41` FOREIGN KEY (`terrain_id`) REFERENCES `terrain` (`id`);

--
-- Contraintes pour la table `zone_occup_cond_part`
--
ALTER TABLE `zone_occup_cond_part`
  ADD CONSTRAINT `FK_2929C3F08A2D8B41` FOREIGN KEY (`terrain_id`) REFERENCES `terrain` (`id`);

--
-- Contraintes pour la table `zone_occ_util_int`
--
ALTER TABLE `zone_occ_util_int`
  ADD CONSTRAINT `FK_520ED56D8A2D8B41` FOREIGN KEY (`terrain_id`) REFERENCES `terrain` (`id`);

--
-- Contraintes pour la table `zone_reseaux`
--
ALTER TABLE `zone_reseaux`
  ADD CONSTRAINT `FK_F79FCB298A2D8B41` FOREIGN KEY (`terrain_id`) REFERENCES `terrain` (`id`);
COMMIT;

